{"id":18025,"date":"2025-07-16T10:36:47","date_gmt":"2025-07-16T08:36:47","guid":{"rendered":"https:\/\/uj.adatbank.ro\/lexikon\/termek\/peterfi-laszlo\/"},"modified":"2025-07-16T10:36:47","modified_gmt":"2025-07-16T08:36:47","slug":"peterfi-laszlo","status":"publish","type":"product","link":"https:\/\/uj.adatbank.ro\/lexikon\/termek\/peterfi-laszlo\/","title":{"rendered":"P\u00c9TERFI L\u00e1szl\u00f3"},"content":{"rendered":"<p>?. \u2020? : lelk\u00e9sz. \u2013 Feles\u00e9g:Oltszemi Sz\u00e9kely Borb\u00e1ra.- G\u00f6rg\u00e9nyi esperes (1748). <br \/><strong>Irod.:<\/strong> Kib\u00e9d De\u00e9 N. Anik\u00f3: Teleki<\/br><\/p>\n","protected":false},"excerpt":{"rendered":"<p>?. \u2020? : lelk\u00e9sz. \u2013 Feles\u00e9g:Oltszemi Sz\u00e9kely Borb\u00e1ra.- G\u00f6rg\u00e9nyi esperes (1748). Irod.: Kib\u00e9d De\u00e9 N. Anik\u00f3: Teleki<\/p>\n","protected":false},"featured_media":0,"comment_status":"open","ping_status":"closed","template":"","meta":[],"product_brand":[],"product_cat":[137],"product_tag":[],"class_list":{"0":"post-18025","1":"product","2":"type-product","3":"status-publish","5":"product_cat-maros-megyei-eletrajzi-lexikon","7":"first","8":"instock","9":"shipping-taxable","10":"product-type-simple"},"_links":{"self":[{"href":"https:\/\/uj.adatbank.ro\/lexikon\/wp-json\/wp\/v2\/product\/18025","targetHints":{"allow":["GET"]}}],"collection":[{"href":"https:\/\/uj.adatbank.ro\/lexikon\/wp-json\/wp\/v2\/product"}],"about":[{"href":"https:\/\/uj.adatbank.ro\/lexikon\/wp-json\/wp\/v2\/types\/product"}],"replies":[{"embeddable":true,"href":"https:\/\/uj.adatbank.ro\/lexikon\/wp-json\/wp\/v2\/comments?post=18025"}],"wp:attachment":[{"href":"https:\/\/uj.adatbank.ro\/lexikon\/wp-json\/wp\/v2\/media?parent=18025"}],"wp:term":[{"taxonomy":"product_brand","embeddable":true,"href":"https:\/\/uj.adatbank.ro\/lexikon\/wp-json\/wp\/v2\/product_brand?post=18025"},{"taxonomy":"product_cat","embeddable":true,"href":"https:\/\/uj.adatbank.ro\/lexikon\/wp-json\/wp\/v2\/product_cat?post=18025"},{"taxonomy":"product_tag","embeddable":true,"href":"https:\/\/uj.adatbank.ro\/lexikon\/wp-json\/wp\/v2\/product_tag?post=18025"}],"curies":[{"name":"wp","href":"https:\/\/api.w.org\/{rel}","templated":true}]}}