{"id":1803,"date":"2025-06-28T11:53:37","date_gmt":"2025-06-28T09:53:37","guid":{"rendered":"https:\/\/uj.adatbank.ro\/lexikon\/termek\/bacali-vasile\/"},"modified":"2025-06-28T11:53:37","modified_gmt":"2025-06-28T09:53:37","slug":"bacali-vasile","status":"publish","type":"product","link":"https:\/\/uj.adatbank.ro\/lexikon\/termek\/bacali-vasile\/","title":{"rendered":"BACALI Vasile"},"content":{"rendered":"<p>? \u2020 ?: polg\u00e1rmester. \u2013 Uzdiszentp\u00e9ter polg\u00e1r- mestere (1942\u201343), azut\u00e1n hossz\u00fa ideig helyi tan\u00e1csos volt, f\u00f6ldm\u0171vesk\u00e9nt megm\u0171velte f\u00f6ldjeit. Polg\u00e1rmesterk\u00e9nt az \u00edns\u00e9ges id\u0151kben 5 vagon t\u00f6r\u00f6kb\u00faz\u00e1t hozott a falu szeg\u00e9nyeinek. Ellenszeg\u00fclt a zsid\u00f3k \u00e9s rom\u00e1k deport\u00e1l\u00e1s\u00e1nak, p\u00e9nzt b\u00edztos\u00edtott a h\u00e1bor\u00faban r\u00e9sztvev\u0151 csal\u00e1df\u0151k tagjainak, az \u0151 idej\u00e9ben szentelt\u00e9k fel az \u00faj g. kat. templomot (1943). A kommunista \u00e9r\u00e1ban, mivel 17 ha f\u00f6lddel rendelkezett, kul\u00e1knak nyilv\u00e1n\u00edtott\u00e1k, vagyon\u00e1t\u00f3l megfosztott\u00e1k, amit visszaszerzett (1989 ut\u00e1n). <br \/><strong>Irod.:<\/strong> S\u00e2npetru de C\u00e2mpie<\/br><\/p>\n","protected":false},"excerpt":{"rendered":"<p>? \u2020 ?: polg\u00e1rmester. \u2013 Uzdiszentp\u00e9ter polg\u00e1r- mestere (1942\u201343), azut\u00e1n hossz\u00fa ideig helyi tan\u00e1csos volt, f\u00f6ldm\u0171vesk\u00e9nt megm\u0171velte f\u00f6ldjeit. Polg\u00e1rmesterk\u00e9nt az \u00edns\u00e9ges id\u0151kben 5 vagon t\u00f6r\u00f6kb\u00faz\u00e1t hozott a falu szeg\u00e9nyeinek. Ellenszeg\u00fclt a zsid\u00f3k \u00e9s rom\u00e1k deport\u00e1l\u00e1s\u00e1nak, p\u00e9nzt b\u00edztos\u00edtott a h\u00e1bor\u00faban r\u00e9sztvev\u0151 csal\u00e1df\u0151k tagjainak, az \u0151 idej\u00e9ben szentelt\u00e9k fel az \u00faj g. kat. templomot (1943). A kommunista [&hellip;]<\/p>\n","protected":false},"featured_media":0,"comment_status":"open","ping_status":"closed","template":"","meta":[],"product_brand":[],"product_cat":[137],"product_tag":[],"class_list":{"0":"post-1803","1":"product","2":"type-product","3":"status-publish","5":"product_cat-maros-megyei-eletrajzi-lexikon","7":"first","8":"instock","9":"shipping-taxable","10":"product-type-simple"},"_links":{"self":[{"href":"https:\/\/uj.adatbank.ro\/lexikon\/wp-json\/wp\/v2\/product\/1803","targetHints":{"allow":["GET"]}}],"collection":[{"href":"https:\/\/uj.adatbank.ro\/lexikon\/wp-json\/wp\/v2\/product"}],"about":[{"href":"https:\/\/uj.adatbank.ro\/lexikon\/wp-json\/wp\/v2\/types\/product"}],"replies":[{"embeddable":true,"href":"https:\/\/uj.adatbank.ro\/lexikon\/wp-json\/wp\/v2\/comments?post=1803"}],"wp:attachment":[{"href":"https:\/\/uj.adatbank.ro\/lexikon\/wp-json\/wp\/v2\/media?parent=1803"}],"wp:term":[{"taxonomy":"product_brand","embeddable":true,"href":"https:\/\/uj.adatbank.ro\/lexikon\/wp-json\/wp\/v2\/product_brand?post=1803"},{"taxonomy":"product_cat","embeddable":true,"href":"https:\/\/uj.adatbank.ro\/lexikon\/wp-json\/wp\/v2\/product_cat?post=1803"},{"taxonomy":"product_tag","embeddable":true,"href":"https:\/\/uj.adatbank.ro\/lexikon\/wp-json\/wp\/v2\/product_tag?post=1803"}],"curies":[{"name":"wp","href":"https:\/\/api.w.org\/{rel}","templated":true}]}}

<p>? † ?: polgármester. – Uzdiszentpéter polgár- mestere (1942–43), azután hosszú ideig helyi tanácsos volt, földművesként megművelte földjeit. Polgármesterként az ínséges időkben 5 vagon törökbúzát hozott a falu szegényeinek. Ellenszegült a zsidók és romák deportálásának, pénzt bíztosított a háborúban résztvevő családfők tagjainak, az ő idejében szentelték fel az új g. kat. templomot (1943). A kommunista érában, mivel 17 ha földdel rendelkezett, kuláknak nyilvánították, vagyonától megfosztották, amit visszaszerzett (1989 után). <br /><strong>Irod.:</strong> Sânpetru de Câmpie</br></p>

<p>? † ?: polgármester. – Uzdiszentpéter polgár- mestere (1942–43), azután hosszú ideig helyi tanácsos volt, földművesként megművelte földjeit. Polgármesterként az ínséges időkben 5 vagon törökbúzát hozott a falu szegényeinek. Ellenszegült a zsidók és romák deportálásának, pénzt bíztosított a háborúban résztvevő családfők tagjainak, az ő idejében szentelték fel az új g. kat. templomot (1943). A kommunista [&hellip;]</p>
