{"id":18039,"date":"2025-07-16T10:37:18","date_gmt":"2025-07-16T08:37:18","guid":{"rendered":"https:\/\/uj.adatbank.ro\/lexikon\/termek\/peterfi-sandor\/"},"modified":"2025-07-16T10:37:18","modified_gmt":"2025-07-16T08:37:18","slug":"peterfi-sandor","status":"publish","type":"product","link":"https:\/\/uj.adatbank.ro\/lexikon\/termek\/peterfi-sandor\/","title":{"rendered":"P\u00c9TERFI S\u00e1ndor"},"content":{"rendered":"<p>Nagykede, 1817., \u2020\u00a0Olth\u00e9v\u00edz, 1887. m\u00e1rc. 12.: unit. lelk\u00e9sz. \u2013 P.S\u00e1ndor, unit. lelk\u00e9sz Nagyked\u00e9n, majd Sz\u00e9kelykereszt\u00faron, \u00e9s Sim\u00f3 Zsuzsanna fia.. \u2013 Sz\u00e9kelykereszt\u00faron (1822\u2013), majd Kv.-on tanult (1833\u201337). Sz\u00e9kelykereszt\u00faron senior (1837\u201341), ahol a Jakab testv\u00e9rekkel Elekkel, J\u00f3zseffel \u00e9s T\u00f6r\u00f6k S\u00e1muellel Olvas\u00f3 T\u00e1rsas\u00e1got, k\u00f6nyvt\u00e1rat szervezett \u00e9s Tavaszi Bimb\u00f3k c. di\u00e1klapot ind\u00edtott. Elekkel intenz\u00edv levelez\u00e9st folytatott. Unit. lelk\u00e9sz Sz\u00e9kelykereszturon, ahol iskol\u00e1t \u00e9s tan\u00edt\u00f3i lak\u00e1st \u00e9p\u00edtetett (1841\u201349; 1854\u201359), Csokfalv\u00e1n, f\u00f6ldm\u00e9r\u00e9ssel is foglalkozott (1849\u201354), majd hal\u00e1l\u00e1ig Olth\u00e9v\u00edzen (1859\u201387). A fels\u0151-feh\u00e9r egyh\u00e1zk\u00f6ri jegyz\u0151 (1860\u201374) \u00e9s esperes (1875\u201384). Kriza J\u00e1nos biztat\u00e1s\u00e1ra \u00f6sszegy\u0171jt\u00f6tte \u00e9s sajt\u00f3al\u00e1 rendezte egyh\u00e1zi munk\u00e1it: 34 alkalmi, 24 temet\u00e9si, 276 vas\u00e1rnapi egyh\u00e1zi besz\u00e9d \u00e9s 220 ima..Kor\u00e1n csatlakozott Kriza Vadr\u00f3zs\u00e1k gy\u0171jt\u0151t\u00e1rsas\u00e1g\u00e1hoz, legt\u00f6bb m\u0171fajban gy\u0171jt\u00f6tt. \u2013 <strong>F. m.:<\/strong> A vajdaszentiv\u00e1nyi Gondos Istv\u00e1n felett mondott pr\u00e9dik\u00e1ci\u00f3, 1846. nov. 22.(Mv., 1847). <br \/><strong>Irod.:<\/strong> Halotti besz\u00e9dek; Kriza levelez\u00e9s; Unit. lex.<\/br><\/p>\n","protected":false},"excerpt":{"rendered":"<p>Nagykede, 1817., \u2020\u00a0Olth\u00e9v\u00edz, 1887. m\u00e1rc. 12.: unit. lelk\u00e9sz. \u2013 P.S\u00e1ndor, unit. lelk\u00e9sz Nagyked\u00e9n, majd Sz\u00e9kelykereszt\u00faron, \u00e9s Sim\u00f3 Zsuzsanna fia.. \u2013 Sz\u00e9kelykereszt\u00faron (1822\u2013), majd Kv.-on tanult (1833\u201337). Sz\u00e9kelykereszt\u00faron senior (1837\u201341), ahol a Jakab testv\u00e9rekkel Elekkel, J\u00f3zseffel \u00e9s T\u00f6r\u00f6k S\u00e1muellel Olvas\u00f3 T\u00e1rsas\u00e1got, k\u00f6nyvt\u00e1rat szervezett \u00e9s Tavaszi Bimb\u00f3k c. di\u00e1klapot ind\u00edtott. Elekkel intenz\u00edv levelez\u00e9st folytatott. Unit. lelk\u00e9sz Sz\u00e9kelykereszturon, [&hellip;]<\/p>\n","protected":false},"featured_media":0,"comment_status":"open","ping_status":"closed","template":"","meta":[],"product_brand":[],"product_cat":[137],"product_tag":[],"class_list":{"0":"post-18039","1":"product","2":"type-product","3":"status-publish","5":"product_cat-maros-megyei-eletrajzi-lexikon","7":"first","8":"instock","9":"shipping-taxable","10":"product-type-simple"},"_links":{"self":[{"href":"https:\/\/uj.adatbank.ro\/lexikon\/wp-json\/wp\/v2\/product\/18039","targetHints":{"allow":["GET"]}}],"collection":[{"href":"https:\/\/uj.adatbank.ro\/lexikon\/wp-json\/wp\/v2\/product"}],"about":[{"href":"https:\/\/uj.adatbank.ro\/lexikon\/wp-json\/wp\/v2\/types\/product"}],"replies":[{"embeddable":true,"href":"https:\/\/uj.adatbank.ro\/lexikon\/wp-json\/wp\/v2\/comments?post=18039"}],"wp:attachment":[{"href":"https:\/\/uj.adatbank.ro\/lexikon\/wp-json\/wp\/v2\/media?parent=18039"}],"wp:term":[{"taxonomy":"product_brand","embeddable":true,"href":"https:\/\/uj.adatbank.ro\/lexikon\/wp-json\/wp\/v2\/product_brand?post=18039"},{"taxonomy":"product_cat","embeddable":true,"href":"https:\/\/uj.adatbank.ro\/lexikon\/wp-json\/wp\/v2\/product_cat?post=18039"},{"taxonomy":"product_tag","embeddable":true,"href":"https:\/\/uj.adatbank.ro\/lexikon\/wp-json\/wp\/v2\/product_tag?post=18039"}],"curies":[{"name":"wp","href":"https:\/\/api.w.org\/{rel}","templated":true}]}}