{"id":18046,"date":"2025-07-16T10:37:31","date_gmt":"2025-07-16T08:37:31","guid":{"rendered":"https:\/\/uj.adatbank.ro\/lexikon\/termek\/peterfy-iren\/"},"modified":"2025-07-16T10:37:31","modified_gmt":"2025-07-16T08:37:31","slug":"peterfy-iren","status":"publish","type":"product","link":"https:\/\/uj.adatbank.ro\/lexikon\/termek\/peterfy-iren\/","title":{"rendered":"P\u00c9TERFY Ir\u00e9n"},"content":{"rendered":"<p>Mv., 1938. nov. 27., \u2020\u00a0?:tan\u00e1r. Letart\u00f3ztat\u00e1sakor (1958. okt. 31. [adatlap\u00a0: j]l.19.] a Bolyai Tudon\u00e1nyegyetem hallgat\u00f3ja volt. A magyar forradalom alatt rendszerellenes l\u00e1z\u00edt\u00e1s, a Bolyai Egyetem hallgat\u00f3inak a H\u00e1zsong\u00e1rdi temet\u0151i t\u00fcntet\u00e9sre val\u00f3 mozg\u00f3s\u00edt\u00e1sa, el\u00edt\u00e9ltek csal\u00e1dtagjainak sz\u00e1nt p\u00e9nzgy\u0171jt\u00e9s megszervez\u00e9se, valamint titkos iratok terjeszt\u00e9se v\u00e1dj\u00e1val kv.-i Tratom\u00e1nyi Katonai B\u00edr\u00f3s\u00e1g 10 \u00e9v b\u00f6rt\u00f6nre \u00edt\u00e9lte.. A cs\u00edkszeredai, aradi, majd a nagyv\u00e1radi b\u00f6rt\u00f6nben raboskodott. Innen szabdult (1963. szept. 19.). Az egyetemet levelez\u0151 hallgat\u00f3k\u00e9nt fejezte be (1971). Helyettes tan\u00e1rk\u00e9nt tan\u00edtott Szab\u00e9don, Mez\u0151cs\u00e1v\u00e1son, Nagykenden, Szentdemeteren, Gyulakut\u00e1n, \u00c1kosfalv\u00e1n, Erd\u0151szentgy\u00f6rgy\u00f6n. V\u00e9gleges tan\u00e1ri \u00e1ll\u00e1st csak 1990 ut\u00e1n kapott. Nyugd\u00edjask\u00e9nt Maroszentgy\u00f6rgy\u00f6n \u00e9l. \u2013 Irod: 1956 Erd\u00e9lyben<\/br><\/p>\n","protected":false},"excerpt":{"rendered":"<p>Mv., 1938. nov. 27., \u2020\u00a0?:tan\u00e1r. Letart\u00f3ztat\u00e1sakor (1958. okt. 31. [adatlap\u00a0: j]l.19.] a Bolyai Tudon\u00e1nyegyetem hallgat\u00f3ja volt. A magyar forradalom alatt rendszerellenes l\u00e1z\u00edt\u00e1s, a Bolyai Egyetem hallgat\u00f3inak a H\u00e1zsong\u00e1rdi temet\u0151i t\u00fcntet\u00e9sre val\u00f3 mozg\u00f3s\u00edt\u00e1sa, el\u00edt\u00e9ltek csal\u00e1dtagjainak sz\u00e1nt p\u00e9nzgy\u0171jt\u00e9s megszervez\u00e9se, valamint titkos iratok terjeszt\u00e9se v\u00e1dj\u00e1val kv.-i Tratom\u00e1nyi Katonai B\u00edr\u00f3s\u00e1g 10 \u00e9v b\u00f6rt\u00f6nre \u00edt\u00e9lte.. A cs\u00edkszeredai, aradi, majd a [&hellip;]<\/p>\n","protected":false},"featured_media":0,"comment_status":"open","ping_status":"closed","template":"","meta":[],"product_brand":[],"product_cat":[137],"product_tag":[],"class_list":{"0":"post-18046","1":"product","2":"type-product","3":"status-publish","5":"product_cat-maros-megyei-eletrajzi-lexikon","7":"first","8":"instock","9":"shipping-taxable","10":"product-type-simple"},"_links":{"self":[{"href":"https:\/\/uj.adatbank.ro\/lexikon\/wp-json\/wp\/v2\/product\/18046","targetHints":{"allow":["GET"]}}],"collection":[{"href":"https:\/\/uj.adatbank.ro\/lexikon\/wp-json\/wp\/v2\/product"}],"about":[{"href":"https:\/\/uj.adatbank.ro\/lexikon\/wp-json\/wp\/v2\/types\/product"}],"replies":[{"embeddable":true,"href":"https:\/\/uj.adatbank.ro\/lexikon\/wp-json\/wp\/v2\/comments?post=18046"}],"wp:attachment":[{"href":"https:\/\/uj.adatbank.ro\/lexikon\/wp-json\/wp\/v2\/media?parent=18046"}],"wp:term":[{"taxonomy":"product_brand","embeddable":true,"href":"https:\/\/uj.adatbank.ro\/lexikon\/wp-json\/wp\/v2\/product_brand?post=18046"},{"taxonomy":"product_cat","embeddable":true,"href":"https:\/\/uj.adatbank.ro\/lexikon\/wp-json\/wp\/v2\/product_cat?post=18046"},{"taxonomy":"product_tag","embeddable":true,"href":"https:\/\/uj.adatbank.ro\/lexikon\/wp-json\/wp\/v2\/product_tag?post=18046"}],"curies":[{"name":"wp","href":"https:\/\/api.w.org\/{rel}","templated":true}]}}