{"id":18049,"date":"2025-07-16T10:37:38","date_gmt":"2025-07-16T08:37:38","guid":{"rendered":"https:\/\/uj.adatbank.ro\/lexikon\/termek\/peterfy-jozsef-kibedi\/"},"modified":"2025-07-16T10:37:38","modified_gmt":"2025-07-16T08:37:38","slug":"peterfy-jozsef-kibedi","status":"publish","type":"product","link":"https:\/\/uj.adatbank.ro\/lexikon\/termek\/peterfy-jozsef-kibedi\/","title":{"rendered":"P\u00c9TERFY J\u00f3zsef, kib\u00e9di"},"content":{"rendered":"<p>Mv., 1826., \u2020 Mv., 1890. \u00e1pr. 14.: orvos. \u2013 P. J\u00f3zsef v\u00e1rtemplomi ref. lelk\u00e9sz-esperes fia. Testv\u00e9rei: P. Anna; P. K\u00e1rolina Pap S\u00e1ndorn\u00e9; P. Z\u00e9fi Bednay Andr\u00e1sn\u00e9; P. B\u00e9la; P. Ant\u00f3nia L\u0151rinczi D\u00e9nesn\u00e9; P. Roz\u00e1lia Tolvaly Ferencn\u00e9; P. M\u00e1ria ref. lelk\u00e9sz T\u00f3th M\u00e1rtonn\u00e9. \u2013 A b\u00e9csi egyetem orvosi kar\u00e1n v\u00e9gezte tanulm\u00e1nyait (1851\u201352). Maros-Torda megye f\u0151orvosa.Tolnai Lajos bar\u00e1tja \u00e9s p\u00e1rtol\u00f3ja. <br \/><strong>Irod.:<\/strong> Gy\u00e1szjelent\u0151; Kiss\u2013P\u00e9terffy\u2013P\u00e9terffy; Marosi-KZST<\/br><\/p>\n","protected":false},"excerpt":{"rendered":"<p>Mv., 1826., \u2020 Mv., 1890. \u00e1pr. 14.: orvos. \u2013 P. J\u00f3zsef v\u00e1rtemplomi ref. lelk\u00e9sz-esperes fia. Testv\u00e9rei: P. Anna; P. K\u00e1rolina Pap S\u00e1ndorn\u00e9; P. Z\u00e9fi Bednay Andr\u00e1sn\u00e9; P. B\u00e9la; P. Ant\u00f3nia L\u0151rinczi D\u00e9nesn\u00e9; P. Roz\u00e1lia Tolvaly Ferencn\u00e9; P. M\u00e1ria ref. lelk\u00e9sz T\u00f3th M\u00e1rtonn\u00e9. \u2013 A b\u00e9csi egyetem orvosi kar\u00e1n v\u00e9gezte tanulm\u00e1nyait (1851\u201352). Maros-Torda megye f\u0151orvosa.Tolnai Lajos [&hellip;]<\/p>\n","protected":false},"featured_media":0,"comment_status":"open","ping_status":"closed","template":"","meta":[],"product_brand":[],"product_cat":[137],"product_tag":[],"class_list":{"0":"post-18049","1":"product","2":"type-product","3":"status-publish","5":"product_cat-maros-megyei-eletrajzi-lexikon","7":"first","8":"instock","9":"shipping-taxable","10":"product-type-simple"},"_links":{"self":[{"href":"https:\/\/uj.adatbank.ro\/lexikon\/wp-json\/wp\/v2\/product\/18049","targetHints":{"allow":["GET"]}}],"collection":[{"href":"https:\/\/uj.adatbank.ro\/lexikon\/wp-json\/wp\/v2\/product"}],"about":[{"href":"https:\/\/uj.adatbank.ro\/lexikon\/wp-json\/wp\/v2\/types\/product"}],"replies":[{"embeddable":true,"href":"https:\/\/uj.adatbank.ro\/lexikon\/wp-json\/wp\/v2\/comments?post=18049"}],"wp:attachment":[{"href":"https:\/\/uj.adatbank.ro\/lexikon\/wp-json\/wp\/v2\/media?parent=18049"}],"wp:term":[{"taxonomy":"product_brand","embeddable":true,"href":"https:\/\/uj.adatbank.ro\/lexikon\/wp-json\/wp\/v2\/product_brand?post=18049"},{"taxonomy":"product_cat","embeddable":true,"href":"https:\/\/uj.adatbank.ro\/lexikon\/wp-json\/wp\/v2\/product_cat?post=18049"},{"taxonomy":"product_tag","embeddable":true,"href":"https:\/\/uj.adatbank.ro\/lexikon\/wp-json\/wp\/v2\/product_tag?post=18049"}],"curies":[{"name":"wp","href":"https:\/\/api.w.org\/{rel}","templated":true}]}}