{"id":1807,"date":"2025-06-28T11:53:49","date_gmt":"2025-06-28T09:53:49","guid":{"rendered":"https:\/\/uj.adatbank.ro\/lexikon\/termek\/baciu-aurel\/"},"modified":"2025-06-28T11:53:49","modified_gmt":"2025-06-28T09:53:49","slug":"baciu-aurel","status":"publish","type":"product","link":"https:\/\/uj.adatbank.ro\/lexikon\/termek\/baciu-aurel\/","title":{"rendered":"BACIU Aurel"},"content":{"rendered":"<p>Sz\u00e1szn\u00e1das, 1886. febr. 2., \u2020 M\u00e1ramarossziget, 1954. dec.: jog\u00e1sz, \u00fcgyv\u00e9d, politikus. \u2013 Iskol\u00e1it Sz\u00e1szn\u00e1dason, Segesv\u00e1ron, Kv.- v\u00e9gezte a FJTE Jogi Kar\u00e1n (1905-08), jogi doktor\u00e1tus tett uo. (1912. jan. 20). \u00dcgyv\u00e9di oklevelet Mv.-en szerzett \u00e9s itt telepedett le (1914\u2013). R\u00e9szt vett az I. vh.-ban, az \u00e9szaki harct\u00e9ren teljes\u00edtett szolg\u00e1latot, hadnaggy\u00e1 l\u00e9ptett\u00e9k el\u0151. A bal\u00e1zsfalvi n\u00e9pgy\u0171l\u00e9sen, mint k\u00fcld\u00f6tt, al\u00e1irta az egyes\u00fcl\u00e9s dokumantumait (1918), tagja volt a mv.-i Rom\u00e1n Nemzeti Tan\u00e1csnak (1918). Ion Vescan prefektus kinevezte Maros-Torda v\u00e1rmegye jogtan\u00e1csos\u00e1nak (1919). A megyei \u00e1rvasz\u00e9k eln\u00f6ke lett. Tagja a megyei k\u00f6zigazgat\u00e1si bizotts\u00e1gnak A Rom\u00e1n Nemzeti P\u00e1rt megv\u00e1lasztott parlamenti k\u00e9pvisel\u0151je (1919\u201320). A Rom\u00e1n \u00dcgyv\u00e9di Kamara aleln\u00f6ke (1919). A v\u00e1ros leggazdagabb ad\u00f3z\u00f3 \u00fcgyv\u00e9dje (1920). Kil\u00e9pett a Nemzeti P\u00e1rtb\u00f3l \u00e9s az Averescu-f\u00e9le N\u00e9pp\u00e1rt tagja lett (1922), majd a Maros-Torda megyei szervezet eln\u00f6ke (1923\u2013). A mv.-i ortodox nagykatedr\u00e1lis \u00e9p\u00edt\u00e9s\u00e9nek fel\u00fcgyelet\u00e9sre megv\u00e1lasztott paroki\u00e1lis bizotts\u00e1g tagj\u00e1v\u00e1 v\u00e1lasztott\u00e1k (1925. m\u00e1j. 10). Szerepe volt a mv.-i rom\u00e1n inasiskola l\u00e9trehoz\u00e1s\u00e1ban, \u0151 volt az \u00e9p\u00edt\u0151bizotts\u00e1g eln\u00f6ke (1924\u201326). V\u00e1rosi tan\u00e1csos (1926\u201330). Az egyes\u00fcl\u00e9s ut\u00e1n \u00f6sszeh\u00edvott els\u0151 parlamentben k\u00e9pvisel\u0151 lett, amely tiszts\u00e9g\u00e9ben t\u00f6bbsz\u00f6r \u00fajra v\u00e1lasztott\u00e1k (1926\u201339). A korm\u00e1ny a Munka\u00fcgyi Miniszt\u00e9rium f\u0151titk\u00e1r\u00e1v\u00e1 nevezte ki \u00e1llamtitk\u00e1ri rangban (1926). Kil\u00e9pett a N\u00e9pp\u00e1rtb\u00f3l \u00e9s a Goga vezet\u00e9s\u00e9vel megalakulta Nemzeti Agr\u00e1rp\u00e1rthoz csatlakozott, a p\u00e1rt megyei eln\u00f6ke (1932). A Rom\u00e1n Ortodox Testv\u00e9ris\u00e9g nev\u0171 egyh\u00e1zi szervezet eln\u00f6ke (1934), A Nemzeti Kereszt\u00e9ny P\u00e1rt megyei eln\u00f6ke (1936). Kiadta a Drumul drept c\u00edm\u0171 lapot a p\u00e1rt megyei k\u00f6zl\u00f6ny\u00e9t. \u00dajs\u00e1gcikkben t\u00e1madta Emil Dandeat korrupci\u00f3 miatt (1936). Perre ker\u00fclt a sor, az esk\u00fcdsz\u00e9k felmentette Baciut (1937). Maros k\u00f6rzet megv\u00e1lasztott k\u00e9pvisel\u0151je a Rom\u00e1n Parlamentben (1939). A nemzet P\u00e1rtja megyei szervezet\u00e9nek eln\u00f6ke (1940. j\u00fan.). R\u00e9szt vett a korm\u00e1nyban, Octavian Goga \u00e1llamtitk\u00e1ra (1938), ez\u00e9rt letart\u00f3ztatt\u00e1k (1946). A marosmegyei n\u00e9pp\u00e1rti szervezet eln\u00f6ke, a megyei \u00dcgv\u00e9di Kamara eln\u00f6ke (1921\u20131940). Nyugalmazt\u00e1k (1948, j\u00fal. 2.). \u00dajb\u00f3l letart\u00f3ztatt\u00e1k (1950. m\u00e1j. 6.) \u00e9s M\u00e1ramarosszigeten volt beb\u00f6rt\u00f6n\u00f6zve, ott is halt meg. <br \/><strong>Irod.:<\/strong> Almanah Tg. M.; Balint; Bosoanc\u0103; Id\u0151t\u00e1r 3; Id\u0151t\u00e1r 4.; Ioni\u0163oiu; Molter 2.; Mv. \u00e9s a h\u00e1bor\u00fa 1.; Mv. m\u0171v. v\u00e1r.; Osv\u00e1th; Pan\u0103; Ro\u015fca; Sebesty\u00e9n M.: Antalffy Endre avagy Mv. sz\u00ednev\u00e1ltoz\u00e1sa = Mv. t\u00f6rt\u00e9net\u00e9b\u0151l; Sigmirean; Todea 2013<\/br><\/p>\n","protected":false},"excerpt":{"rendered":"<p>Sz\u00e1szn\u00e1das, 1886. febr. 2., \u2020 M\u00e1ramarossziget, 1954. dec.: jog\u00e1sz, \u00fcgyv\u00e9d, politikus. \u2013 Iskol\u00e1it Sz\u00e1szn\u00e1dason, Segesv\u00e1ron, Kv.- v\u00e9gezte a FJTE Jogi Kar\u00e1n (1905-08), jogi doktor\u00e1tus tett uo. (1912. jan. 20). \u00dcgyv\u00e9di oklevelet Mv.-en szerzett \u00e9s itt telepedett le (1914\u2013). R\u00e9szt vett az I. vh.-ban, az \u00e9szaki harct\u00e9ren teljes\u00edtett szolg\u00e1latot, hadnaggy\u00e1 l\u00e9ptett\u00e9k el\u0151. A bal\u00e1zsfalvi n\u00e9pgy\u0171l\u00e9sen, mint [&hellip;]<\/p>\n","protected":false},"featured_media":0,"comment_status":"open","ping_status":"closed","template":"","meta":[],"product_brand":[],"product_cat":[137],"product_tag":[],"class_list":{"0":"post-1807","1":"product","2":"type-product","3":"status-publish","5":"product_cat-maros-megyei-eletrajzi-lexikon","7":"first","8":"instock","9":"shipping-taxable","10":"product-type-simple"},"_links":{"self":[{"href":"https:\/\/uj.adatbank.ro\/lexikon\/wp-json\/wp\/v2\/product\/1807","targetHints":{"allow":["GET"]}}],"collection":[{"href":"https:\/\/uj.adatbank.ro\/lexikon\/wp-json\/wp\/v2\/product"}],"about":[{"href":"https:\/\/uj.adatbank.ro\/lexikon\/wp-json\/wp\/v2\/types\/product"}],"replies":[{"embeddable":true,"href":"https:\/\/uj.adatbank.ro\/lexikon\/wp-json\/wp\/v2\/comments?post=1807"}],"wp:attachment":[{"href":"https:\/\/uj.adatbank.ro\/lexikon\/wp-json\/wp\/v2\/media?parent=1807"}],"wp:term":[{"taxonomy":"product_brand","embeddable":true,"href":"https:\/\/uj.adatbank.ro\/lexikon\/wp-json\/wp\/v2\/product_brand?post=1807"},{"taxonomy":"product_cat","embeddable":true,"href":"https:\/\/uj.adatbank.ro\/lexikon\/wp-json\/wp\/v2\/product_cat?post=1807"},{"taxonomy":"product_tag","embeddable":true,"href":"https:\/\/uj.adatbank.ro\/lexikon\/wp-json\/wp\/v2\/product_tag?post=1807"}],"curies":[{"name":"wp","href":"https:\/\/api.w.org\/{rel}","templated":true}]}}

<p>Szásznádas, 1886. febr. 2., † Máramarossziget, 1954. dec.: jogász, ügyvéd, politikus. – Iskoláit Szásznádason, Segesváron, Kv.- végezte a FJTE Jogi Karán (1905-08), jogi doktorátus tett uo. (1912. jan. 20). Ügyvédi oklevelet Mv.-en szerzett és itt telepedett le (1914–). Részt vett az I. vh.-ban, az északi harctéren teljesített szolgálatot, hadnaggyá léptették elő. A balázsfalvi népgyűlésen, mint küldött, aláirta az egyesülés dokumantumait (1918), tagja volt a mv.-i Román Nemzeti Tanácsnak (1918). Ion Vescan prefektus kinevezte Maros-Torda vármegye jogtanácsosának (1919). A megyei árvaszék elnöke lett. Tagja a megyei közigazgatási bizottságnak A Román Nemzeti Párt megválasztott parlamenti képviselője (1919–20). A Román Ügyvédi Kamara alelnöke (1919). A város leggazdagabb adózó ügyvédje (1920). Kilépett a Nemzeti Pártból és az Averescu-féle Néppárt tagja lett (1922), majd a Maros-Torda megyei szervezet elnöke (1923–). A mv.-i ortodox nagykatedrális építésének felügyeletésre megválasztott parokiális bizottság tagjává választották (1925. máj. 10). Szerepe volt a mv.-i román inasiskola létrehozásában, ő volt az építőbizottság elnöke (1924–26). Városi tanácsos (1926–30). Az egyesülés után összehívott első parlamentben képviselő lett, amely tisztségében többször újra választották (1926–39). A kormány a Munkaügyi Minisztérium főtitkárává nevezte ki államtitkári rangban (1926). Kilépett a Néppártból és a Goga vezetésével megalakulta Nemzeti Agrárpárthoz csatlakozott, a párt megyei elnöke (1932). A Román Ortodox Testvériség nevű egyházi szervezet elnöke (1934), A Nemzeti Keresztény Párt megyei elnöke (1936). Kiadta a Drumul drept című lapot a párt megyei közlönyét. Újságcikkben támadta Emil Dandeat korrupció miatt (1936). Perre került a sor, az esküdszék felmentette Baciut (1937). Maros körzet megválasztott képviselője a Román Parlamentben (1939). A nemzet Pártja megyei szervezetének elnöke (1940. jún.). Részt vett a kormányban, Octavian Goga államtitkára (1938), ezért letartóztatták (1946). A marosmegyei néppárti szervezet elnöke, a megyei Ügvédi Kamara elnöke (1921–1940). Nyugalmazták (1948, júl. 2.). Újból letartóztatták (1950. máj. 6.) és Máramarosszigeten volt bebörtönözve, ott is halt meg. <br /><strong>Irod.:</strong> Almanah Tg. M.; Balint; Bosoancă; Időtár 3; Időtár 4.; Ioniţoiu; Molter 2.; Mv. és a háború 1.; Mv. műv. vár.; Osváth; Pană; Roşca; Sebestyén M.: Antalffy Endre avagy Mv. színeváltozása = Mv. történetéből; Sigmirean; Todea 2013</br></p>

<p>Szásznádas, 1886. febr. 2., † Máramarossziget, 1954. dec.: jogász, ügyvéd, politikus. – Iskoláit Szásznádason, Segesváron, Kv.- végezte a FJTE Jogi Karán (1905-08), jogi doktorátus tett uo. (1912. jan. 20). Ügyvédi oklevelet Mv.-en szerzett és itt telepedett le (1914–). Részt vett az I. vh.-ban, az északi harctéren teljesített szolgálatot, hadnaggyá léptették elő. A balázsfalvi népgyűlésen, mint [&hellip;]</p>
