{"id":18079,"date":"2025-07-16T10:38:40","date_gmt":"2025-07-16T08:38:40","guid":{"rendered":"https:\/\/uj.adatbank.ro\/lexikon\/termek\/petho-kalman\/"},"modified":"2025-07-16T10:38:40","modified_gmt":"2025-07-16T08:38:40","slug":"petho-kalman","status":"publish","type":"product","link":"https:\/\/uj.adatbank.ro\/lexikon\/termek\/petho-kalman\/","title":{"rendered":"PETH\u0150 K\u00e1lm\u00e1n"},"content":{"rendered":"<p>Szentgerice, 1883., \u2020 Nyom\u00e1t, 1946.: unit. lelk\u00e9sz. \u2013 \u00c9desapja is unit lelk\u00e9sz volt P. M\u00f3zes. A k\u00f6z\u00e9piskol\u00e1t \u00e9s a teol\u00f3gi\u00e1t Kv.-on v\u00e9gezte. Bp.-re ker\u00fclt mint helyettes lelk\u00e9sz (1907), majd lelk\u00e9sz lett Nyom\u00e1ton (1908\u2013). A Gazdak\u00f6r eln\u00f6ke volt. Az imp\u00e9rium v\u00e1lt\u00e1skor megh\u00farcolt\u00e1k bez\u00e1rt\u00e1k a rom\u00e1n hat\u00f3s\u00e1gok (1920). <br \/><strong>Irod.:<\/strong> Katona Szab\u00f3 2001, Kelemen; Sz\u00e9kelyf\u00f6ld \u00ed.k.<\/br><\/p>\n","protected":false},"excerpt":{"rendered":"<p>Szentgerice, 1883., \u2020 Nyom\u00e1t, 1946.: unit. lelk\u00e9sz. \u2013 \u00c9desapja is unit lelk\u00e9sz volt P. M\u00f3zes. A k\u00f6z\u00e9piskol\u00e1t \u00e9s a teol\u00f3gi\u00e1t Kv.-on v\u00e9gezte. Bp.-re ker\u00fclt mint helyettes lelk\u00e9sz (1907), majd lelk\u00e9sz lett Nyom\u00e1ton (1908\u2013). A Gazdak\u00f6r eln\u00f6ke volt. Az imp\u00e9rium v\u00e1lt\u00e1skor megh\u00farcolt\u00e1k bez\u00e1rt\u00e1k a rom\u00e1n hat\u00f3s\u00e1gok (1920). Irod.: Katona Szab\u00f3 2001, Kelemen; Sz\u00e9kelyf\u00f6ld \u00ed.k.<\/p>\n","protected":false},"featured_media":0,"comment_status":"open","ping_status":"closed","template":"","meta":[],"product_brand":[],"product_cat":[137],"product_tag":[],"class_list":{"0":"post-18079","1":"product","2":"type-product","3":"status-publish","5":"product_cat-maros-megyei-eletrajzi-lexikon","7":"first","8":"instock","9":"shipping-taxable","10":"product-type-simple"},"_links":{"self":[{"href":"https:\/\/uj.adatbank.ro\/lexikon\/wp-json\/wp\/v2\/product\/18079","targetHints":{"allow":["GET"]}}],"collection":[{"href":"https:\/\/uj.adatbank.ro\/lexikon\/wp-json\/wp\/v2\/product"}],"about":[{"href":"https:\/\/uj.adatbank.ro\/lexikon\/wp-json\/wp\/v2\/types\/product"}],"replies":[{"embeddable":true,"href":"https:\/\/uj.adatbank.ro\/lexikon\/wp-json\/wp\/v2\/comments?post=18079"}],"wp:attachment":[{"href":"https:\/\/uj.adatbank.ro\/lexikon\/wp-json\/wp\/v2\/media?parent=18079"}],"wp:term":[{"taxonomy":"product_brand","embeddable":true,"href":"https:\/\/uj.adatbank.ro\/lexikon\/wp-json\/wp\/v2\/product_brand?post=18079"},{"taxonomy":"product_cat","embeddable":true,"href":"https:\/\/uj.adatbank.ro\/lexikon\/wp-json\/wp\/v2\/product_cat?post=18079"},{"taxonomy":"product_tag","embeddable":true,"href":"https:\/\/uj.adatbank.ro\/lexikon\/wp-json\/wp\/v2\/product_tag?post=18079"}],"curies":[{"name":"wp","href":"https:\/\/api.w.org\/{rel}","templated":true}]}}