{"id":18080,"date":"2025-07-16T10:38:41","date_gmt":"2025-07-16T08:38:41","guid":{"rendered":"https:\/\/uj.adatbank.ro\/lexikon\/termek\/petho-karoly\/"},"modified":"2025-07-16T10:38:41","modified_gmt":"2025-07-16T08:38:41","slug":"petho-karoly","status":"publish","type":"product","link":"https:\/\/uj.adatbank.ro\/lexikon\/termek\/petho-karoly\/","title":{"rendered":"PETH\u0150 K\u00e1roly"},"content":{"rendered":"<p>L\u0151rincfalva, D\u00f3zsa Gy\u00f6rgy k\u00f6zs\u00e9g, 1925. nov. 25. \u2020 Mv., 1964., eltemetve a sz\u00fcl\u0151faluj\u00e1ban: polg\u00e1rmester. \u2013 Elemi iskol\u00e1t a sz\u00fcl\u0151faluban, k\u00f6z\u00e9pfok\u00fa ipari Iskol\u00e1t Mv.-en v\u00e9gzett. Mv.-en dolgozott munk\u00e1sk\u00e9nt. A R.M.P.tagjak\u00e9nt nevezt\u00e9k ki Marosszentgy\u00f6rgy polg\u00e1rmester\u00e9v\u00e9 (1957\u201363). Ebben a beoszt\u00e1sban nagy szerepe volt a k\u00f6zs\u00e9g kollekt\u00edviz\u00e1l\u00e1s\u00e1ban, amelyet 1962-ben fejezett be. Lelkes t\u00e1mogat\u00f3ja \u00e9s r\u00e9sztvev\u0151je volt a m\u0171vel\u0151d\u00e9si \u00e9letnek. Nev\u00e9hez f\u0171z\u0151dik az \u00f3voda nagyobb\u00edt\u00e1sa \u00e9s a k\u00f6zs\u00e9gi k\u00f6nyvt\u00e1r l\u00e9tes\u00edt\u00e9se \u00e9s felszerel\u00e9se megfelel\u0151 b\u00fatorzattal \u00e9s szem\u00e9lyzettel. Lek\u00f6vezte az utc\u00e1kat, j\u00e1rd\u00e1t \u00e9p\u00edtettek a f\u0151\u00fat ment\u00e9n, iskol\u00e1kat jav\u00edttatott ki, ist\u00e1ll\u00f3kat \u00e9s sz\u00e9khelyet \u00e9p\u00edtettek a koll. gazdas\u00e1gnak. <br \/><strong>Irod.:<\/strong> S\u00e2ngeorgiu de Mure\u015f<\/br><\/p>\n","protected":false},"excerpt":{"rendered":"<p>L\u0151rincfalva, D\u00f3zsa Gy\u00f6rgy k\u00f6zs\u00e9g, 1925. nov. 25. \u2020 Mv., 1964., eltemetve a sz\u00fcl\u0151faluj\u00e1ban: polg\u00e1rmester. \u2013 Elemi iskol\u00e1t a sz\u00fcl\u0151faluban, k\u00f6z\u00e9pfok\u00fa ipari Iskol\u00e1t Mv.-en v\u00e9gzett. Mv.-en dolgozott munk\u00e1sk\u00e9nt. A R.M.P.tagjak\u00e9nt nevezt\u00e9k ki Marosszentgy\u00f6rgy polg\u00e1rmester\u00e9v\u00e9 (1957\u201363). Ebben a beoszt\u00e1sban nagy szerepe volt a k\u00f6zs\u00e9g kollekt\u00edviz\u00e1l\u00e1s\u00e1ban, amelyet 1962-ben fejezett be. Lelkes t\u00e1mogat\u00f3ja \u00e9s r\u00e9sztvev\u0151je volt a m\u0171vel\u0151d\u00e9si \u00e9letnek. [&hellip;]<\/p>\n","protected":false},"featured_media":0,"comment_status":"open","ping_status":"closed","template":"","meta":[],"product_brand":[],"product_cat":[137],"product_tag":[],"class_list":{"0":"post-18080","1":"product","2":"type-product","3":"status-publish","5":"product_cat-maros-megyei-eletrajzi-lexikon","7":"first","8":"instock","9":"shipping-taxable","10":"product-type-simple"},"_links":{"self":[{"href":"https:\/\/uj.adatbank.ro\/lexikon\/wp-json\/wp\/v2\/product\/18080","targetHints":{"allow":["GET"]}}],"collection":[{"href":"https:\/\/uj.adatbank.ro\/lexikon\/wp-json\/wp\/v2\/product"}],"about":[{"href":"https:\/\/uj.adatbank.ro\/lexikon\/wp-json\/wp\/v2\/types\/product"}],"replies":[{"embeddable":true,"href":"https:\/\/uj.adatbank.ro\/lexikon\/wp-json\/wp\/v2\/comments?post=18080"}],"wp:attachment":[{"href":"https:\/\/uj.adatbank.ro\/lexikon\/wp-json\/wp\/v2\/media?parent=18080"}],"wp:term":[{"taxonomy":"product_brand","embeddable":true,"href":"https:\/\/uj.adatbank.ro\/lexikon\/wp-json\/wp\/v2\/product_brand?post=18080"},{"taxonomy":"product_cat","embeddable":true,"href":"https:\/\/uj.adatbank.ro\/lexikon\/wp-json\/wp\/v2\/product_cat?post=18080"},{"taxonomy":"product_tag","embeddable":true,"href":"https:\/\/uj.adatbank.ro\/lexikon\/wp-json\/wp\/v2\/product_tag?post=18080"}],"curies":[{"name":"wp","href":"https:\/\/api.w.org\/{rel}","templated":true}]}}