{"id":18082,"date":"2025-07-16T10:38:46","date_gmt":"2025-07-16T08:38:46","guid":{"rendered":"https:\/\/uj.adatbank.ro\/lexikon\/termek\/pethy-gabor-pethi-gabor\/"},"modified":"2025-07-16T10:38:46","modified_gmt":"2025-07-16T08:38:46","slug":"pethy-gabor-pethi-gabor","status":"publish","type":"product","link":"https:\/\/uj.adatbank.ro\/lexikon\/termek\/pethy-gabor-pethi-gabor\/","title":{"rendered":"P\u00c9THY G\u00e1bor, P\u00e9thi G\u00e1bor"},"content":{"rendered":"<p>Torja, 1929. okt. 5., \u2020\u00a0K\u00e9zdiv\u00e1s\u00e1rhely, 1998. nov. 23.: r. k. pap. \u2013 Gyulafeh\u00e9rv\u00e1ron tanult \u00e9s papp\u00e1 szentelt\u00e9k (1963. \u00e1pr. 21.). Lelkip\u00e1sztor B\u00f6z\u00f6d\u00fajfaluban (1965\u201368), Aninosz\u00e1n, Magyarzs\u00e1kodon (1972\u201379), \u00c1kosfalv\u00e1n (1979\u201384), Csat\u00f3szegen, K\u00e9zdialm\u00e1son, nyugd\u00edjazt\u00e1k (1989). <br \/><strong>Irod.:<\/strong> Ferenczi S\u00e1ndor 2009; Maros-k\u00fck\u00fcll\u0151i f\u0151esp.<\/br><\/p>\n","protected":false},"excerpt":{"rendered":"<p>Torja, 1929. okt. 5., \u2020\u00a0K\u00e9zdiv\u00e1s\u00e1rhely, 1998. nov. 23.: r. k. pap. \u2013 Gyulafeh\u00e9rv\u00e1ron tanult \u00e9s papp\u00e1 szentelt\u00e9k (1963. \u00e1pr. 21.). Lelkip\u00e1sztor B\u00f6z\u00f6d\u00fajfaluban (1965\u201368), Aninosz\u00e1n, Magyarzs\u00e1kodon (1972\u201379), \u00c1kosfalv\u00e1n (1979\u201384), Csat\u00f3szegen, K\u00e9zdialm\u00e1son, nyugd\u00edjazt\u00e1k (1989). Irod.: Ferenczi S\u00e1ndor 2009; Maros-k\u00fck\u00fcll\u0151i f\u0151esp.<\/p>\n","protected":false},"featured_media":0,"comment_status":"open","ping_status":"closed","template":"","meta":[],"product_brand":[],"product_cat":[137],"product_tag":[],"class_list":{"0":"post-18082","1":"product","2":"type-product","3":"status-publish","5":"product_cat-maros-megyei-eletrajzi-lexikon","7":"first","8":"instock","9":"shipping-taxable","10":"product-type-simple"},"_links":{"self":[{"href":"https:\/\/uj.adatbank.ro\/lexikon\/wp-json\/wp\/v2\/product\/18082","targetHints":{"allow":["GET"]}}],"collection":[{"href":"https:\/\/uj.adatbank.ro\/lexikon\/wp-json\/wp\/v2\/product"}],"about":[{"href":"https:\/\/uj.adatbank.ro\/lexikon\/wp-json\/wp\/v2\/types\/product"}],"replies":[{"embeddable":true,"href":"https:\/\/uj.adatbank.ro\/lexikon\/wp-json\/wp\/v2\/comments?post=18082"}],"wp:attachment":[{"href":"https:\/\/uj.adatbank.ro\/lexikon\/wp-json\/wp\/v2\/media?parent=18082"}],"wp:term":[{"taxonomy":"product_brand","embeddable":true,"href":"https:\/\/uj.adatbank.ro\/lexikon\/wp-json\/wp\/v2\/product_brand?post=18082"},{"taxonomy":"product_cat","embeddable":true,"href":"https:\/\/uj.adatbank.ro\/lexikon\/wp-json\/wp\/v2\/product_cat?post=18082"},{"taxonomy":"product_tag","embeddable":true,"href":"https:\/\/uj.adatbank.ro\/lexikon\/wp-json\/wp\/v2\/product_tag?post=18082"}],"curies":[{"name":"wp","href":"https:\/\/api.w.org\/{rel}","templated":true}]}}