{"id":18085,"date":"2025-07-16T10:38:51","date_gmt":"2025-07-16T08:38:51","guid":{"rendered":"https:\/\/uj.adatbank.ro\/lexikon\/termek\/petki-adel-kiralyhalmi-gr-petrichevich-horvath-samuelne\/"},"modified":"2025-07-16T10:38:51","modified_gmt":"2025-07-16T08:38:51","slug":"petki-adel-kiralyhalmi-gr-petrichevich-horvath-samuelne","status":"publish","type":"product","link":"https:\/\/uj.adatbank.ro\/lexikon\/termek\/petki-adel-kiralyhalmi-gr-petrichevich-horvath-samuelne\/","title":{"rendered":"PETKI Ad\u00e9l, kir\u00e1lyhalmi gr.; Petrichevich-Horv\u00e1th S\u00e1mueln\u00e9"},"content":{"rendered":"<p>Mv., 1854. \u00e1pr. 24., \u2020 Baden bei Wien, 1918. m\u00e1j. 19.: P. Ferenc \u00e9s b. Kem\u00e9ny Anna le\u00e1nya. F\u00e9rjhez ment Petrichevich-Horv\u00e1th S\u00e1muelhez ( esk.: Mv., 1872. j\u00fan. 23) elv\u00e1ltak (1878. j\u00fan. 3.). <br \/><strong>Irod.:<\/strong> Gudenus<\/br><\/p>\n","protected":false},"excerpt":{"rendered":"<p>Mv., 1854. \u00e1pr. 24., \u2020 Baden bei Wien, 1918. m\u00e1j. 19.: P. Ferenc \u00e9s b. Kem\u00e9ny Anna le\u00e1nya. F\u00e9rjhez ment Petrichevich-Horv\u00e1th S\u00e1muelhez ( esk.: Mv., 1872. j\u00fan. 23) elv\u00e1ltak (1878. j\u00fan. 3.). Irod.: Gudenus<\/p>\n","protected":false},"featured_media":0,"comment_status":"open","ping_status":"closed","template":"","meta":[],"product_brand":[],"product_cat":[137],"product_tag":[],"class_list":{"0":"post-18085","1":"product","2":"type-product","3":"status-publish","5":"product_cat-maros-megyei-eletrajzi-lexikon","7":"first","8":"instock","9":"shipping-taxable","10":"product-type-simple"},"_links":{"self":[{"href":"https:\/\/uj.adatbank.ro\/lexikon\/wp-json\/wp\/v2\/product\/18085","targetHints":{"allow":["GET"]}}],"collection":[{"href":"https:\/\/uj.adatbank.ro\/lexikon\/wp-json\/wp\/v2\/product"}],"about":[{"href":"https:\/\/uj.adatbank.ro\/lexikon\/wp-json\/wp\/v2\/types\/product"}],"replies":[{"embeddable":true,"href":"https:\/\/uj.adatbank.ro\/lexikon\/wp-json\/wp\/v2\/comments?post=18085"}],"wp:attachment":[{"href":"https:\/\/uj.adatbank.ro\/lexikon\/wp-json\/wp\/v2\/media?parent=18085"}],"wp:term":[{"taxonomy":"product_brand","embeddable":true,"href":"https:\/\/uj.adatbank.ro\/lexikon\/wp-json\/wp\/v2\/product_brand?post=18085"},{"taxonomy":"product_cat","embeddable":true,"href":"https:\/\/uj.adatbank.ro\/lexikon\/wp-json\/wp\/v2\/product_cat?post=18085"},{"taxonomy":"product_tag","embeddable":true,"href":"https:\/\/uj.adatbank.ro\/lexikon\/wp-json\/wp\/v2\/product_tag?post=18085"}],"curies":[{"name":"wp","href":"https:\/\/api.w.org\/{rel}","templated":true}]}}