{"id":18094,"date":"2025-07-16T10:39:15","date_gmt":"2025-07-16T08:39:15","guid":{"rendered":"https:\/\/uj.adatbank.ro\/lexikon\/termek\/petki-istvan-kiralyhalmi-dersi-petky-istvan\/"},"modified":"2025-07-16T10:39:15","modified_gmt":"2025-07-16T08:39:15","slug":"petki-istvan-kiralyhalmi-dersi-petky-istvan","status":"publish","type":"product","link":"https:\/\/uj.adatbank.ro\/lexikon\/termek\/petki-istvan-kiralyhalmi-dersi-petky-istvan\/","title":{"rendered":"PETKI Istv\u00e1n, kir\u00e1lyhalmi, dersi, Petky Istv\u00e1n"},"content":{"rendered":"<p>1601 k, \u2020\u00a0Marosszentgy\u00f6rgy, 1667. jan. 27, temetve Csiksomly\u00f3n Ferences kolostor: birtokos, udvarmester, f\u0151gener\u00e1lis, f\u0151isp\u00e1n, fejedelmi tan\u00e1csos. \u2013 P. Farkas \u00e9s csics\u00f3i L\u00e1z\u00e1r Erzs\u00e9bet fia. Testv\u00e9re: Farkas. Nagyn\u00e9nje P. Erzs\u00e9bet, ut\u00f3d n\u00e9lk\u00fcl halt meg, f\u00f6ldbirtokos, akit\u0151l nagy kiterjed\u00e9s\u0171 birtokokat \u00f6r\u00f6k\u00f6lt: Szentanna, Jobb\u00e1gytelke, Udvarfalva, Remet, Csejd, Pin\u00e1rd, Magyar\u00f3s, Lib\u00e1ncs, ezekre II. R\u00e1k\u00f3czi Gy\u00f6rgy fejedelemt\u0151l meger\u0151s\u00edt\u0151 adom\u00e1nylevelet kapott (1649. \u00e1pr. 16). Feles\u00e9ge: 1. S\u00fck\u00f6sd Erzs\u00e9bet. Gyermekeik: Borb\u00e1la; Judit; Katalin if. L\u00e1z\u00e1r Istv\u00e1nn\u00e9; Erzs\u00e9bet; Anna; Istv\u00e1n; J\u00e1nos. Apor Istv\u00e1n nevel\u0151apja. 2. B\u00e1rczi Borb\u00e1la (esk.1663. nov. 18.). \u2013 Bethlen G\u00e1bor alatt asztalnok \u00e9s \u00e9tfog\u00f3, Cs\u00edk-Gyergy\u00f3-K\u00e1szonz\u00e9k alkapit\u00e1nya (1630\u2013), f\u0151kapit\u00e1nya (1635). R\u00e9szt vett az I. R\u00e1k\u00f3czi Gy\u00f6rgy vezet\u00e9se alatt D\u00e9sen tartott ogy.-en (1638. j\u00fal. 7.\u2013). Fel\u00e9p\u00fclt Marosszentgy\u00f6rgy\u00f6n a kast\u00e9lya (1640), diszparkkal. II. R\u00e1k\u00f3czi Gy\u00f6rgy fejedelem udvarmestere, f\u0151k\u00f6vet, az orsz\u00e1g ad\u00f3j\u00e1t vitte a Port\u00e1ra (1650. okt. 30.), fejedelmi tan\u00e1csos (1653. m\u00e1rc. 15.\u201361), a lengyel hadj\u00e1ratban a II. R\u00e1k\u00f3czi Gy\u00f6rgy fejedelem k\u00eds\u00e9r\u0151je (1657). A sz\u00e9kelys\u00e9get k\u00e9pvisel\u0151 helytart\u00f3 (1658). A cs\u00edki hadak f\u0151kapit\u00e1nya (1635\u201361; 1664\u201367); k\u00f6zben elvesztette ezt a tiszts\u00e9get, mivel Kem\u00e9ny J\u00e1nos p\u00e1rtj\u00e1n maradt, nem csatlakozott Apafihoz. Barcsai \u00c1kossal megromlott a viszonya, Barcsai katon\u00e1i Marosszentgy\u00f6rgy\u00f6n t\u00e1boroztak \u00e9s feld\u00falt\u00e1k a kast\u00e9lyt (1659). Barcsai elkobozta birtokait, minden udvarh\u00e1z\u00e1ba Kir\u00e1lyhalm\u00e1ra, H\u00e9v\u00edzre \u00e9s Marosszentgy\u00f6rgyre fejedelmi tiszttart\u00f3kat k\u00fcld\u00f6tt. Husztra menek\u00fclt (1660. nov.) \u00e9s Kem\u00e9ny J\u00e1nossal egy\u00fctt vonultak be Erd\u00e9lybe (1660. dec.). A t\u00f6r\u00f6k Porta megkin\u00e1lta az erd\u00e9lyi fejedelem sz\u00e9kkel (1661. aug.), de visszautas\u00edtotta. \u00e9s Apafi Mih\u00e1lyt v\u00e1lasztott\u00e1k meg (1661. szept. 18.). A t\u00f6r\u00f6k-tat\u00e1rcsapatok cs\u00edksz\u00e9ki t\u00e1mad\u00e1sa el\u00f6l ism\u00e9t Husztra menek\u00fclt. Elfogadta Apafi Mih\u00e1ly kegyelmi aj\u00e1nlat\u00e1t, visszat\u00e9rt Erd\u00e9lybe (1662. m\u00e1rc.). T\u00f6bbsz\u00f6r volt helytart\u00f3 (1663), visszanyerte tan\u00e1csosi megb\u00edz\u00e1s\u00e1t (1664), az udvari hadak f\u0151kapit\u00e1nya. Apafi fejedelem egyik helytart\u00f3ja (a mv.-i ogy. idej\u00e9n 1663), m\u00edg a fejedelem a t\u00f6r\u00f6k oldal\u00e1n harcolt. Az ogy.eln\u00f6ke (1664), visszakapta a cs\u00edki f\u0151kapit\u00e1nys\u00e1got \u00e9s a vash\u00e1mort. Kast\u00e9lyt felszereltette Marosszentgy\u00f6rgy\u00f6n ma V\u00e1rhegy v. Pin\u00e1rd nev\u0171 magaslaton (1664), a kast\u00e9ly udvar\u00e1n kis k\u00e1poln\u00e1t \u00e9s lak\u00e1st \u00e9p\u00edtettek a kapl\u00e1nnak. M\u00e1r vend\u00e9geket is fogadhatott, itt kereste fel szem\u00e9lyesen Th\u00f6k\u00f6ly Istv\u00e1n (1666. dec.). Itt \u00e9rte a hal\u00e1l (hajnalban 1667. jan. 27).<br \/><strong>Irod.:<\/strong> Bir\u00f3 Vencel: Gr\u00f3f Apor Istv\u00e1n (Bp., 1927); B\u00edr\u00f3 Vencel: Altorjai gr. Apor Istv\u00e1n \u00e9s kora (Kv., 1921); Csejd \u2013T\u00f3falva; Fekete; Id\u0151t\u00e1r 1; K\u00e9nosi-Uzoni 2.; Kraus: Erd\u00e9lyi kr\u00f3nika; L\u00e1z\u00e1r; Mordovin Maxim: A Petki csal\u00e1d \u00e9s Marosszentgy\u00f6rgy = Marosszentgy\u00f6rgy; Mo. f\u0151isp\u00e1njai; Nagy-Bod\u00f3 Tibor: A Petki-M\u00e1riaffy-kast\u00e9ly (K\u00f6zpont, 2016. j\u00fal. 21\u201327.); Nagy-Bod\u00f3 Tibor: M\u00falt \u00e9s jelen tal\u00e1lkoz\u00e1sa (N\u00fa., 2022. m\u00e1rc. 4.);.S\u00e2ngeorgiu de Mure\u015f; Sebesty\u00e9n Mih\u00e1ly: V\u00e1rhegy \u00e9s a Petkiek (N\u00fa., Sz\u00ednes Vil\u00e1g, 2010. \u00e1pr. 17.); Sz\u00e9kelyf\u00f6ld t\u00f6rt. 2.; Teleki Mih\u00e1ly<\/br><\/p>\n","protected":false},"excerpt":{"rendered":"<p>1601 k, \u2020\u00a0Marosszentgy\u00f6rgy, 1667. jan. 27, temetve Csiksomly\u00f3n Ferences kolostor: birtokos, udvarmester, f\u0151gener\u00e1lis, f\u0151isp\u00e1n, fejedelmi tan\u00e1csos. \u2013 P. Farkas \u00e9s csics\u00f3i L\u00e1z\u00e1r Erzs\u00e9bet fia. Testv\u00e9re: Farkas. Nagyn\u00e9nje P. Erzs\u00e9bet, ut\u00f3d n\u00e9lk\u00fcl halt meg, f\u00f6ldbirtokos, akit\u0151l nagy kiterjed\u00e9s\u0171 birtokokat \u00f6r\u00f6k\u00f6lt: Szentanna, Jobb\u00e1gytelke, Udvarfalva, Remet, Csejd, Pin\u00e1rd, Magyar\u00f3s, Lib\u00e1ncs, ezekre II. R\u00e1k\u00f3czi Gy\u00f6rgy fejedelemt\u0151l meger\u0151s\u00edt\u0151 adom\u00e1nylevelet kapott [&hellip;]<\/p>\n","protected":false},"featured_media":0,"comment_status":"open","ping_status":"closed","template":"","meta":[],"product_brand":[],"product_cat":[137],"product_tag":[],"class_list":{"0":"post-18094","1":"product","2":"type-product","3":"status-publish","5":"product_cat-maros-megyei-eletrajzi-lexikon","7":"first","8":"instock","9":"shipping-taxable","10":"product-type-simple"},"_links":{"self":[{"href":"https:\/\/uj.adatbank.ro\/lexikon\/wp-json\/wp\/v2\/product\/18094","targetHints":{"allow":["GET"]}}],"collection":[{"href":"https:\/\/uj.adatbank.ro\/lexikon\/wp-json\/wp\/v2\/product"}],"about":[{"href":"https:\/\/uj.adatbank.ro\/lexikon\/wp-json\/wp\/v2\/types\/product"}],"replies":[{"embeddable":true,"href":"https:\/\/uj.adatbank.ro\/lexikon\/wp-json\/wp\/v2\/comments?post=18094"}],"wp:attachment":[{"href":"https:\/\/uj.adatbank.ro\/lexikon\/wp-json\/wp\/v2\/media?parent=18094"}],"wp:term":[{"taxonomy":"product_brand","embeddable":true,"href":"https:\/\/uj.adatbank.ro\/lexikon\/wp-json\/wp\/v2\/product_brand?post=18094"},{"taxonomy":"product_cat","embeddable":true,"href":"https:\/\/uj.adatbank.ro\/lexikon\/wp-json\/wp\/v2\/product_cat?post=18094"},{"taxonomy":"product_tag","embeddable":true,"href":"https:\/\/uj.adatbank.ro\/lexikon\/wp-json\/wp\/v2\/product_tag?post=18094"}],"curies":[{"name":"wp","href":"https:\/\/api.w.org\/{rel}","templated":true}]}}