{"id":1810,"date":"2025-06-28T11:53:55","date_gmt":"2025-06-28T09:53:55","guid":{"rendered":"https:\/\/uj.adatbank.ro\/lexikon\/termek\/baciu-ioan-2\/"},"modified":"2025-06-28T11:53:55","modified_gmt":"2025-06-28T09:53:55","slug":"baciu-ioan-2","status":"publish","type":"product","link":"https:\/\/uj.adatbank.ro\/lexikon\/termek\/baciu-ioan-2\/","title":{"rendered":"BACIU Ioan"},"content":{"rendered":"<p>Kiss\u00e1rm\u00e1s, 1941. szept. 3., \u2020 Kv., 2003.: nyelv\u00e9sz, egyetemi tan\u00e1r. \u2013 K\u00f6z\u00e9piskol\u00e1t Kv.-on a G. Bari\u0163iu L\u00edc.-ban v\u00e9gezett (1959), egyetemi diplom\u00e1t a kv.-i BBTE francia-rom\u00e1n szak\u00e1n szerezett (1964), a filol\u00f3gia doktora (1971). Gyakornok (1964\u201367), tan\u00e1rseg\u00e9d (1967\u201371), lektor (1971\u201379), el\u0151ad\u00f3tan\u00e1r (1979\u201390), tansz\u00e9kvezet\u0151 professzor (1990\u2013) a BBTE Nyelv- \u00e9s irodalom kar\u00e1n a francia nyelv \u00e9s irodalom tansz\u00e9ken. Tanulm\u00e1nyutakat tett Franciao.-ban (1968\u201369, 2000), rom\u00e1n nyelvet adott el\u0151 a lyoni Jean Moulin Egyetemen. Kutat\u00e1si ter\u00fclete: francia nyelv\u00e9szet, neolatin nyelv\u00e9szet, rom\u00e1n nyelv\u00e9szet (morfosintaxa). T\u00f6bb mint 50 cikke \u00e9s tanulm\u00e1nya jelent meg neves hazai \u00e9s nemzetk\u00f6zi lapokban: Cercet\u0103ri de lingvistic\u0103, Dacoromania, Revue roumaine de linguistique, Bulletin de la SRLR, Le Fran\u00e7ais moderne, Romania etc. vagy nemzetk\u00f6zi konferenci\u00e1kr\u00f3l megjelent k\u00f6tetekben (Aix-en-Provence, Z\u00fcrich, Palermo). Tagja a Frankof\u00f3nia K\u00f6z\u00e9p- \u00e9s Kelet-Eur\u00f3pai Irod\u00e1j\u00e1nak, a Societatea Rom\u00e2n\u0103 de Lingvistic\u0103 Romanic\u0103-nak, a Societatea Interna\u0163ional\u0103 de Lingvistic\u0103 Romanic\u0103-nak. A filol\u00f3giai tudom\u00e1nyok doktora, eln\u00f6ke a Rom\u00e1n Neolatin Nyelv\u00e9szeti T\u00e1rsas\u00e1g kv.-i fi\u00f3kj\u00e1nak. A Palmes Academiques Rend (Franciaorsz\u00e1g) lovagja (1997). \u2013 <strong>F. m.:<\/strong> Prercis de grammaire roumain (Lyon, 1978); Gramatica limbii franceze (Kv., 1997); Dic\u0163ionarul verbelor franceze: construc\u0163ii, flexiune, contexte, sensuri (Cluj-N., 2003); Dic\u0163ionar de adjective franceze (Ia\u015fi, 2003). <br \/><strong>Irod.:<\/strong> Fomade; In memoriam Ioan Baciu =  Dacoromania Studia Universitatis Babes-Bolyai \u2013 Philologia (Cluj-N., nr. 3., 2004)<\/br><\/p>\n","protected":false},"excerpt":{"rendered":"<p>Kiss\u00e1rm\u00e1s, 1941. szept. 3., \u2020 Kv., 2003.: nyelv\u00e9sz, egyetemi tan\u00e1r. \u2013 K\u00f6z\u00e9piskol\u00e1t Kv.-on a G. Bari\u0163iu L\u00edc.-ban v\u00e9gezett (1959), egyetemi diplom\u00e1t a kv.-i BBTE francia-rom\u00e1n szak\u00e1n szerezett (1964), a filol\u00f3gia doktora (1971). Gyakornok (1964\u201367), tan\u00e1rseg\u00e9d (1967\u201371), lektor (1971\u201379), el\u0151ad\u00f3tan\u00e1r (1979\u201390), tansz\u00e9kvezet\u0151 professzor (1990\u2013) a BBTE Nyelv- \u00e9s irodalom kar\u00e1n a francia nyelv \u00e9s irodalom tansz\u00e9ken. [&hellip;]<\/p>\n","protected":false},"featured_media":0,"comment_status":"open","ping_status":"closed","template":"","meta":[],"product_brand":[],"product_cat":[137],"product_tag":[],"class_list":{"0":"post-1810","1":"product","2":"type-product","3":"status-publish","5":"product_cat-maros-megyei-eletrajzi-lexikon","7":"first","8":"instock","9":"shipping-taxable","10":"product-type-simple"},"_links":{"self":[{"href":"https:\/\/uj.adatbank.ro\/lexikon\/wp-json\/wp\/v2\/product\/1810","targetHints":{"allow":["GET"]}}],"collection":[{"href":"https:\/\/uj.adatbank.ro\/lexikon\/wp-json\/wp\/v2\/product"}],"about":[{"href":"https:\/\/uj.adatbank.ro\/lexikon\/wp-json\/wp\/v2\/types\/product"}],"replies":[{"embeddable":true,"href":"https:\/\/uj.adatbank.ro\/lexikon\/wp-json\/wp\/v2\/comments?post=1810"}],"wp:attachment":[{"href":"https:\/\/uj.adatbank.ro\/lexikon\/wp-json\/wp\/v2\/media?parent=1810"}],"wp:term":[{"taxonomy":"product_brand","embeddable":true,"href":"https:\/\/uj.adatbank.ro\/lexikon\/wp-json\/wp\/v2\/product_brand?post=1810"},{"taxonomy":"product_cat","embeddable":true,"href":"https:\/\/uj.adatbank.ro\/lexikon\/wp-json\/wp\/v2\/product_cat?post=1810"},{"taxonomy":"product_tag","embeddable":true,"href":"https:\/\/uj.adatbank.ro\/lexikon\/wp-json\/wp\/v2\/product_tag?post=1810"}],"curies":[{"name":"wp","href":"https:\/\/api.w.org\/{rel}","templated":true}]}}

<p>Kissármás, 1941. szept. 3., † Kv., 2003.: nyelvész, egyetemi tanár. – Középiskolát Kv.-on a G. Bariţiu Líc.-ban végezett (1959), egyetemi diplomát a kv.-i BBTE francia-román szakán szerezett (1964), a filológia doktora (1971). Gyakornok (1964–67), tanársegéd (1967–71), lektor (1971–79), előadótanár (1979–90), tanszékvezető professzor (1990–) a BBTE Nyelv- és irodalom karán a francia nyelv és irodalom tanszéken. Tanulmányutakat tett Franciao.-ban (1968–69, 2000), román nyelvet adott elő a lyoni Jean Moulin Egyetemen. Kutatási területe: francia nyelvészet, neolatin nyelvészet, román nyelvészet (morfosintaxa). Több mint 50 cikke és tanulmánya jelent meg neves hazai és nemzetközi lapokban: Cercetări de lingvistică, Dacoromania, Revue roumaine de linguistique, Bulletin de la SRLR, Le Français moderne, Romania etc. vagy nemzetközi konferenciákról megjelent kötetekben (Aix-en-Provence, Zürich, Palermo). Tagja a Frankofónia Közép- és Kelet-Európai Irodájának, a Societatea Română de Lingvistică Romanică-nak, a Societatea Internaţională de Lingvistică Romanică-nak. A filológiai tudományok doktora, elnöke a Román Neolatin Nyelvészeti Társaság kv.-i fiókjának. A Palmes Academiques Rend (Franciaország) lovagja (1997). – <strong>F. m.:</strong> Prercis de grammaire roumain (Lyon, 1978); Gramatica limbii franceze (Kv., 1997); Dicţionarul verbelor franceze: construcţii, flexiune, contexte, sensuri (Cluj-N., 2003); Dicţionar de adjective franceze (Iaşi, 2003). <br /><strong>Irod.:</strong> Fomade; In memoriam Ioan Baciu =  Dacoromania Studia Universitatis Babes-Bolyai – Philologia (Cluj-N., nr. 3., 2004)</br></p>

<p>Kissármás, 1941. szept. 3., † Kv., 2003.: nyelvész, egyetemi tanár. – Középiskolát Kv.-on a G. Bariţiu Líc.-ban végezett (1959), egyetemi diplomát a kv.-i BBTE francia-román szakán szerezett (1964), a filológia doktora (1971). Gyakornok (1964–67), tanársegéd (1967–71), lektor (1971–79), előadótanár (1979–90), tanszékvezető professzor (1990–) a BBTE Nyelv- és irodalom karán a francia nyelv és irodalom tanszéken. [&hellip;]</p>
