{"id":18109,"date":"2025-07-16T10:39:44","date_gmt":"2025-07-16T08:39:44","guid":{"rendered":"https:\/\/uj.adatbank.ro\/lexikon\/termek\/peto-janos-petho-janos\/"},"modified":"2025-07-16T10:39:44","modified_gmt":"2025-07-16T08:39:44","slug":"peto-janos-petho-janos","status":"publish","type":"product","link":"https:\/\/uj.adatbank.ro\/lexikon\/termek\/peto-janos-petho-janos\/","title":{"rendered":"PET\u0150 J\u00e1nos, Peth\u0151 J\u00e1nos"},"content":{"rendered":"<p>Pal\u00e1nka, 1887., \u2020\u00a0?: erd\u00e9szm\u00e9rn\u0151k. \u2013 Tanulm\u00e1nyait Sz\u00e1szv\u00e1roson \u00e9s Szabadk\u00e1n v\u00e9gezte, majd a bp.-i P\u00e1zm\u00e1ny P\u00e9ter egyetemen sz\u00e1mtan \u00e9s fizik\u00e1t tanult.. A Selmecb\u00e1nyai Erd\u00e9szeti F\u0151iskol\u00e1ra ker\u00fclt, ahol erd\u0151m\u00e9rn\u00f6ki diplom\u00e1t szerzett. Erdei vasutak tervez\u00e9s\u00e9vel \u00e9s \u00e9p\u00edt\u00e9s\u00e9vel foglalkozott (1920\u2013). A g\u00f6rg\u00e9nyszentimrei \u00c1llami Erd\u00e9sz Szakiskola igazgat\u00f3ja volt (1940\u2013). \u00c9veken \u00e1t szerkesztette az Oravicab\u00e1nyai H\u00edrlapot. Minden kultur\u00e1lis, t\u00e1rsadalmi \u00e9s hazafias egyes\u00fclet t\u00e1mogat\u00f3ja volt. <br \/><strong>Irod.:<\/strong> Sz\u00e9kelyf\u00f6ld \u00ed.k.<\/br><\/p>\n","protected":false},"excerpt":{"rendered":"<p>Pal\u00e1nka, 1887., \u2020\u00a0?: erd\u00e9szm\u00e9rn\u0151k. \u2013 Tanulm\u00e1nyait Sz\u00e1szv\u00e1roson \u00e9s Szabadk\u00e1n v\u00e9gezte, majd a bp.-i P\u00e1zm\u00e1ny P\u00e9ter egyetemen sz\u00e1mtan \u00e9s fizik\u00e1t tanult.. A Selmecb\u00e1nyai Erd\u00e9szeti F\u0151iskol\u00e1ra ker\u00fclt, ahol erd\u0151m\u00e9rn\u00f6ki diplom\u00e1t szerzett. Erdei vasutak tervez\u00e9s\u00e9vel \u00e9s \u00e9p\u00edt\u00e9s\u00e9vel foglalkozott (1920\u2013). A g\u00f6rg\u00e9nyszentimrei \u00c1llami Erd\u00e9sz Szakiskola igazgat\u00f3ja volt (1940\u2013). \u00c9veken \u00e1t szerkesztette az Oravicab\u00e1nyai H\u00edrlapot. Minden kultur\u00e1lis, t\u00e1rsadalmi \u00e9s hazafias [&hellip;]<\/p>\n","protected":false},"featured_media":0,"comment_status":"open","ping_status":"closed","template":"","meta":[],"product_brand":[],"product_cat":[137],"product_tag":[],"class_list":{"0":"post-18109","1":"product","2":"type-product","3":"status-publish","5":"product_cat-maros-megyei-eletrajzi-lexikon","7":"first","8":"instock","9":"shipping-taxable","10":"product-type-simple"},"_links":{"self":[{"href":"https:\/\/uj.adatbank.ro\/lexikon\/wp-json\/wp\/v2\/product\/18109","targetHints":{"allow":["GET"]}}],"collection":[{"href":"https:\/\/uj.adatbank.ro\/lexikon\/wp-json\/wp\/v2\/product"}],"about":[{"href":"https:\/\/uj.adatbank.ro\/lexikon\/wp-json\/wp\/v2\/types\/product"}],"replies":[{"embeddable":true,"href":"https:\/\/uj.adatbank.ro\/lexikon\/wp-json\/wp\/v2\/comments?post=18109"}],"wp:attachment":[{"href":"https:\/\/uj.adatbank.ro\/lexikon\/wp-json\/wp\/v2\/media?parent=18109"}],"wp:term":[{"taxonomy":"product_brand","embeddable":true,"href":"https:\/\/uj.adatbank.ro\/lexikon\/wp-json\/wp\/v2\/product_brand?post=18109"},{"taxonomy":"product_cat","embeddable":true,"href":"https:\/\/uj.adatbank.ro\/lexikon\/wp-json\/wp\/v2\/product_cat?post=18109"},{"taxonomy":"product_tag","embeddable":true,"href":"https:\/\/uj.adatbank.ro\/lexikon\/wp-json\/wp\/v2\/product_tag?post=18109"}],"curies":[{"name":"wp","href":"https:\/\/api.w.org\/{rel}","templated":true}]}}