{"id":18115,"date":"2025-07-16T10:39:52","date_gmt":"2025-07-16T08:39:52","guid":{"rendered":"https:\/\/uj.adatbank.ro\/lexikon\/termek\/petra-nicolae-d-%c2%a7\/"},"modified":"2025-07-16T10:39:52","modified_gmt":"2025-07-16T08:39:52","slug":"petra-nicolae-d-%c2%a7","status":"publish","type":"product","link":"https:\/\/uj.adatbank.ro\/lexikon\/termek\/petra-nicolae-d-%c2%a7\/","title":{"rendered":"PETRA, Nicolae D, \u00a7"},"content":{"rendered":"<p>Lib\u00e1nfalva, 1932. jan. 16., \u2020\u00a01992. dec. 13.: k\u00f6zgazd\u00e1sz. \u2013 K\u00f6zgazdas\u00e1gi Akad\u00e9mi\u00e1t Buk.-ben v\u00e9gzett, doktor\u00e1lt (1978). Dolgozott Buk.-ben mint informatikus I.C.I. -n\u00e9l, Mv.-en CTCE-n\u00e9l. Sz\u00e1szr\u00e9genben alap\u00edt\u00f3ja \u00e9s els\u0151 igazgat\u00f3ja a Teritori\u00e1lis Informatikai K\u00f6zpontnak, majd ism\u00e9t Buk.-ben vezet\u0151je a CEPECA Informatikai K\u00f6zpontnak. Szerkesztett gazdas\u00e1gi, menedzsment \u00e9s informatikai munk\u00e1kat, munkat\u00e1rsa volt a \u015etiin\u0163a \u015fi tehnic\u0103, Industria lemnului, Marisia, Tehnium c. foly\u00f3iratoknak. Statisztikai tanulm\u00e1nyokat is \u00edrt. Nyugd\u00edjba vonul\u00e1sa el\u0151tt gazdag anyagot gy\u0171jt\u00f6tt egy tervezett g\u00f6rg\u00e9nyv\u00f6lgyi \u00e9s lib\u00e1nfalvi monogr\u00e1fia meg\u00edr\u00e1s\u00e1hoz, amely munk\u00e1t nem tudta befelyezni korai hal\u00e1la miatt. \u2013 <strong>F. m.:<\/strong> Monografia I.P.L. Reghin Un secol de prelucrare a lemnului din Reghin 1873\u20131973; Monografia Centrului Teritorial de Calcul Electronic Tg.M.; Monografia Oficiului Teritorial de Calcul Electronic Reghin- k\u00e9zirat. <br \/><strong>Irod.:<\/strong> C.l. (2003. j\u00fal. 12); MMK; Profiluri reghinene; Todea\u2013F\u00fcl\u00f6p\u2013Avram<\/br><\/p>\n","protected":false},"excerpt":{"rendered":"<p>Lib\u00e1nfalva, 1932. jan. 16., \u2020\u00a01992. dec. 13.: k\u00f6zgazd\u00e1sz. \u2013 K\u00f6zgazdas\u00e1gi Akad\u00e9mi\u00e1t Buk.-ben v\u00e9gzett, doktor\u00e1lt (1978). Dolgozott Buk.-ben mint informatikus I.C.I. -n\u00e9l, Mv.-en CTCE-n\u00e9l. Sz\u00e1szr\u00e9genben alap\u00edt\u00f3ja \u00e9s els\u0151 igazgat\u00f3ja a Teritori\u00e1lis Informatikai K\u00f6zpontnak, majd ism\u00e9t Buk.-ben vezet\u0151je a CEPECA Informatikai K\u00f6zpontnak. Szerkesztett gazdas\u00e1gi, menedzsment \u00e9s informatikai munk\u00e1kat, munkat\u00e1rsa volt a \u015etiin\u0163a \u015fi tehnic\u0103, Industria lemnului, Marisia, [&hellip;]<\/p>\n","protected":false},"featured_media":0,"comment_status":"open","ping_status":"closed","template":"","meta":[],"product_brand":[],"product_cat":[137],"product_tag":[],"class_list":{"0":"post-18115","1":"product","2":"type-product","3":"status-publish","5":"product_cat-maros-megyei-eletrajzi-lexikon","7":"first","8":"instock","9":"shipping-taxable","10":"product-type-simple"},"_links":{"self":[{"href":"https:\/\/uj.adatbank.ro\/lexikon\/wp-json\/wp\/v2\/product\/18115","targetHints":{"allow":["GET"]}}],"collection":[{"href":"https:\/\/uj.adatbank.ro\/lexikon\/wp-json\/wp\/v2\/product"}],"about":[{"href":"https:\/\/uj.adatbank.ro\/lexikon\/wp-json\/wp\/v2\/types\/product"}],"replies":[{"embeddable":true,"href":"https:\/\/uj.adatbank.ro\/lexikon\/wp-json\/wp\/v2\/comments?post=18115"}],"wp:attachment":[{"href":"https:\/\/uj.adatbank.ro\/lexikon\/wp-json\/wp\/v2\/media?parent=18115"}],"wp:term":[{"taxonomy":"product_brand","embeddable":true,"href":"https:\/\/uj.adatbank.ro\/lexikon\/wp-json\/wp\/v2\/product_brand?post=18115"},{"taxonomy":"product_cat","embeddable":true,"href":"https:\/\/uj.adatbank.ro\/lexikon\/wp-json\/wp\/v2\/product_cat?post=18115"},{"taxonomy":"product_tag","embeddable":true,"href":"https:\/\/uj.adatbank.ro\/lexikon\/wp-json\/wp\/v2\/product_tag?post=18115"}],"curies":[{"name":"wp","href":"https:\/\/api.w.org\/{rel}","templated":true}]}}