{"id":18116,"date":"2025-07-16T10:39:53","date_gmt":"2025-07-16T08:39:53","guid":{"rendered":"https:\/\/uj.adatbank.ro\/lexikon\/termek\/petra-octavian\/"},"modified":"2025-07-16T10:39:53","modified_gmt":"2025-07-16T08:39:53","slug":"petra-octavian","status":"publish","type":"product","link":"https:\/\/uj.adatbank.ro\/lexikon\/termek\/petra-octavian\/","title":{"rendered":"PETRA, Octavian"},"content":{"rendered":"<p>? \u2020\u00a0?: ort. pap.- Lib\u00e1nfalvi pap (1848 ut\u00e1n).<br \/><strong>Irod.:<\/strong> Reghin, Protopopiat; Stanca, Sebastian : Conribu\u0163ia preo\u0163imei rom\u00e2ne din Ardeal la r\u0103sboiul pentru intregirea neamului (Cluj., 1925)<\/br><\/p>\n","protected":false},"excerpt":{"rendered":"<p>? \u2020\u00a0?: ort. pap.- Lib\u00e1nfalvi pap (1848 ut\u00e1n).Irod.: Reghin, Protopopiat; Stanca, Sebastian : Conribu\u0163ia preo\u0163imei rom\u00e2ne din Ardeal la r\u0103sboiul pentru intregirea neamului (Cluj., 1925)<\/p>\n","protected":false},"featured_media":0,"comment_status":"open","ping_status":"closed","template":"","meta":[],"product_brand":[],"product_cat":[137],"product_tag":[],"class_list":{"0":"post-18116","1":"product","2":"type-product","3":"status-publish","5":"product_cat-maros-megyei-eletrajzi-lexikon","7":"first","8":"instock","9":"shipping-taxable","10":"product-type-simple"},"_links":{"self":[{"href":"https:\/\/uj.adatbank.ro\/lexikon\/wp-json\/wp\/v2\/product\/18116","targetHints":{"allow":["GET"]}}],"collection":[{"href":"https:\/\/uj.adatbank.ro\/lexikon\/wp-json\/wp\/v2\/product"}],"about":[{"href":"https:\/\/uj.adatbank.ro\/lexikon\/wp-json\/wp\/v2\/types\/product"}],"replies":[{"embeddable":true,"href":"https:\/\/uj.adatbank.ro\/lexikon\/wp-json\/wp\/v2\/comments?post=18116"}],"wp:attachment":[{"href":"https:\/\/uj.adatbank.ro\/lexikon\/wp-json\/wp\/v2\/media?parent=18116"}],"wp:term":[{"taxonomy":"product_brand","embeddable":true,"href":"https:\/\/uj.adatbank.ro\/lexikon\/wp-json\/wp\/v2\/product_brand?post=18116"},{"taxonomy":"product_cat","embeddable":true,"href":"https:\/\/uj.adatbank.ro\/lexikon\/wp-json\/wp\/v2\/product_cat?post=18116"},{"taxonomy":"product_tag","embeddable":true,"href":"https:\/\/uj.adatbank.ro\/lexikon\/wp-json\/wp\/v2\/product_tag?post=18116"}],"curies":[{"name":"wp","href":"https:\/\/api.w.org\/{rel}","templated":true}]}}