{"id":1812,"date":"2025-06-28T11:53:59","date_gmt":"2025-06-28T09:53:59","guid":{"rendered":"https:\/\/uj.adatbank.ro\/lexikon\/termek\/baciu-petre\/"},"modified":"2025-06-28T11:53:59","modified_gmt":"2025-06-28T09:53:59","slug":"baciu-petre","status":"publish","type":"product","link":"https:\/\/uj.adatbank.ro\/lexikon\/termek\/baciu-petre\/","title":{"rendered":"BACIU Petre"},"content":{"rendered":"<p>Bethlenszentmikl\u00f3s, 1917. m\u00e1j. 18., \u2020 1991. m\u00e1j. 4.: k\u00f6lt\u0151, folklorista, t\u00f6rt\u00e9n\u00e9sz. \u2013 Titk\u00e1r volt a bethlenszentmikl\u00f3si v\u00e1rosh\u00e1z\u00e1n (1934\u201339). Katonai szolg\u00e1latot tett (1939\u201340). Bal\u00e1zsfalv\u00e1n vas\u00fati forgalmista (1941\u201346). Tan\u00edtott (1947\u201354), iskolaigazgat\u00f3 (1954\u201355). Majd \u00fcgy\u00e9sz Brass\u00f3ban (1955\u2013), Nagyb\u00e1ny\u00e1n (1956\u2013), Mv.-en (1957, 1961\u201364). Jogtan\u00e1csos Sz\u00e1szr\u00e9genben (1958\u2013), b\u00edr\u00f3 Mv.-en (1964\u2013), Szebenben, Radn\u00f3ton; jogtan\u00e1csos a mv.-i Electormure\u015f v\u00e1lalatn\u00e1l nyugd\u00edjba vonul\u00e1s\u00e1ig (1972\u20131979). K\u00f6z\u00f6lt a Pagini mure\u015fene gy\u0171jtem\u00e9nyes k\u00f6tetekben \u00e9s folklor gy\u0171jtem\u00e9nyekben. \u2013 <strong>F. m.:<\/strong> Dor din Ardeal (Bra\u015fov, 1941); Nunt\u0103 pe Mure\u015f: folclor poetic (Tg. M., 1967); Prefectul Legiunii a 3-a (Buc., 1976); Prefectul C\u00e2mpiei Ardelene (Buc., 1977). <br \/><strong>Irod.:<\/strong> Cosma<\/br><\/p>\n","protected":false},"excerpt":{"rendered":"<p>Bethlenszentmikl\u00f3s, 1917. m\u00e1j. 18., \u2020 1991. m\u00e1j. 4.: k\u00f6lt\u0151, folklorista, t\u00f6rt\u00e9n\u00e9sz. \u2013 Titk\u00e1r volt a bethlenszentmikl\u00f3si v\u00e1rosh\u00e1z\u00e1n (1934\u201339). Katonai szolg\u00e1latot tett (1939\u201340). Bal\u00e1zsfalv\u00e1n vas\u00fati forgalmista (1941\u201346). Tan\u00edtott (1947\u201354), iskolaigazgat\u00f3 (1954\u201355). Majd \u00fcgy\u00e9sz Brass\u00f3ban (1955\u2013), Nagyb\u00e1ny\u00e1n (1956\u2013), Mv.-en (1957, 1961\u201364). Jogtan\u00e1csos Sz\u00e1szr\u00e9genben (1958\u2013), b\u00edr\u00f3 Mv.-en (1964\u2013), Szebenben, Radn\u00f3ton; jogtan\u00e1csos a mv.-i Electormure\u015f v\u00e1lalatn\u00e1l nyugd\u00edjba vonul\u00e1s\u00e1ig (1972\u20131979). [&hellip;]<\/p>\n","protected":false},"featured_media":0,"comment_status":"open","ping_status":"closed","template":"","meta":[],"product_brand":[],"product_cat":[137],"product_tag":[],"class_list":{"0":"post-1812","1":"product","2":"type-product","3":"status-publish","5":"product_cat-maros-megyei-eletrajzi-lexikon","7":"first","8":"instock","9":"shipping-taxable","10":"product-type-simple"},"_links":{"self":[{"href":"https:\/\/uj.adatbank.ro\/lexikon\/wp-json\/wp\/v2\/product\/1812","targetHints":{"allow":["GET"]}}],"collection":[{"href":"https:\/\/uj.adatbank.ro\/lexikon\/wp-json\/wp\/v2\/product"}],"about":[{"href":"https:\/\/uj.adatbank.ro\/lexikon\/wp-json\/wp\/v2\/types\/product"}],"replies":[{"embeddable":true,"href":"https:\/\/uj.adatbank.ro\/lexikon\/wp-json\/wp\/v2\/comments?post=1812"}],"wp:attachment":[{"href":"https:\/\/uj.adatbank.ro\/lexikon\/wp-json\/wp\/v2\/media?parent=1812"}],"wp:term":[{"taxonomy":"product_brand","embeddable":true,"href":"https:\/\/uj.adatbank.ro\/lexikon\/wp-json\/wp\/v2\/product_brand?post=1812"},{"taxonomy":"product_cat","embeddable":true,"href":"https:\/\/uj.adatbank.ro\/lexikon\/wp-json\/wp\/v2\/product_cat?post=1812"},{"taxonomy":"product_tag","embeddable":true,"href":"https:\/\/uj.adatbank.ro\/lexikon\/wp-json\/wp\/v2\/product_tag?post=1812"}],"curies":[{"name":"wp","href":"https:\/\/api.w.org\/{rel}","templated":true}]}}

<p>Bethlenszentmiklós, 1917. máj. 18., † 1991. máj. 4.: költő, folklorista, történész. – Titkár volt a bethlenszentmiklósi városházán (1934–39). Katonai szolgálatot tett (1939–40). Balázsfalván vasúti forgalmista (1941–46). Tanított (1947–54), iskolaigazgató (1954–55). Majd ügyész Brassóban (1955–), Nagybányán (1956–), Mv.-en (1957, 1961–64). Jogtanácsos Szászrégenben (1958–), bíró Mv.-en (1964–), Szebenben, Radnóton; jogtanácsos a mv.-i Electormureş válalatnál nyugdíjba vonulásáig (1972–1979). Közölt a Pagini mureşene gyűjteményes kötetekben és folklor gyűjteményekben. – <strong>F. m.:</strong> Dor din Ardeal (Braşov, 1941); Nuntă pe Mureş: folclor poetic (Tg. M., 1967); Prefectul Legiunii a 3-a (Buc., 1976); Prefectul Câmpiei Ardelene (Buc., 1977). <br /><strong>Irod.:</strong> Cosma</br></p>

<p>Bethlenszentmiklós, 1917. máj. 18., † 1991. máj. 4.: költő, folklorista, történész. – Titkár volt a bethlenszentmiklósi városházán (1934–39). Katonai szolgálatot tett (1939–40). Balázsfalván vasúti forgalmista (1941–46). Tanított (1947–54), iskolaigazgató (1954–55). Majd ügyész Brassóban (1955–), Nagybányán (1956–), Mv.-en (1957, 1961–64). Jogtanácsos Szászrégenben (1958–), bíró Mv.-en (1964–), Szebenben, Radnóton; jogtanácsos a mv.-i Electormureş válalatnál nyugdíjba vonulásáig (1972–1979). [&hellip;]</p>
