{"id":18122,"date":"2025-07-16T10:40:10","date_gmt":"2025-07-16T08:40:10","guid":{"rendered":"https:\/\/uj.adatbank.ro\/lexikon\/termek\/petras-geza-petrass-lebicsei\/"},"modified":"2025-07-16T10:40:10","modified_gmt":"2025-07-16T08:40:10","slug":"petras-geza-petrass-lebicsei","status":"publish","type":"product","link":"https:\/\/uj.adatbank.ro\/lexikon\/termek\/petras-geza-petrass-lebicsei\/","title":{"rendered":"PETR\u00c1S G\u00e9za, Petr\u00e1ss, lebicsei"},"content":{"rendered":"<p>1858, \u2020 Mv., 1937.:keresked\u0151, f\u00f6ldbirtokos. \u2013 Feles\u00e9ge nagysolymosi Kontz Olga (\u2020 Mv., 1944. szept. 8, \u00f6zvegys\u00e9g\u00e9nek 7 \u00e9v\u00e9ben). \u2013 Nagykeresked\u0151 Mv.-en, \u0151 \u00e9p\u00edttette az Aurel Filimon (Iskola, 2.sz alatti) u. neoklasszikus h\u00e1zat (1889\u201399). Az EMKE v\u00e1lasztm\u00e1nyi tagja (1910\u2013). A mv.-i zsid\u00f3-m. tulajdonban l\u00e9v\u0151 Lesz\u00e1mol\u00e1si Bank igazgat\u00f3s\u00e1gi tagja (1924). A mv.-i Kaszin\u00f3 p\u00e9nzt\u00e1rosa (1919), h\u00e1znagya (1920\u2013), majd \u00f6r\u00f6k\u00f6s h\u00e1znagy\u00e1nak nyilv\u00e1n\u00edtott\u00e1k miut\u00e1n 25 \u00e9vet t\u00f6lt\u00f6tt ebben a tiszts\u00e9gben (1930) \u00e9s \u00e9rdemeit d\u00edszoklev\u00e9llel ismert\u00e9k el. <br \/><strong>Irod.:<\/strong>Bi\u00e1s Istv\u00e1n; Lev\u00e9lt\u00e1ri gy\u00e1szj; Mv.m\u0171v.v\u00e1r; Mv.-i \u00f6rm\u00e9nyek; \u00d6rm\u00e9nyek; P\u00e1lmay; Pan\u0103; S\u00e1ndor<\/br><\/p>\n","protected":false},"excerpt":{"rendered":"<p>1858, \u2020 Mv., 1937.:keresked\u0151, f\u00f6ldbirtokos. \u2013 Feles\u00e9ge nagysolymosi Kontz Olga (\u2020 Mv., 1944. szept. 8, \u00f6zvegys\u00e9g\u00e9nek 7 \u00e9v\u00e9ben). \u2013 Nagykeresked\u0151 Mv.-en, \u0151 \u00e9p\u00edttette az Aurel Filimon (Iskola, 2.sz alatti) u. neoklasszikus h\u00e1zat (1889\u201399). Az EMKE v\u00e1lasztm\u00e1nyi tagja (1910\u2013). A mv.-i zsid\u00f3-m. tulajdonban l\u00e9v\u0151 Lesz\u00e1mol\u00e1si Bank igazgat\u00f3s\u00e1gi tagja (1924). A mv.-i Kaszin\u00f3 p\u00e9nzt\u00e1rosa (1919), h\u00e1znagya (1920\u2013), [&hellip;]<\/p>\n","protected":false},"featured_media":0,"comment_status":"open","ping_status":"closed","template":"","meta":[],"product_brand":[],"product_cat":[137],"product_tag":[],"class_list":{"0":"post-18122","1":"product","2":"type-product","3":"status-publish","5":"product_cat-maros-megyei-eletrajzi-lexikon","7":"first","8":"instock","9":"shipping-taxable","10":"product-type-simple"},"_links":{"self":[{"href":"https:\/\/uj.adatbank.ro\/lexikon\/wp-json\/wp\/v2\/product\/18122","targetHints":{"allow":["GET"]}}],"collection":[{"href":"https:\/\/uj.adatbank.ro\/lexikon\/wp-json\/wp\/v2\/product"}],"about":[{"href":"https:\/\/uj.adatbank.ro\/lexikon\/wp-json\/wp\/v2\/types\/product"}],"replies":[{"embeddable":true,"href":"https:\/\/uj.adatbank.ro\/lexikon\/wp-json\/wp\/v2\/comments?post=18122"}],"wp:attachment":[{"href":"https:\/\/uj.adatbank.ro\/lexikon\/wp-json\/wp\/v2\/media?parent=18122"}],"wp:term":[{"taxonomy":"product_brand","embeddable":true,"href":"https:\/\/uj.adatbank.ro\/lexikon\/wp-json\/wp\/v2\/product_brand?post=18122"},{"taxonomy":"product_cat","embeddable":true,"href":"https:\/\/uj.adatbank.ro\/lexikon\/wp-json\/wp\/v2\/product_cat?post=18122"},{"taxonomy":"product_tag","embeddable":true,"href":"https:\/\/uj.adatbank.ro\/lexikon\/wp-json\/wp\/v2\/product_tag?post=18122"}],"curies":[{"name":"wp","href":"https:\/\/api.w.org\/{rel}","templated":true}]}}