{"id":18126,"date":"2025-07-16T10:40:21","date_gmt":"2025-07-16T08:40:21","guid":{"rendered":"https:\/\/uj.adatbank.ro\/lexikon\/termek\/petrasko-gergely\/"},"modified":"2025-07-16T10:40:21","modified_gmt":"2025-07-16T08:40:21","slug":"petrasko-gergely","status":"publish","type":"product","link":"https:\/\/uj.adatbank.ro\/lexikon\/termek\/petrasko-gergely\/","title":{"rendered":"PETR\u00c1SK\u00d3 Gergely"},"content":{"rendered":"<p>1762 \u2020\u00a0Mv., 1840. jan. 1.: keresked\u0151. \u2013 Neje Bosny\u00e1k Ter\u00e9z (1760\u20131828. dec 27.). Esk\u00fcv\u0151 1786. febr.18. Gyermekeik: Anna M\u00e1ria Cecilia (1787. j\u00fal. 24\u2013), Mih\u00e1ly Antal (1788. aug. 21\u20131803. j\u00fal. 1), M\u00e1rton Istv\u00e1n (1791. j\u00fan. 1\u2013), Anna M\u00e1ria (1793. okt. 28\u20131796. j\u00fan. 29), M\u00e1ria Ter\u00e9zia (1796. \u00e1pr. 22.\u2013), Veronika (1798. jan. 27. \u2013), Geregely (1800\u20131840. j\u00fan. 28.), Anna M\u00e1ria (1802. \u00e1pr. 26.\u20131803. m\u00e1j. 27.), Mih\u00e1ly M\u00e1rton seg\u00e9d rend\u0151r (1804. m\u00e1rc. 31.\u20131836. j\u00fal. 25 koler\u00e1ban), Johanna (1805. m\u00e1j. 13.\u20131807. m\u00e1rc. 16), Anna M\u00e1ria (1806. dec. 7\u20131807. nov. 23), Katalin JuliNN (1808. nov. 13\u2013), Jozefa Veronika (1811. jan. 10\u20131811, jan. 27), Anna M\u00e1ria (1812. m\u00e1j. 31.1812. aug. 12). Mv.-i \u00f6rm\u00e9ny keresked\u0151. Mv.-en v\u00e1rosi polg\u00e1rjogot nyert (1799 el\u0151tt). C\u00edmeres nemeslevelet szerzett (1831. aug. 19.). Rendszeres keresked\u0151j\u00e1ratot \u00fczemeltetett Mv. \u00e9s B\u00e9cs k\u00f6z\u00f6tt. Gr.Teleki S\u00e1muel kancell\u00e1r k\u00f6nyveinek katal\u00f3gus\u00e1t, az ex libris\u00e9t is \u0151 sz\u00e1ll\u00edtotta V\u00e1s\u00e1rhelyre. <br \/><strong>Irod.:<\/strong> Mv.-i \u00f6rm\u00e9nyek; Mv.-i Pl\u00e9b\u00e1niatemplom kript\u00e1ja; Ol\u00e1h-G\u00e1l R\u00f3bert: A Cs\u00edky csal\u00e1d \u00e9s a Bolyaiak (N\u00fa., Sz\u00ednes Vil\u00e1g, 2010. j\u00fan. 19.); P\u00e1l-Antal 2009; P\u00e1l-Antal S\u00e1ndor: \u00d6rm\u00e9nyek Mv.-en 1848 el\u0151tt = Pusk\u00e1s-Sz\u00e1sz \u00c1v\u00e9d; P\u00e1lmay; Vigh<\/br><\/p>\n","protected":false},"excerpt":{"rendered":"<p>1762 \u2020\u00a0Mv., 1840. jan. 1.: keresked\u0151. \u2013 Neje Bosny\u00e1k Ter\u00e9z (1760\u20131828. dec 27.). Esk\u00fcv\u0151 1786. febr.18. Gyermekeik: Anna M\u00e1ria Cecilia (1787. j\u00fal. 24\u2013), Mih\u00e1ly Antal (1788. aug. 21\u20131803. j\u00fal. 1), M\u00e1rton Istv\u00e1n (1791. j\u00fan. 1\u2013), Anna M\u00e1ria (1793. okt. 28\u20131796. j\u00fan. 29), M\u00e1ria Ter\u00e9zia (1796. \u00e1pr. 22.\u2013), Veronika (1798. jan. 27. \u2013), Geregely (1800\u20131840. j\u00fan. [&hellip;]<\/p>\n","protected":false},"featured_media":0,"comment_status":"open","ping_status":"closed","template":"","meta":[],"product_brand":[],"product_cat":[137],"product_tag":[],"class_list":{"0":"post-18126","1":"product","2":"type-product","3":"status-publish","5":"product_cat-maros-megyei-eletrajzi-lexikon","7":"first","8":"instock","9":"shipping-taxable","10":"product-type-simple"},"_links":{"self":[{"href":"https:\/\/uj.adatbank.ro\/lexikon\/wp-json\/wp\/v2\/product\/18126","targetHints":{"allow":["GET"]}}],"collection":[{"href":"https:\/\/uj.adatbank.ro\/lexikon\/wp-json\/wp\/v2\/product"}],"about":[{"href":"https:\/\/uj.adatbank.ro\/lexikon\/wp-json\/wp\/v2\/types\/product"}],"replies":[{"embeddable":true,"href":"https:\/\/uj.adatbank.ro\/lexikon\/wp-json\/wp\/v2\/comments?post=18126"}],"wp:attachment":[{"href":"https:\/\/uj.adatbank.ro\/lexikon\/wp-json\/wp\/v2\/media?parent=18126"}],"wp:term":[{"taxonomy":"product_brand","embeddable":true,"href":"https:\/\/uj.adatbank.ro\/lexikon\/wp-json\/wp\/v2\/product_brand?post=18126"},{"taxonomy":"product_cat","embeddable":true,"href":"https:\/\/uj.adatbank.ro\/lexikon\/wp-json\/wp\/v2\/product_cat?post=18126"},{"taxonomy":"product_tag","embeddable":true,"href":"https:\/\/uj.adatbank.ro\/lexikon\/wp-json\/wp\/v2\/product_tag?post=18126"}],"curies":[{"name":"wp","href":"https:\/\/api.w.org\/{rel}","templated":true}]}}