{"id":18128,"date":"2025-07-16T10:40:27","date_gmt":"2025-07-16T08:40:27","guid":{"rendered":"https:\/\/uj.adatbank.ro\/lexikon\/termek\/petrasko-marton-2\/"},"modified":"2025-07-16T10:40:27","modified_gmt":"2025-07-16T08:40:27","slug":"petrasko-marton-2","status":"publish","type":"product","link":"https:\/\/uj.adatbank.ro\/lexikon\/termek\/petrasko-marton-2\/","title":{"rendered":"PETR\u00c1SK\u00d3 M\u00e1rton"},"content":{"rendered":"<p>1791. j\u00fan. 1., \u2020Mv., 1848. nov.11. koler\u00e1ban: keresked\u0151. \u2013 Mv.-i \u00f6rm\u00e9ny csal\u00e1d utols\u00f3 f\u00e9rfi tagja. N\u00f6v\u00e9re P. Katalin. Feles\u00e9ge: Bocs\u00e1nczki Katalin (1809.? \u2013 Mv., 1881. jan. 29.). Le\u00e1nyaik: K\u00e1pdeb\u00f3 Simonn\u00e9 \u00e9s P. Veronika. <br \/><strong>Irod.:<\/strong> Gy\u00e1szjelent\u0151 P\u00e1l-Antal S\u00e1ndor\u00a0: \u00d6rm\u00e9nyek Mv.-en 1848 el\u0151tt = Pusk\u00e1s-Sz\u00e1sz \u00c1v\u00e9d<\/br><\/p>\n","protected":false},"excerpt":{"rendered":"<p>1791. j\u00fan. 1., \u2020Mv., 1848. nov.11. koler\u00e1ban: keresked\u0151. \u2013 Mv.-i \u00f6rm\u00e9ny csal\u00e1d utols\u00f3 f\u00e9rfi tagja. N\u00f6v\u00e9re P. Katalin. Feles\u00e9ge: Bocs\u00e1nczki Katalin (1809.? \u2013 Mv., 1881. jan. 29.). Le\u00e1nyaik: K\u00e1pdeb\u00f3 Simonn\u00e9 \u00e9s P. Veronika. Irod.: Gy\u00e1szjelent\u0151 P\u00e1l-Antal S\u00e1ndor\u00a0: \u00d6rm\u00e9nyek Mv.-en 1848 el\u0151tt = Pusk\u00e1s-Sz\u00e1sz \u00c1v\u00e9d<\/p>\n","protected":false},"featured_media":0,"comment_status":"open","ping_status":"closed","template":"","meta":[],"product_brand":[],"product_cat":[137],"product_tag":[],"class_list":{"0":"post-18128","1":"product","2":"type-product","3":"status-publish","5":"product_cat-maros-megyei-eletrajzi-lexikon","7":"first","8":"instock","9":"shipping-taxable","10":"product-type-simple"},"_links":{"self":[{"href":"https:\/\/uj.adatbank.ro\/lexikon\/wp-json\/wp\/v2\/product\/18128","targetHints":{"allow":["GET"]}}],"collection":[{"href":"https:\/\/uj.adatbank.ro\/lexikon\/wp-json\/wp\/v2\/product"}],"about":[{"href":"https:\/\/uj.adatbank.ro\/lexikon\/wp-json\/wp\/v2\/types\/product"}],"replies":[{"embeddable":true,"href":"https:\/\/uj.adatbank.ro\/lexikon\/wp-json\/wp\/v2\/comments?post=18128"}],"wp:attachment":[{"href":"https:\/\/uj.adatbank.ro\/lexikon\/wp-json\/wp\/v2\/media?parent=18128"}],"wp:term":[{"taxonomy":"product_brand","embeddable":true,"href":"https:\/\/uj.adatbank.ro\/lexikon\/wp-json\/wp\/v2\/product_brand?post=18128"},{"taxonomy":"product_cat","embeddable":true,"href":"https:\/\/uj.adatbank.ro\/lexikon\/wp-json\/wp\/v2\/product_cat?post=18128"},{"taxonomy":"product_tag","embeddable":true,"href":"https:\/\/uj.adatbank.ro\/lexikon\/wp-json\/wp\/v2\/product_tag?post=18128"}],"curies":[{"name":"wp","href":"https:\/\/api.w.org\/{rel}","templated":true}]}}