{"id":1813,"date":"2025-06-28T11:54:01","date_gmt":"2025-06-28T09:54:01","guid":{"rendered":"https:\/\/uj.adatbank.ro\/lexikon\/termek\/baciu-stefan\/"},"modified":"2025-06-28T11:54:01","modified_gmt":"2025-06-28T09:54:01","slug":"baciu-stefan","status":"publish","type":"product","link":"https:\/\/uj.adatbank.ro\/lexikon\/termek\/baciu-stefan\/","title":{"rendered":"BACIU \u015etefan"},"content":{"rendered":"<p>Brass\u00f3, 1918. okt. 29., \u2020 Honolulu, 1993. jan. 6.: k\u00f6lt\u0151, m\u0171ford\u00edt\u00f3, eml\u00e9k\u00edr\u00f3. \u2013 Tanulm\u00e1nyait Brass\u00f3ban \u00e9s Buk.-ben folytatta. A brass\u00f3i R\u0103zboi c. foly\u00f3iratban deb\u00fct\u00e1lt, majd a Vremea, Familia, G\u00e2ndirea, Azi, G\u00e2nd Rom\u00e2nesc munkat\u00e1rsa illetve szerk.-je. \u00c9lt Sz\u00e1szn\u00e1dason is. Elhagyjta az orsz\u00e1got (1946): Sv\u00e1jc, Brazilia, Kuba, AE\u00c1, Bolivia, Havai v\u00e1ndorl\u00e1sainak \u00e1llom\u00e1sai. T\u00f6bb mint sz\u00e1z k\u00f6tete jelent meg: versek, essz\u00e9k, ford\u00edt\u00e1sok, t\u00f6bb mint 500 cikket tanulm\u00e1nyt, ismertet\u00e9st \u00edrt rom\u00e1n, n\u00e9met, spanyol, angol nyelven. T\u00f6bb rom\u00e1n \u00e9s k\u0151lf\u00f6ldi kit\u0171ntet\u00e9s birtokosa. Sz\u00e1szn\u00e1das k\u00f6zs\u00e9g tiszteletbeli polg\u00e1ra (1996). \u2013 <strong>F. m.:<\/strong> Poemele poetului t\u00e2n\u0103r (Buc, 1935); Poeme de dragoste (Oradea, 1936); Micul dor (Bra\u015fov, 1937); <strong>antol\u00f3g.:<\/strong> Transilvania \u00een poesia rom\u00e2neasc\u0103 (Buc., 1943). <br \/><strong>Irod.:<\/strong> B\u0103ciu\u0163, Nicolae: Litaratura exilului, exilul litaraturii (Tg. M., 2006); DE; Dumitrescu, Vasile: O istorie a exilului rom\u00e2nesc, 1944\u20131989 (Buc., 1997); Predescu<\/br><\/p>\n","protected":false},"excerpt":{"rendered":"<p>Brass\u00f3, 1918. okt. 29., \u2020 Honolulu, 1993. jan. 6.: k\u00f6lt\u0151, m\u0171ford\u00edt\u00f3, eml\u00e9k\u00edr\u00f3. \u2013 Tanulm\u00e1nyait Brass\u00f3ban \u00e9s Buk.-ben folytatta. A brass\u00f3i R\u0103zboi c. foly\u00f3iratban deb\u00fct\u00e1lt, majd a Vremea, Familia, G\u00e2ndirea, Azi, G\u00e2nd Rom\u00e2nesc munkat\u00e1rsa illetve szerk.-je. \u00c9lt Sz\u00e1szn\u00e1dason is. Elhagyjta az orsz\u00e1got (1946): Sv\u00e1jc, Brazilia, Kuba, AE\u00c1, Bolivia, Havai v\u00e1ndorl\u00e1sainak \u00e1llom\u00e1sai. T\u00f6bb mint sz\u00e1z k\u00f6tete jelent [&hellip;]<\/p>\n","protected":false},"featured_media":0,"comment_status":"open","ping_status":"closed","template":"","meta":[],"product_brand":[],"product_cat":[137],"product_tag":[],"class_list":{"0":"post-1813","1":"product","2":"type-product","3":"status-publish","5":"product_cat-maros-megyei-eletrajzi-lexikon","7":"first","8":"instock","9":"shipping-taxable","10":"product-type-simple"},"_links":{"self":[{"href":"https:\/\/uj.adatbank.ro\/lexikon\/wp-json\/wp\/v2\/product\/1813","targetHints":{"allow":["GET"]}}],"collection":[{"href":"https:\/\/uj.adatbank.ro\/lexikon\/wp-json\/wp\/v2\/product"}],"about":[{"href":"https:\/\/uj.adatbank.ro\/lexikon\/wp-json\/wp\/v2\/types\/product"}],"replies":[{"embeddable":true,"href":"https:\/\/uj.adatbank.ro\/lexikon\/wp-json\/wp\/v2\/comments?post=1813"}],"wp:attachment":[{"href":"https:\/\/uj.adatbank.ro\/lexikon\/wp-json\/wp\/v2\/media?parent=1813"}],"wp:term":[{"taxonomy":"product_brand","embeddable":true,"href":"https:\/\/uj.adatbank.ro\/lexikon\/wp-json\/wp\/v2\/product_brand?post=1813"},{"taxonomy":"product_cat","embeddable":true,"href":"https:\/\/uj.adatbank.ro\/lexikon\/wp-json\/wp\/v2\/product_cat?post=1813"},{"taxonomy":"product_tag","embeddable":true,"href":"https:\/\/uj.adatbank.ro\/lexikon\/wp-json\/wp\/v2\/product_tag?post=1813"}],"curies":[{"name":"wp","href":"https:\/\/api.w.org\/{rel}","templated":true}]}}

BACIU Ştefan

<p>Brassó, 1918. okt. 29., † Honolulu, 1993. jan. 6.: költő, műfordító, emlékíró. – Tanulmányait Brassóban és Buk.-ben folytatta. A brassói Război c. folyóiratban debütált, majd a Vremea, Familia, Gândirea, Azi, Gând Românesc munkatársa illetve szerk.-je. Élt Szásznádason is. Elhagyjta az országot (1946): Svájc, Brazilia, Kuba, AEÁ, Bolivia, Havai vándorlásainak állomásai. Több mint száz kötete jelent meg: versek, esszék, fordítások, több mint 500 cikket tanulmányt, ismertetést írt román, német, spanyol, angol nyelven. Több román és kőlföldi kitűntetés birtokosa. Szásznádas község tiszteletbeli polgára (1996). – <strong>F. m.:</strong> Poemele poetului tânăr (Buc, 1935); Poeme de dragoste (Oradea, 1936); Micul dor (Braşov, 1937); <strong>antológ.:</strong> Transilvania în poesia românească (Buc., 1943). <br /><strong>Irod.:</strong> Băciuţ, Nicolae: Litaratura exilului, exilul litaraturii (Tg. M., 2006); DE; Dumitrescu, Vasile: O istorie a exilului românesc, 1944–1989 (Buc., 1997); Predescu</br></p>

<p>Brassó, 1918. okt. 29., † Honolulu, 1993. jan. 6.: költő, műfordító, emlékíró. – Tanulmányait Brassóban és Buk.-ben folytatta. A brassói Război c. folyóiratban debütált, majd a Vremea, Familia, Gândirea, Azi, Gând Românesc munkatársa illetve szerk.-je. Élt Szásznádason is. Elhagyjta az országot (1946): Svájc, Brazilia, Kuba, AEÁ, Bolivia, Havai vándorlásainak állomásai. Több mint száz kötete jelent [&hellip;]</p>
