{"id":18131,"date":"2025-07-16T10:40:33","date_gmt":"2025-07-16T08:40:33","guid":{"rendered":"https:\/\/uj.adatbank.ro\/lexikon\/termek\/petre-augustin\/"},"modified":"2025-07-16T10:40:33","modified_gmt":"2025-07-16T08:40:33","slug":"petre-augustin","status":"publish","type":"product","link":"https:\/\/uj.adatbank.ro\/lexikon\/termek\/petre-augustin\/","title":{"rendered":"PETRE, Augustin"},"content":{"rendered":"<p>Szil\u00e1gycseh, 1923. nov. 13., \u2020 Buk., 1999. jan. 6.\u00a0rep\u00fcl\u0151m\u00e9rn\u00f6k, egyetemi tan\u00e1r. \u2013 Egy\u00e9ves kor\u00e1t\u00f3l \u00e9lt Mv.-en. A Papiu Ilarian L\u00edc.-ban \u00e9retts\u00e9gizett (1942); Buk.-ben v\u00e9gezte a Politechnik\u00e1t, az Elektromechanikai-aviatika szakot (1942\u201347), valamint a sz\u00e1mtan \u00e9s filoz\u00f3fia szakot egyszerre (1943\u201347) kit\u0171ntet\u00e9ssel. Buk.-be nevezt\u00e9k ki tan\u00e1rnak. M\u00e9rn\u00f6k-doktor (1966), a tudom\u00e1nyok doktor docense (1969) Doktori t\u00e9zise a leveg\u0151 ruganyoss\u00e1ga, amit tant\u00e1rgynak vett fel az int\u00e9zetben. Buc.-ben a Politechnikai Int\u00e9zetben egyetemi tan\u00e1rseg\u00e9d, adjunktus, egyetemi el\u0151ad\u00f3tan\u00e1r, prof. hal\u00e1l\u00e1ig a l\u00e9g\u0171rkutat\u00e1s tansz\u00e9k f\u0151n\u00f6ke (1971\u201399). A Rom\u00e1n Akad\u00e9mia Alkalmazott Mechanika Int\u00e9zet\u00e9ben labor. f\u0151n\u00f6k (1949\u201350). A Kaliforniai Standford Egyetem vend\u00e9gprofesszora ((1972\u201375). A vil\u00e1g egyik legnagyobb tekint\u00e9lye a leveg\u0151 rugalmass\u00e1ga kisz\u00e1m\u00edt\u00e1s\u00e1ban, ami forradalmas\u00edtotta a rep\u00fcl\u0151gy\u00e1rt\u00e1st. Int\u00e9zet\u00e9ben a rep\u00fcl\u0151g\u00e9p gy\u00e1rt\u00f3knak tov\u00e1bbk\u00e9pz\u0151 tanfolyamot rendezett Buk.-ban rom\u00e1n, francia, n\u00e9met \u00e9s angol nyelven. Sok el\u0151ad\u00e1sa jelent meg bel- \u00e9s k\u00fclf\u00f6ld\u00f6n, f\u0151leg N\u00e9meto.-ban az Egyes\u00fclt \u00c1llamokban, ahonnan sokszor k\u00e9rt\u00e9k ki v\u00e9lem\u00e9ny\u00e9t a NASA (Orsz\u00e1gos \u0170rhaj\u00f3z\u00e1si \u00e9s \u0170rkutat\u00e1si Hivatal) sz\u00e1m\u00e1ra, tagja volt az AE\u00c1 f\u00f6ldk\u00f6r\u00fcli \u00e9s csillagk\u00f6zi rep\u00fcl\u00e9studom\u00e1nyi akad\u00e9mi\u00e1j\u00e1nak. Rom\u00e1ni\u00e1ban eln\u00f6ke a L\u00e9g\u0171rkutat\u00e1si Int\u00e9zetnek \u00e9s a vil\u00e1g\u0171rkutat\u00f3 t\u00e1rsas\u00e1g eln\u00f6ki tiszts\u00e9g\u00e9t t\u00f6lt\u00f6tte be. Tan\u00edtv\u00e1nya volt Dumitru Prunariu, a rom\u00e1n \u0171rhaj\u00f3s, akit elhozott Mv.-re is hogy megmutassa neki gyermekkora v\u00e1ros\u00e1t \u00e9s tal\u00e1lkozott a v\u00e1ros lak\u00f3ival a MMK.-ban. Kutat\u00e1si ter\u00fclete: anyagok ellen\u00e1ll\u00e1sa, rugalmas stabilit\u00e1s, rezg\u00e9sek, rugalmas\u00e1g elm\u00e9let, keskenyfalu karok, leveg\u0151rugalmass\u00e1g. T\u00f6bb mint 25 tudom\u00e1nyos munka szerz\u0151je, t\u00f6bb mint 100 tudom\u00e1nyos dolgozata jelent meg szakfoly\u00f3iratokban : Revista Metalurgia, Revista Transporturilor, Comunic\u0103rile Academiei RSR, Jurnal Prikladnoi Mehaniki, Studii \u015fi Cercet\u0103ri de Mecanic\u0103 Aplicat\u0103, Buletinul IP Buc., Bulletine de L\u2019Acad\u00e9mie Polonaise des Scienses, Revue de M\u00e9canique appliqu\u00e9e, Buletin Math\u00e9matique, Revue Roumaine des Scienses Techniques, Buletinul IP Ia\u015fi, Journal of Aircraft. K\u00f6zel 100 kis\u00e9rlete volt ipari balesetek, robban\u00e9sok, sz\u00e1ll\u00edt\u00e1si balesetek, l\u00e9gi balesetek t\u00e9mak\u00f6rben. Tagja a The Natinal Geografic Soc Soc., Rom\u00e1niai M\u00e9rn\u00f6k\u00f6k Orsz\u00e1gos Sz\u00f6vets\u00e9ge, American Institute of Aeronautics and Astronautics-nak, Kit\u00fcntet\u00e9se: A Tan\u00f6gyminiszt\u00e9rium I. d\u00edja Mv. d\u00edszpolg\u00e1ra (1997). <strong>F. m.:<\/strong> Culegere de probleme de rezisten\u0163a materialelor (Buc., 1955, 1963, 1991); Rezisten\u0163a materialelor. Manualul inginerului (Buc., 1955, 1964, 1966); Utilizarea materialelor casante pentru determinarea st\u0103rii de tensiune la corpurile solicitate (Buc., 1960); Aeroelasticitate (Buc., 1962); Teoria aeroelasticit\u0103\u0163ii: Statica (Buc., 1966); Rezisten\u0163a materialelor: Memoratorul tehnicianului auto (Buc., 1969); Teoria aeroelasticit\u0103\u0163ii: Fenomene dinamice periodice (Buc., 1973); Calculul structurilor de avia\u0163ie (Buc., 1984); Fiabilitatea construc\u0163iilor aeronautice. Curs pentru cadrele de specialitate din Institutele de Cercet\u0103ri de Avia\u0163ie (1991); Construc\u0163ia \u015fi proiectarea structurilor de avia\u0163ie (Buc., 1993); Proiectarea structurilor de aeronave \u015fi astroanave (Buc., 1999); <strong>t\u00e1rssz.:<\/strong> \u00cencerc\u0103ri nedestructive ale materialelor (Buc., 1955); Norme tehnice pentru admisibilitatea la zbor a aeronavelor civile din RPR (Buc., 1955); Manualul inginerului mecanic (Buc., 1959, 1973); Bare cu pere\u0163i sub\u0163iri (Atanasiu M.-mel; Buc., 1960; Manualul inginerului (Buc., 1966); International Research Seminar Held at the National Research Council (1967; Ottawa) (Ottawa, 1967); Culegere de probleme de rezisten\u0163a materialelor (Buc., 1968); Culegere de probleme de rezisten\u0163a materialelor (Buc., 1973); Structures, Structural Dynamics and Materials Conference (16; 1975; Denver) (Denver, 1975); International Conference on Wind Ingineering (5; 1979; Fort Colins Colorado) (Fort Colins Colorado, 1979). <br \/><strong>Irod.:<\/strong> Scurt\u0103 istorie a crea\u0163iei \u015ftiin\u0163ifice \u015fi tehnice rom\u00e2ne\u015fti (Buc., 1981); Elhunyt Pere Augustin (N\u00fa., 1999. jan. 9.); Sipos, Todea\u2013F\u00fcl\u00f6p\u2013Avram<\/br><\/p>\n","protected":false},"excerpt":{"rendered":"<p>Szil\u00e1gycseh, 1923. nov. 13., \u2020 Buk., 1999. jan. 6.\u00a0rep\u00fcl\u0151m\u00e9rn\u00f6k, egyetemi tan\u00e1r. \u2013 Egy\u00e9ves kor\u00e1t\u00f3l \u00e9lt Mv.-en. A Papiu Ilarian L\u00edc.-ban \u00e9retts\u00e9gizett (1942); Buk.-ben v\u00e9gezte a Politechnik\u00e1t, az Elektromechanikai-aviatika szakot (1942\u201347), valamint a sz\u00e1mtan \u00e9s filoz\u00f3fia szakot egyszerre (1943\u201347) kit\u0171ntet\u00e9ssel. Buk.-be nevezt\u00e9k ki tan\u00e1rnak. M\u00e9rn\u00f6k-doktor (1966), a tudom\u00e1nyok doktor docense (1969) Doktori t\u00e9zise a leveg\u0151 ruganyoss\u00e1ga, [&hellip;]<\/p>\n","protected":false},"featured_media":0,"comment_status":"open","ping_status":"closed","template":"","meta":[],"product_brand":[],"product_cat":[137],"product_tag":[],"class_list":{"0":"post-18131","1":"product","2":"type-product","3":"status-publish","5":"product_cat-maros-megyei-eletrajzi-lexikon","7":"first","8":"instock","9":"shipping-taxable","10":"product-type-simple"},"_links":{"self":[{"href":"https:\/\/uj.adatbank.ro\/lexikon\/wp-json\/wp\/v2\/product\/18131","targetHints":{"allow":["GET"]}}],"collection":[{"href":"https:\/\/uj.adatbank.ro\/lexikon\/wp-json\/wp\/v2\/product"}],"about":[{"href":"https:\/\/uj.adatbank.ro\/lexikon\/wp-json\/wp\/v2\/types\/product"}],"replies":[{"embeddable":true,"href":"https:\/\/uj.adatbank.ro\/lexikon\/wp-json\/wp\/v2\/comments?post=18131"}],"wp:attachment":[{"href":"https:\/\/uj.adatbank.ro\/lexikon\/wp-json\/wp\/v2\/media?parent=18131"}],"wp:term":[{"taxonomy":"product_brand","embeddable":true,"href":"https:\/\/uj.adatbank.ro\/lexikon\/wp-json\/wp\/v2\/product_brand?post=18131"},{"taxonomy":"product_cat","embeddable":true,"href":"https:\/\/uj.adatbank.ro\/lexikon\/wp-json\/wp\/v2\/product_cat?post=18131"},{"taxonomy":"product_tag","embeddable":true,"href":"https:\/\/uj.adatbank.ro\/lexikon\/wp-json\/wp\/v2\/product_tag?post=18131"}],"curies":[{"name":"wp","href":"https:\/\/api.w.org\/{rel}","templated":true}]}}