{"id":18135,"date":"2025-07-16T10:40:39","date_gmt":"2025-07-16T08:40:39","guid":{"rendered":"https:\/\/uj.adatbank.ro\/lexikon\/termek\/petreanu-dumitru-kovesdi\/"},"modified":"2025-07-16T10:40:39","modified_gmt":"2025-07-16T08:40:39","slug":"petreanu-dumitru-kovesdi","status":"publish","type":"product","link":"https:\/\/uj.adatbank.ro\/lexikon\/termek\/petreanu-dumitru-kovesdi\/","title":{"rendered":"PETREANU, Dumitru; K\u00f6vesdi"},"content":{"rendered":"<p>? \u2020?: toldalagi birtokos. \u2013 Megvette Voievod Mirceat\u00f3l a maross\u00e1rpataki fels\u0151 Teleki udvart \u00e9s kast\u00e9lyt (1945). El\u0151sz\u00f6r a kast\u00e9lyt bontatta le \u00e9s az abb\u00f3l sz\u00e1rmaz\u00f3 \u00e9p\u00fcletanyagot eladta a falu lak\u00f3inak.Majd letarolt\u00e1k a parkot, felparcell\u00e1zta \u00e9s h\u00e1zhelyk\u00e9nt eladta. <br \/><strong>Irod.:<\/strong> Berekm\u00e9ri\u2013G\u00e1lfi<\/br><\/p>\n","protected":false},"excerpt":{"rendered":"<p>? \u2020?: toldalagi birtokos. \u2013 Megvette Voievod Mirceat\u00f3l a maross\u00e1rpataki fels\u0151 Teleki udvart \u00e9s kast\u00e9lyt (1945). El\u0151sz\u00f6r a kast\u00e9lyt bontatta le \u00e9s az abb\u00f3l sz\u00e1rmaz\u00f3 \u00e9p\u00fcletanyagot eladta a falu lak\u00f3inak.Majd letarolt\u00e1k a parkot, felparcell\u00e1zta \u00e9s h\u00e1zhelyk\u00e9nt eladta. Irod.: Berekm\u00e9ri\u2013G\u00e1lfi<\/p>\n","protected":false},"featured_media":0,"comment_status":"open","ping_status":"closed","template":"","meta":[],"product_brand":[],"product_cat":[137],"product_tag":[],"class_list":{"0":"post-18135","1":"product","2":"type-product","3":"status-publish","5":"product_cat-maros-megyei-eletrajzi-lexikon","7":"first","8":"instock","9":"shipping-taxable","10":"product-type-simple"},"_links":{"self":[{"href":"https:\/\/uj.adatbank.ro\/lexikon\/wp-json\/wp\/v2\/product\/18135","targetHints":{"allow":["GET"]}}],"collection":[{"href":"https:\/\/uj.adatbank.ro\/lexikon\/wp-json\/wp\/v2\/product"}],"about":[{"href":"https:\/\/uj.adatbank.ro\/lexikon\/wp-json\/wp\/v2\/types\/product"}],"replies":[{"embeddable":true,"href":"https:\/\/uj.adatbank.ro\/lexikon\/wp-json\/wp\/v2\/comments?post=18135"}],"wp:attachment":[{"href":"https:\/\/uj.adatbank.ro\/lexikon\/wp-json\/wp\/v2\/media?parent=18135"}],"wp:term":[{"taxonomy":"product_brand","embeddable":true,"href":"https:\/\/uj.adatbank.ro\/lexikon\/wp-json\/wp\/v2\/product_brand?post=18135"},{"taxonomy":"product_cat","embeddable":true,"href":"https:\/\/uj.adatbank.ro\/lexikon\/wp-json\/wp\/v2\/product_cat?post=18135"},{"taxonomy":"product_tag","embeddable":true,"href":"https:\/\/uj.adatbank.ro\/lexikon\/wp-json\/wp\/v2\/product_tag?post=18135"}],"curies":[{"name":"wp","href":"https:\/\/api.w.org\/{rel}","templated":true}]}}