{"id":1814,"date":"2025-06-28T11:54:02","date_gmt":"2025-06-28T09:54:02","guid":{"rendered":"https:\/\/uj.adatbank.ro\/lexikon\/termek\/baciu-teofil-%c2%a7\/"},"modified":"2025-06-28T11:54:02","modified_gmt":"2025-06-28T09:54:02","slug":"baciu-teofil-%c2%a7","status":"publish","type":"product","link":"https:\/\/uj.adatbank.ro\/lexikon\/termek\/baciu-teofil-%c2%a7\/","title":{"rendered":"BACIU Teofil, \u00a7"},"content":{"rendered":"<p>Sz\u00e1szn\u00e1das, 1890. aug. 10., \u2020 Mv., 1978. j\u00fal. 21.: \u00fcgyv\u00e9d, m\u0171gy\u0171jt\u0151. \u2013 Feles\u00e9ge: Madeleine Fayon. \u2013 N\u00e9met gimn.-ot v\u00e9gzett Segesv\u00e1ron. Jogot Kv.-on a FJTE-en (1909\u201313), jogi doktor\u00e1tust nyert (1913. nov. 15.). Jog\u00e1sz dr., a Maros megyei \u00dcgyv\u00e9di Kamara d\u00e9k\u00e1nja. Feles\u00e9ge franciatan\u00e1rn\u0151, aki Mv.-re ker\u00fclt a francia int\u00e9zetbe (1931\u2013). A Maros megyei tan\u00e1csi v\u00e1laszt\u00e1son az OMP-N\u00e9pp\u00e1rt list\u00e1j\u00e1n ker\u00fclt a tan\u00e1csba (1926. j\u00fan. 4.). Jelent\u0151s m\u0171gy\u0171jtem\u00e9nye volt: birtok\u00e1ban volt 7 Vida k\u00e9p, k\u00e9t D\u00f3sa G\u00e9za grafika, Thorma J\u00e1nos, Nagy Istv\u00e1n m\u0171vek, K\u00f6r\u00f6sf\u0151i Kriesch Alad\u00e1r v\u00e1zlata, P\u00e1rizsb\u00f3l Legrange kis munk\u00e1ja, Corneliu Baba: Velence, Theodor Pallady, Aurel Ciupe k\u00e9pek, 10 Bordi Andr\u00e1s-k\u00e9p is. Ez a gy\u0171jtem\u00e9ny adom\u00e1nyk\u00e9nt a mv.-i K\u00e9pz\u0151m\u0171v\u00e9szeti M\u00fazeum tulajdon\u00e1ba ker\u00fclt. Ki\u00e1ll\u00edt\u00e1s nyilt bel\u0151le (1978). Ritka \u00e9rt\u00e9k\u0171, rom\u00e1n, n\u00e9met, m., francia k\u00f6nyvt\u00e1r\u00e1b\u00f3l a MMK-nak adom\u00e1nyozott t\u00f6bb k\u00f6tetet a feles\u00e9ge. <br \/><strong>Irod.:<\/strong> Almanah Tg. M.; Id\u0151t\u00e1r 3.; [Nekrol\u00f3g] (V. Z., 1978. j\u00fal. 22.); Sigmirean; Sz\u00e9pr\u00e9ti Lilla: Egy gy\u0171jtem\u00e9ny gazd\u00e1t cser\u00e9l (\u00daj \u00c9let, 24. sz., 1978); Todea 2013<\/br><\/p>\n","protected":false},"excerpt":{"rendered":"<p>Sz\u00e1szn\u00e1das, 1890. aug. 10., \u2020 Mv., 1978. j\u00fal. 21.: \u00fcgyv\u00e9d, m\u0171gy\u0171jt\u0151. \u2013 Feles\u00e9ge: Madeleine Fayon. \u2013 N\u00e9met gimn.-ot v\u00e9gzett Segesv\u00e1ron. Jogot Kv.-on a FJTE-en (1909\u201313), jogi doktor\u00e1tust nyert (1913. nov. 15.). Jog\u00e1sz dr., a Maros megyei \u00dcgyv\u00e9di Kamara d\u00e9k\u00e1nja. Feles\u00e9ge franciatan\u00e1rn\u0151, aki Mv.-re ker\u00fclt a francia int\u00e9zetbe (1931\u2013). A Maros megyei tan\u00e1csi v\u00e1laszt\u00e1son az OMP-N\u00e9pp\u00e1rt [&hellip;]<\/p>\n","protected":false},"featured_media":0,"comment_status":"open","ping_status":"closed","template":"","meta":[],"product_brand":[],"product_cat":[137],"product_tag":[],"class_list":{"0":"post-1814","1":"product","2":"type-product","3":"status-publish","5":"product_cat-maros-megyei-eletrajzi-lexikon","7":"first","8":"instock","9":"shipping-taxable","10":"product-type-simple"},"_links":{"self":[{"href":"https:\/\/uj.adatbank.ro\/lexikon\/wp-json\/wp\/v2\/product\/1814","targetHints":{"allow":["GET"]}}],"collection":[{"href":"https:\/\/uj.adatbank.ro\/lexikon\/wp-json\/wp\/v2\/product"}],"about":[{"href":"https:\/\/uj.adatbank.ro\/lexikon\/wp-json\/wp\/v2\/types\/product"}],"replies":[{"embeddable":true,"href":"https:\/\/uj.adatbank.ro\/lexikon\/wp-json\/wp\/v2\/comments?post=1814"}],"wp:attachment":[{"href":"https:\/\/uj.adatbank.ro\/lexikon\/wp-json\/wp\/v2\/media?parent=1814"}],"wp:term":[{"taxonomy":"product_brand","embeddable":true,"href":"https:\/\/uj.adatbank.ro\/lexikon\/wp-json\/wp\/v2\/product_brand?post=1814"},{"taxonomy":"product_cat","embeddable":true,"href":"https:\/\/uj.adatbank.ro\/lexikon\/wp-json\/wp\/v2\/product_cat?post=1814"},{"taxonomy":"product_tag","embeddable":true,"href":"https:\/\/uj.adatbank.ro\/lexikon\/wp-json\/wp\/v2\/product_tag?post=1814"}],"curies":[{"name":"wp","href":"https:\/\/api.w.org\/{rel}","templated":true}]}}

<p>Szásznádas, 1890. aug. 10., † Mv., 1978. júl. 21.: ügyvéd, műgyűjtő. – Felesége: Madeleine Fayon. – Német gimn.-ot végzett Segesváron. Jogot Kv.-on a FJTE-en (1909–13), jogi doktorátust nyert (1913. nov. 15.). Jogász dr., a Maros megyei Ügyvédi Kamara dékánja. Felesége franciatanárnő, aki Mv.-re került a francia intézetbe (1931–). A Maros megyei tanácsi választáson az OMP-Néppárt listáján került a tanácsba (1926. jún. 4.). Jelentős műgyűjteménye volt: birtokában volt 7 Vida kép, két Dósa Géza grafika, Thorma János, Nagy István művek, Körösfői Kriesch Aladár vázlata, Párizsból Legrange kis munkája, Corneliu Baba: Velence, Theodor Pallady, Aurel Ciupe képek, 10 Bordi András-kép is. Ez a gyűjtemény adományként a mv.-i Képzőművészeti Múzeum tulajdonába került. Kiállítás nyilt belőle (1978). Ritka értékű, román, német, m., francia könyvtárából a MMK-nak adományozott több kötetet a felesége. <br /><strong>Irod.:</strong> Almanah Tg. M.; Időtár 3.; [Nekrológ] (V. Z., 1978. júl. 22.); Sigmirean; Szépréti Lilla: Egy gyűjtemény gazdát cserél (Új Élet, 24. sz., 1978); Todea 2013</br></p>

<p>Szásznádas, 1890. aug. 10., † Mv., 1978. júl. 21.: ügyvéd, műgyűjtő. – Felesége: Madeleine Fayon. – Német gimn.-ot végzett Segesváron. Jogot Kv.-on a FJTE-en (1909–13), jogi doktorátust nyert (1913. nov. 15.). Jogász dr., a Maros megyei Ügyvédi Kamara dékánja. Felesége franciatanárnő, aki Mv.-re került a francia intézetbe (1931–). A Maros megyei tanácsi választáson az OMP-Néppárt [&hellip;]</p>
