{"id":18144,"date":"2025-07-16T10:40:58","date_gmt":"2025-07-16T08:40:58","guid":{"rendered":"https:\/\/uj.adatbank.ro\/lexikon\/termek\/petri-marosszeredai-csalad\/"},"modified":"2025-07-16T10:40:58","modified_gmt":"2025-07-16T08:40:58","slug":"petri-marosszeredai-csalad","status":"publish","type":"product","link":"https:\/\/uj.adatbank.ro\/lexikon\/termek\/petri-marosszeredai-csalad\/","title":{"rendered":"PETRI, marosszeredai csal\u00e1d"},"content":{"rendered":"<p>P. J\u00e1nos nemeslevelet \u00e9s szeredai h\u00e1z\u00e1ra ad\u00f3mentess\u00e9get nyert (1602. j\u00fan. 2.). <br \/><strong>Irod.:<\/strong> P\u00e1lmay<\/p>\n","protected":false},"excerpt":{"rendered":"<p>P. J\u00e1nos nemeslevelet \u00e9s szeredai h\u00e1z\u00e1ra ad\u00f3mentess\u00e9get nyert (1602. j\u00fan. 2.). Irod.: P\u00e1lmay<\/p>\n","protected":false},"featured_media":0,"comment_status":"open","ping_status":"closed","template":"","meta":[],"product_brand":[],"product_cat":[137],"product_tag":[],"class_list":{"0":"post-18144","1":"product","2":"type-product","3":"status-publish","5":"product_cat-maros-megyei-eletrajzi-lexikon","7":"first","8":"instock","9":"shipping-taxable","10":"product-type-simple"},"_links":{"self":[{"href":"https:\/\/uj.adatbank.ro\/lexikon\/wp-json\/wp\/v2\/product\/18144","targetHints":{"allow":["GET"]}}],"collection":[{"href":"https:\/\/uj.adatbank.ro\/lexikon\/wp-json\/wp\/v2\/product"}],"about":[{"href":"https:\/\/uj.adatbank.ro\/lexikon\/wp-json\/wp\/v2\/types\/product"}],"replies":[{"embeddable":true,"href":"https:\/\/uj.adatbank.ro\/lexikon\/wp-json\/wp\/v2\/comments?post=18144"}],"wp:attachment":[{"href":"https:\/\/uj.adatbank.ro\/lexikon\/wp-json\/wp\/v2\/media?parent=18144"}],"wp:term":[{"taxonomy":"product_brand","embeddable":true,"href":"https:\/\/uj.adatbank.ro\/lexikon\/wp-json\/wp\/v2\/product_brand?post=18144"},{"taxonomy":"product_cat","embeddable":true,"href":"https:\/\/uj.adatbank.ro\/lexikon\/wp-json\/wp\/v2\/product_cat?post=18144"},{"taxonomy":"product_tag","embeddable":true,"href":"https:\/\/uj.adatbank.ro\/lexikon\/wp-json\/wp\/v2\/product_tag?post=18144"}],"curies":[{"name":"wp","href":"https:\/\/api.w.org\/{rel}","templated":true}]}}