{"id":18150,"date":"2025-07-16T10:41:15","date_gmt":"2025-07-16T08:41:15","guid":{"rendered":"https:\/\/uj.adatbank.ro\/lexikon\/termek\/petri-ferenc\/"},"modified":"2025-07-16T10:41:15","modified_gmt":"2025-07-16T08:41:15","slug":"petri-ferenc","status":"publish","type":"product","link":"https:\/\/uj.adatbank.ro\/lexikon\/termek\/petri-ferenc\/","title":{"rendered":"PETRI Ferenc"},"content":{"rendered":"<p>1802., \u2020\u00a0Mv., 1874. okt. 29.:?. \u2013 Testv\u00e9rei: P. Eszter Csernich J\u00f3zsefn\u00e9; P. \u00c1gnes Szab\u00f3 Lajosn\u00e9 (1839.? \u2013 Mv., 1890. \u00e1pr. 20.); Feles\u00e9ge: Szathm\u00e1ri Eszter. Gyermekeik: Petri ferenc, S\u00e1ndor \u00e9s K\u00e1roly. <br \/><strong>Irod.:<\/strong> Gy\u00e1szjelent\u0151<\/br><\/p>\n","protected":false},"excerpt":{"rendered":"<p>1802., \u2020\u00a0Mv., 1874. okt. 29.:?. \u2013 Testv\u00e9rei: P. Eszter Csernich J\u00f3zsefn\u00e9; P. \u00c1gnes Szab\u00f3 Lajosn\u00e9 (1839.? \u2013 Mv., 1890. \u00e1pr. 20.); Feles\u00e9ge: Szathm\u00e1ri Eszter. Gyermekeik: Petri ferenc, S\u00e1ndor \u00e9s K\u00e1roly. Irod.: Gy\u00e1szjelent\u0151<\/p>\n","protected":false},"featured_media":0,"comment_status":"open","ping_status":"closed","template":"","meta":[],"product_brand":[],"product_cat":[137],"product_tag":[],"class_list":{"0":"post-18150","1":"product","2":"type-product","3":"status-publish","5":"product_cat-maros-megyei-eletrajzi-lexikon","7":"first","8":"instock","9":"shipping-taxable","10":"product-type-simple"},"_links":{"self":[{"href":"https:\/\/uj.adatbank.ro\/lexikon\/wp-json\/wp\/v2\/product\/18150","targetHints":{"allow":["GET"]}}],"collection":[{"href":"https:\/\/uj.adatbank.ro\/lexikon\/wp-json\/wp\/v2\/product"}],"about":[{"href":"https:\/\/uj.adatbank.ro\/lexikon\/wp-json\/wp\/v2\/types\/product"}],"replies":[{"embeddable":true,"href":"https:\/\/uj.adatbank.ro\/lexikon\/wp-json\/wp\/v2\/comments?post=18150"}],"wp:attachment":[{"href":"https:\/\/uj.adatbank.ro\/lexikon\/wp-json\/wp\/v2\/media?parent=18150"}],"wp:term":[{"taxonomy":"product_brand","embeddable":true,"href":"https:\/\/uj.adatbank.ro\/lexikon\/wp-json\/wp\/v2\/product_brand?post=18150"},{"taxonomy":"product_cat","embeddable":true,"href":"https:\/\/uj.adatbank.ro\/lexikon\/wp-json\/wp\/v2\/product_cat?post=18150"},{"taxonomy":"product_tag","embeddable":true,"href":"https:\/\/uj.adatbank.ro\/lexikon\/wp-json\/wp\/v2\/product_tag?post=18150"}],"curies":[{"name":"wp","href":"https:\/\/api.w.org\/{rel}","templated":true}]}}