{"id":18154,"date":"2025-07-16T10:41:24","date_gmt":"2025-07-16T08:41:24","guid":{"rendered":"https:\/\/uj.adatbank.ro\/lexikon\/termek\/petri-karoly\/"},"modified":"2025-07-16T10:41:24","modified_gmt":"2025-07-16T08:41:24","slug":"petri-karoly","status":"publish","type":"product","link":"https:\/\/uj.adatbank.ro\/lexikon\/termek\/petri-karoly\/","title":{"rendered":"PETRI K\u00e1roly"},"content":{"rendered":"<p>? \u2020 ?: \u00f6rm\u00e9ny keresked\u0151. \u2013 Tolok\u00e1n M\u00e1rtonnal vezett\u00e9k a Helikon nev\u0171 pap\u00edr-k\u00f6nyvesboltot \u00e9s k\u00f6nyvt\u00e1rat Mv. f\u0151t\u00e9ren 43. sz. (1942), K\u00f6nyv\u00e1rat \u00e9s k\u00f6nyvnyomd\u00e1t is m\u0171k\u00f6dtettek. <br \/><strong>Irod.:<\/strong> Mv.-i \u00f6rm\u00e9nyek; \u00d6rm\u00e9nyek<\/br><\/p>\n","protected":false},"excerpt":{"rendered":"<p>? \u2020 ?: \u00f6rm\u00e9ny keresked\u0151. \u2013 Tolok\u00e1n M\u00e1rtonnal vezett\u00e9k a Helikon nev\u0171 pap\u00edr-k\u00f6nyvesboltot \u00e9s k\u00f6nyvt\u00e1rat Mv. f\u0151t\u00e9ren 43. sz. (1942), K\u00f6nyv\u00e1rat \u00e9s k\u00f6nyvnyomd\u00e1t is m\u0171k\u00f6dtettek. Irod.: Mv.-i \u00f6rm\u00e9nyek; \u00d6rm\u00e9nyek<\/p>\n","protected":false},"featured_media":0,"comment_status":"open","ping_status":"closed","template":"","meta":[],"product_brand":[],"product_cat":[137],"product_tag":[],"class_list":{"0":"post-18154","1":"product","2":"type-product","3":"status-publish","5":"product_cat-maros-megyei-eletrajzi-lexikon","7":"first","8":"instock","9":"shipping-taxable","10":"product-type-simple"},"_links":{"self":[{"href":"https:\/\/uj.adatbank.ro\/lexikon\/wp-json\/wp\/v2\/product\/18154","targetHints":{"allow":["GET"]}}],"collection":[{"href":"https:\/\/uj.adatbank.ro\/lexikon\/wp-json\/wp\/v2\/product"}],"about":[{"href":"https:\/\/uj.adatbank.ro\/lexikon\/wp-json\/wp\/v2\/types\/product"}],"replies":[{"embeddable":true,"href":"https:\/\/uj.adatbank.ro\/lexikon\/wp-json\/wp\/v2\/comments?post=18154"}],"wp:attachment":[{"href":"https:\/\/uj.adatbank.ro\/lexikon\/wp-json\/wp\/v2\/media?parent=18154"}],"wp:term":[{"taxonomy":"product_brand","embeddable":true,"href":"https:\/\/uj.adatbank.ro\/lexikon\/wp-json\/wp\/v2\/product_brand?post=18154"},{"taxonomy":"product_cat","embeddable":true,"href":"https:\/\/uj.adatbank.ro\/lexikon\/wp-json\/wp\/v2\/product_cat?post=18154"},{"taxonomy":"product_tag","embeddable":true,"href":"https:\/\/uj.adatbank.ro\/lexikon\/wp-json\/wp\/v2\/product_tag?post=18154"}],"curies":[{"name":"wp","href":"https:\/\/api.w.org\/{rel}","templated":true}]}}