{"id":1816,"date":"2025-06-28T11:54:10","date_gmt":"2025-06-28T09:54:10","guid":{"rendered":"https:\/\/uj.adatbank.ro\/lexikon\/termek\/backamadarasi-kiss-gergely\/"},"modified":"2025-06-28T11:54:10","modified_gmt":"2025-06-28T09:54:10","slug":"backamadarasi-kiss-gergely","status":"publish","type":"product","link":"https:\/\/uj.adatbank.ro\/lexikon\/termek\/backamadarasi-kiss-gergely\/","title":{"rendered":"BACKAMADARASI KISS Gergely"},"content":{"rendered":"<p>Backamadaras, 1738. \u20201787: Mv.-en a ref. koll.-ban tanult, B\u00e9csben folytatta tanulm\u00e1nyait (1776), majd Sv\u00e1jcban, Baselben tanult k\u00e9t \u00e9vig. Sz\u00e9kelyudvarhelyen tan\u00e1r (1768\u2013), ahol fel\u00e9p\u00edtette a ref. koll\u00e9giumot (1773) \u00e9s a ref. templomot (1781). K\u00f6nyvt\u00e1rat is alap\u00edtott, t\u00f6bb fiatalt k\u00e9sz\u00edtett fel a k\u00fclf\u00f6ldi egyetemeken val\u00f3 tanul\u00e1sra. Egyh\u00e1zi besz\u00e9deit kiakarta adni, de nem fejezhette be. a 600 \u00e9ves \u00fcnnep\u00e9lyre. Faluj\u00e1ban szobrot szerettek volna \u00e1ll\u00edtani, de arck\u00e9p hi\u00e1ny\u00e1ban eml\u00e9koszlopot emeltek (1992). <br \/><strong>Irod.:<\/strong> Gligor Alexandru<\/br><\/p>\n","protected":false},"excerpt":{"rendered":"<p>Backamadaras, 1738. \u20201787: Mv.-en a ref. koll.-ban tanult, B\u00e9csben folytatta tanulm\u00e1nyait (1776), majd Sv\u00e1jcban, Baselben tanult k\u00e9t \u00e9vig. Sz\u00e9kelyudvarhelyen tan\u00e1r (1768\u2013), ahol fel\u00e9p\u00edtette a ref. koll\u00e9giumot (1773) \u00e9s a ref. templomot (1781). K\u00f6nyvt\u00e1rat is alap\u00edtott, t\u00f6bb fiatalt k\u00e9sz\u00edtett fel a k\u00fclf\u00f6ldi egyetemeken val\u00f3 tanul\u00e1sra. Egyh\u00e1zi besz\u00e9deit kiakarta adni, de nem fejezhette be. a 600 \u00e9ves [&hellip;]<\/p>\n","protected":false},"featured_media":0,"comment_status":"open","ping_status":"closed","template":"","meta":[],"product_brand":[],"product_cat":[137],"product_tag":[],"class_list":{"0":"post-1816","1":"product","2":"type-product","3":"status-publish","5":"product_cat-maros-megyei-eletrajzi-lexikon","7":"first","8":"instock","9":"shipping-taxable","10":"product-type-simple"},"_links":{"self":[{"href":"https:\/\/uj.adatbank.ro\/lexikon\/wp-json\/wp\/v2\/product\/1816","targetHints":{"allow":["GET"]}}],"collection":[{"href":"https:\/\/uj.adatbank.ro\/lexikon\/wp-json\/wp\/v2\/product"}],"about":[{"href":"https:\/\/uj.adatbank.ro\/lexikon\/wp-json\/wp\/v2\/types\/product"}],"replies":[{"embeddable":true,"href":"https:\/\/uj.adatbank.ro\/lexikon\/wp-json\/wp\/v2\/comments?post=1816"}],"wp:attachment":[{"href":"https:\/\/uj.adatbank.ro\/lexikon\/wp-json\/wp\/v2\/media?parent=1816"}],"wp:term":[{"taxonomy":"product_brand","embeddable":true,"href":"https:\/\/uj.adatbank.ro\/lexikon\/wp-json\/wp\/v2\/product_brand?post=1816"},{"taxonomy":"product_cat","embeddable":true,"href":"https:\/\/uj.adatbank.ro\/lexikon\/wp-json\/wp\/v2\/product_cat?post=1816"},{"taxonomy":"product_tag","embeddable":true,"href":"https:\/\/uj.adatbank.ro\/lexikon\/wp-json\/wp\/v2\/product_tag?post=1816"}],"curies":[{"name":"wp","href":"https:\/\/api.w.org\/{rel}","templated":true}]}}

<p>Backamadaras, 1738. †1787: Mv.-en a ref. koll.-ban tanult, Bécsben folytatta tanulmányait (1776), majd Svájcban, Baselben tanult két évig. Székelyudvarhelyen tanár (1768–), ahol felépítette a ref. kollégiumot (1773) és a ref. templomot (1781). Könyvtárat is alapított, több fiatalt készített fel a külföldi egyetemeken való tanulásra. Egyházi beszédeit kiakarta adni, de nem fejezhette be. a 600 éves ünnepélyre. Falujában szobrot szerettek volna állítani, de arckép hiányában emlékoszlopot emeltek (1992). <br /><strong>Irod.:</strong> Gligor Alexandru</br></p>

<p>Backamadaras, 1738. †1787: Mv.-en a ref. koll.-ban tanult, Bécsben folytatta tanulmányait (1776), majd Svájcban, Baselben tanult két évig. Székelyudvarhelyen tanár (1768–), ahol felépítette a ref. kollégiumot (1773) és a ref. templomot (1781). Könyvtárat is alapított, több fiatalt készített fel a külföldi egyetemeken való tanulásra. Egyházi beszédeit kiakarta adni, de nem fejezhette be. a 600 éves [&hellip;]</p>
