{"id":18168,"date":"2025-07-16T10:41:50","date_gmt":"2025-07-16T08:41:50","guid":{"rendered":"https:\/\/uj.adatbank.ro\/lexikon\/termek\/petrichevich-horvath-arthur-szeplaki-br\/"},"modified":"2025-07-16T10:41:50","modified_gmt":"2025-07-16T08:41:50","slug":"petrichevich-horvath-arthur-szeplaki-br","status":"publish","type":"product","link":"https:\/\/uj.adatbank.ro\/lexikon\/termek\/petrichevich-horvath-arthur-szeplaki-br\/","title":{"rendered":"PETRICHEVICH-HORV\u00c1TH Arth\u00far, sz\u00e9plaki br."},"content":{"rendered":"<p>Sz\u00e9plak, v. Hadr\u00e9v, 1872. m\u00e1j. 3. \u2020 Sz\u0151kefalva, 1945. jan. 8.: birtokos, ogy. k\u00e9pv., a m. f\u0151rendih\u00e1z \u00f6r\u00f6k\u00f6s tagja. \u2013 G\u00e1bor (1840\u20131890) \u00e9s Szilv\u00e1ssy Ida fia. Feles\u00e9ge br. bethleni gr. Bethlen Stef\u00e1nia (Kv., 1885. j\u00fan.16.- Kv., 1975. dec. 12); esk. Kv. (1911. j\u00fan. 18.). Gyermekei: Ida (1912\u2013), Gy\u00f6rgy (1914\u2013), Stef\u00e1nia (1916\u2013). H\u00e1zass\u00e1ga r\u00e9v\u00e9n lett a sz\u0151kefalvi Rh\u00e9dey-Rothethal kast\u00e9ly-egy\u00fcttes tulajdonosa, feles\u00e9ge volt a kast\u00e9ly utols\u00f3 tulajdonosa. \u2013 K\u00f6z\u00e9piskol\u00e1t Segesv\u00e1ron v\u00e9gzett, majd jogot hallgatott Kv.-on (\u20131895), \u00e9s \u00e1llamtudom\u00e1nyi doktori oklevelet is szerzett. Egy\u00e9ves \u00f6nk\u00e9ntes szolg\u00e1lat ut\u00e1n Kisk\u00fck\u00fcll\u0151megy\u00e9ban szolgab\u00edr\u00f3 (1896) majd tiszteletbeli f\u0151szolgab\u00edr\u00f3 lett. Kil\u00e9pett a megyei szolg\u00e1latb\u00f3l, birtok\u00e1n gazd\u00e1lkodott (1900\u2013), A sz\u00e1szsebesi ker k\u00e9pvisel\u0151v\u00e9 v\u00e1lasztotta (1901) szabadelv\u0171p\u00e1rti programmal. Mand\u00e1tum\u00e1r\u00f3l \u00f6nk\u00e9nt lemondott (1904) a p\u00e1rtb\u00f3l kil\u00e9pett s az az\u00f3ta alkotm\u00e1nyp\u00e1rtt\u00e1 alakult disszidensek politikai csoportj\u00e1hoz csatlakozott s e p\u00e1rt programj\u00e1val nyerte el a balav\u00e1s\u00e1ri v\u00e1laszt\u00f3ker. mand\u00e1tum\u00e1t (1906). A mentelmi bizotts\u00e1g tagja (1910\u201315). A D\u00e1vid Ferenc Egylet eln\u00f6ke volt (1925\u201327). B\u00e1r\u00f3s\u00e1got kapott (1894. m\u00e1j. 30.). Alap\u00edt\u00f3ja \u00e9s tulajdonosa volt K\u00fck\u00fcll\u0151sz\u00e9plakon a B\u00e1r\u00f3 P. H. A. Mez\u0151gazdas\u00e1gi G\u00e9pgy\u00e1rnak (alap\u00edt\u00e1si \u00e9v 1911), amely alkohol \u00e9s olaj gy\u00e1rt\u00e1s\u00e1ra \u00e9p\u00fclt, szeszfinom\u00edt\u00f3ja is volt. A csal\u00e1d ingatlanjai az \u00e1llamos\u00edt\u00e1skor az akkori n\u00e9ptan\u00e1cs birtok\u00e1ba, k\u00e9s\u0151bb az \u00e1llami gazdas\u00e1g tulajdon\u00e1ba ker\u00fcltek, ami Agrozooviticola n\u00e9ven r\u00e9szv\u00e9nyt\u00e1rsas\u00e1gg\u00e1 alakult (1990), \u00e9s cs\u0151delj\u00e1r\u00e1s alatt \u00e1ll, a kast\u00e9ly \u00e9s a hozz\u00e1tartoz\u00f3 mell\u00e9k\u00e9p\u00fcletek az \u00c1llami Birtokok \u00dcgyn\u00f6ks\u00e9g\u00e9nek tulajdon\u00e1ba ker\u00fcltek (2005). Az utols\u00f3 tulajdonosa a sz\u00f6kefalvi kast\u00e9lynak. Amikor az orosz \u00e9s rom\u00e1n katon\u00e1k a h\u00e1bor\u00fa v\u00e9g\u00e9n bevonultak Sz\u00f6kefalv\u00e1ra er\u0151szakoskkal p\u00e1link\u00e1val itatt\u00e1k \u00e9s alkoholm\u00e9rgez\u00e9sben halt meg. <br \/><strong>Irod.:<\/strong> Bak\u00f3 Zolt\u00e1n: Kihaszn\u00e1latlanul \u00e1ll a sz\u00f6kefalvi kast\u00e9ly (V\u00e1s\u00e1rhelyi H\u00edrlap, 2008. m\u00e1rc. 20); Bicsok-Orb\u00e1n; EBKL; Ga\u00e1l 2001; Gudenus; Kempelen; Keresztes Gyula: A backamadarasi udvarh\u00e1z \u00e9s kast\u00e9ly (N\u00fa., 1994. febr. 25.); Lukinich; Ogyi almanach (1905\u201310)<\/br><\/p>\n","protected":false},"excerpt":{"rendered":"<p>Sz\u00e9plak, v. Hadr\u00e9v, 1872. m\u00e1j. 3. \u2020 Sz\u0151kefalva, 1945. jan. 8.: birtokos, ogy. k\u00e9pv., a m. f\u0151rendih\u00e1z \u00f6r\u00f6k\u00f6s tagja. \u2013 G\u00e1bor (1840\u20131890) \u00e9s Szilv\u00e1ssy Ida fia. Feles\u00e9ge br. bethleni gr. Bethlen Stef\u00e1nia (Kv., 1885. j\u00fan.16.- Kv., 1975. dec. 12); esk. Kv. (1911. j\u00fan. 18.). Gyermekei: Ida (1912\u2013), Gy\u00f6rgy (1914\u2013), Stef\u00e1nia (1916\u2013). H\u00e1zass\u00e1ga r\u00e9v\u00e9n lett a [&hellip;]<\/p>\n","protected":false},"featured_media":0,"comment_status":"open","ping_status":"closed","template":"","meta":[],"product_brand":[],"product_cat":[137],"product_tag":[],"class_list":{"0":"post-18168","1":"product","2":"type-product","3":"status-publish","5":"product_cat-maros-megyei-eletrajzi-lexikon","7":"first","8":"instock","9":"shipping-taxable","10":"product-type-simple"},"_links":{"self":[{"href":"https:\/\/uj.adatbank.ro\/lexikon\/wp-json\/wp\/v2\/product\/18168","targetHints":{"allow":["GET"]}}],"collection":[{"href":"https:\/\/uj.adatbank.ro\/lexikon\/wp-json\/wp\/v2\/product"}],"about":[{"href":"https:\/\/uj.adatbank.ro\/lexikon\/wp-json\/wp\/v2\/types\/product"}],"replies":[{"embeddable":true,"href":"https:\/\/uj.adatbank.ro\/lexikon\/wp-json\/wp\/v2\/comments?post=18168"}],"wp:attachment":[{"href":"https:\/\/uj.adatbank.ro\/lexikon\/wp-json\/wp\/v2\/media?parent=18168"}],"wp:term":[{"taxonomy":"product_brand","embeddable":true,"href":"https:\/\/uj.adatbank.ro\/lexikon\/wp-json\/wp\/v2\/product_brand?post=18168"},{"taxonomy":"product_cat","embeddable":true,"href":"https:\/\/uj.adatbank.ro\/lexikon\/wp-json\/wp\/v2\/product_cat?post=18168"},{"taxonomy":"product_tag","embeddable":true,"href":"https:\/\/uj.adatbank.ro\/lexikon\/wp-json\/wp\/v2\/product_tag?post=18168"}],"curies":[{"name":"wp","href":"https:\/\/api.w.org\/{rel}","templated":true}]}}