{"id":18169,"date":"2025-07-16T10:41:55","date_gmt":"2025-07-16T08:41:55","guid":{"rendered":"https:\/\/uj.adatbank.ro\/lexikon\/termek\/petrichevich-horvath-bela-szeplaki-br\/"},"modified":"2025-07-16T10:41:55","modified_gmt":"2025-07-16T08:41:55","slug":"petrichevich-horvath-bela-szeplaki-br","status":"publish","type":"product","link":"https:\/\/uj.adatbank.ro\/lexikon\/termek\/petrichevich-horvath-bela-szeplaki-br\/","title":{"rendered":"PETRICHEVICH-HORV\u00c1TH B\u00e9la, sz\u00e9plaki br."},"content":{"rendered":"<p>Backamadaras, Sz\u00e1szr\u00e9gen, 1834. dec. 12. \u2020 Mv., 1912. nov. 29.: f\u00f6ldbirtokos, m. k. husz\u00e1rkapit\u00e1ny. \u2013 Albert (1801\u20131874) \u00e9s z\u00e1goni Szentkereszthy Zsuzsanna fia. Feles\u00e9ge : 1. tagyosi Csap\u00f3 Johanna (* Dunaszentgy\u00f6rgy, 1839. febr., 24. \u2020 Bp., 1922. aug., 1). Esk. Tengelic, 1864. nov., 23., elv\u00e1ltak 1869.) 2; tinkovai Macsk\u00e1si Laura (*Sz\u00e9kelykereszt\u00far, 1841. dec., 15. \u2020 Backamadaras 1888. jan., 2. Esk. Mv., 1871. dec., 16.). 8 gyermeke sz\u00fcletett. 3 meghalt (1891) v\u00edzbe fulltak. <br \/><strong>Irod.:<\/strong> Gudenus, Kempelen<\/br><\/p>\n","protected":false},"excerpt":{"rendered":"<p>Backamadaras, Sz\u00e1szr\u00e9gen, 1834. dec. 12. \u2020 Mv., 1912. nov. 29.: f\u00f6ldbirtokos, m. k. husz\u00e1rkapit\u00e1ny. \u2013 Albert (1801\u20131874) \u00e9s z\u00e1goni Szentkereszthy Zsuzsanna fia. Feles\u00e9ge : 1. tagyosi Csap\u00f3 Johanna (* Dunaszentgy\u00f6rgy, 1839. febr., 24. \u2020 Bp., 1922. aug., 1). Esk. Tengelic, 1864. nov., 23., elv\u00e1ltak 1869.) 2; tinkovai Macsk\u00e1si Laura (*Sz\u00e9kelykereszt\u00far, 1841. dec., 15. \u2020 Backamadaras [&hellip;]<\/p>\n","protected":false},"featured_media":0,"comment_status":"open","ping_status":"closed","template":"","meta":[],"product_brand":[],"product_cat":[137],"product_tag":[],"class_list":{"0":"post-18169","1":"product","2":"type-product","3":"status-publish","5":"product_cat-maros-megyei-eletrajzi-lexikon","7":"first","8":"instock","9":"shipping-taxable","10":"product-type-simple"},"_links":{"self":[{"href":"https:\/\/uj.adatbank.ro\/lexikon\/wp-json\/wp\/v2\/product\/18169","targetHints":{"allow":["GET"]}}],"collection":[{"href":"https:\/\/uj.adatbank.ro\/lexikon\/wp-json\/wp\/v2\/product"}],"about":[{"href":"https:\/\/uj.adatbank.ro\/lexikon\/wp-json\/wp\/v2\/types\/product"}],"replies":[{"embeddable":true,"href":"https:\/\/uj.adatbank.ro\/lexikon\/wp-json\/wp\/v2\/comments?post=18169"}],"wp:attachment":[{"href":"https:\/\/uj.adatbank.ro\/lexikon\/wp-json\/wp\/v2\/media?parent=18169"}],"wp:term":[{"taxonomy":"product_brand","embeddable":true,"href":"https:\/\/uj.adatbank.ro\/lexikon\/wp-json\/wp\/v2\/product_brand?post=18169"},{"taxonomy":"product_cat","embeddable":true,"href":"https:\/\/uj.adatbank.ro\/lexikon\/wp-json\/wp\/v2\/product_cat?post=18169"},{"taxonomy":"product_tag","embeddable":true,"href":"https:\/\/uj.adatbank.ro\/lexikon\/wp-json\/wp\/v2\/product_tag?post=18169"}],"curies":[{"name":"wp","href":"https:\/\/api.w.org\/{rel}","templated":true}]}}