{"id":1817,"date":"2025-06-28T11:54:12","date_gmt":"2025-06-28T09:54:12","guid":{"rendered":"https:\/\/uj.adatbank.ro\/lexikon\/termek\/backamadarasi-pal\/"},"modified":"2025-06-28T11:54:12","modified_gmt":"2025-06-28T09:54:12","slug":"backamadarasi-pal","status":"publish","type":"product","link":"https:\/\/uj.adatbank.ro\/lexikon\/termek\/backamadarasi-pal\/","title":{"rendered":"BACKAMADARASI P\u00e1l"},"content":{"rendered":"<p>? \u2020 ? : f\u00f6ldbirtokos. \u2013 Zsigmond kir\u00e1ly megparancsolja a gyulafeh\u00e9rv\u00e1ri k\u00e1ptalannak, hogy iktassa be. Baczka-Madarasi P\u00e1l fiait K\u00fck\u00fcll\u0151 v\u00e1rmegyei Kissz\u0151l\u0151s (Sz\u00e1szsz\u0151l\u0151s Seleus) helys\u00e9gbe, melyre nekik \u00faj adom\u00e1nyt adott (Di\u00f3sgy\u00f6r, 1392. \u00e1pr. 15.). <br \/><strong>Irod.:<\/strong> Sz\u00e9kely oklevl\u00e9lt\u00e1r 1; Sz\u00e9kelyf\u00f6ld t\u00f6rt. 1.<\/br><\/p>\n","protected":false},"excerpt":{"rendered":"<p>? \u2020 ? : f\u00f6ldbirtokos. \u2013 Zsigmond kir\u00e1ly megparancsolja a gyulafeh\u00e9rv\u00e1ri k\u00e1ptalannak, hogy iktassa be. Baczka-Madarasi P\u00e1l fiait K\u00fck\u00fcll\u0151 v\u00e1rmegyei Kissz\u0151l\u0151s (Sz\u00e1szsz\u0151l\u0151s Seleus) helys\u00e9gbe, melyre nekik \u00faj adom\u00e1nyt adott (Di\u00f3sgy\u00f6r, 1392. \u00e1pr. 15.). Irod.: Sz\u00e9kely oklevl\u00e9lt\u00e1r 1; Sz\u00e9kelyf\u00f6ld t\u00f6rt. 1.<\/p>\n","protected":false},"featured_media":0,"comment_status":"open","ping_status":"closed","template":"","meta":[],"product_brand":[],"product_cat":[137],"product_tag":[],"class_list":{"0":"post-1817","1":"product","2":"type-product","3":"status-publish","5":"product_cat-maros-megyei-eletrajzi-lexikon","7":"first","8":"instock","9":"shipping-taxable","10":"product-type-simple"},"_links":{"self":[{"href":"https:\/\/uj.adatbank.ro\/lexikon\/wp-json\/wp\/v2\/product\/1817","targetHints":{"allow":["GET"]}}],"collection":[{"href":"https:\/\/uj.adatbank.ro\/lexikon\/wp-json\/wp\/v2\/product"}],"about":[{"href":"https:\/\/uj.adatbank.ro\/lexikon\/wp-json\/wp\/v2\/types\/product"}],"replies":[{"embeddable":true,"href":"https:\/\/uj.adatbank.ro\/lexikon\/wp-json\/wp\/v2\/comments?post=1817"}],"wp:attachment":[{"href":"https:\/\/uj.adatbank.ro\/lexikon\/wp-json\/wp\/v2\/media?parent=1817"}],"wp:term":[{"taxonomy":"product_brand","embeddable":true,"href":"https:\/\/uj.adatbank.ro\/lexikon\/wp-json\/wp\/v2\/product_brand?post=1817"},{"taxonomy":"product_cat","embeddable":true,"href":"https:\/\/uj.adatbank.ro\/lexikon\/wp-json\/wp\/v2\/product_cat?post=1817"},{"taxonomy":"product_tag","embeddable":true,"href":"https:\/\/uj.adatbank.ro\/lexikon\/wp-json\/wp\/v2\/product_tag?post=1817"}],"curies":[{"name":"wp","href":"https:\/\/api.w.org\/{rel}","templated":true}]}}