{"id":18173,"date":"2025-07-16T10:42:03","date_gmt":"2025-07-16T08:42:03","guid":{"rendered":"https:\/\/uj.adatbank.ro\/lexikon\/termek\/petrichevich-horvath-boldizsar-szeplaki-br\/"},"modified":"2025-07-16T10:42:03","modified_gmt":"2025-07-16T08:42:03","slug":"petrichevich-horvath-boldizsar-szeplaki-br","status":"publish","type":"product","link":"https:\/\/uj.adatbank.ro\/lexikon\/termek\/petrichevich-horvath-boldizsar-szeplaki-br\/","title":{"rendered":"PETRICHEVICH-HORV\u00c1TH Boldizs\u00e1r, sz\u00e9plaki, br."},"content":{"rendered":"<p>Kv., 1714. j\u00fal. 4., \u2020 V\u00e1mosudvarhely, 1777. nov. 29; temett\u00e9k Sz\u00e9plakon 1778. jan. 15.: erd\u00e9lyi f\u0151\u00far, t\u00e1blab\u00edr\u00f3, napl\u00f3\u00edr\u00f3. \u2013 Boldizs\u00e1r (1680\u20131735) \u00e9s Suky Kl\u00e1ra fia. Feles\u00e9gei : 1. vargyasi D\u00e1niel Judit (1724. m\u00e1rc. 12\u20131764. jan. 20) Esk. Jobb\u00e1gyfalva, (1742. m\u00e1rc. 12), fia D\u00e1niel; 2. nagyenyedi Enyedi Anna (\u20131794. m\u00e1rc. 29). Esk. \u00c1kosfalva, (1766. j\u00fan. 5). R\u00e9gi unit. csal\u00e1db\u00f3l sz\u00e1rmazott. A csal\u00e1db\u00f3l az unit. egyh\u00e1z els\u0151 megv\u00e1lasztott f\u0151gondnoka (1753. jan. 16.\u201478. febr.). A kiss\u00e1rosi (1721\u2013), a ny\u00e1r\u00e1dszentl\u00e1szl\u00f3i unit. isk.-ban (1725\u2013), a kv.-i unit. kol\u00adl\u00e9giumban tanult (1728\u201333), ahonnan besz\u00e9ddel b\u00facs\u00fazott el (1733. j\u00fal.) W\u00e1r\u00f3 Mih\u00e1ly prokur\u00e1tor mellett joggyakornok (1734\u201335). Kun Zsigmond \u00edt\u00e9l\u0151mester (1735\u2013), Mariaff\u00ed D\u00e1vid Kolozs vm. f\u0151ip\u00e1nja szolg\u00e1lat\u00e1\u00adban \u00e1llt (1738. dec.\u2013). Ezut\u00e1n Melegf\u00f6ldv\u00e1ron, V\u00e1mosudvarhelyen \u00e9s a per t\u00e1rgy\u00e1t k\u00e9pez\u0151 folti j\u00f3sz\u00e1g\u00e1n gazd\u00e1lkodott (1745\u201364). T\u00f6bb erd\u00e9lyi ogy.-en kir. megb\u00edzottk\u00e9nt volt jelen. Napl\u00f3feljegyz\u00e9seket k\u00e9sz\u00edtett (1725\u201373). Doboka, K\u00fck\u00fcll\u0151 \u00e9s Torda vm. hites t\u00e1blab\u00edr\u00e1ja. A csal\u00e1db\u00f3l az unit. egyh\u00e1z els\u0151 megv\u00e1lasztott f\u0151gondnoka (1735\u201378). Az egyh\u00e1zak \u00e9s iskol\u00e1k \u00fcgyei int\u00e9z\u00e9s\u00e9ben \u00e9s v\u00e9delm\u00e9ben nagy tev\u00e9kenys\u00e9get fejtett ki \u00e9s sok \u00e1ldozatot hozott. Napl\u00f3t hagyott h\u00e1tra mely (1725\u20131773. ig terjed) \u00e9s a csal\u00e1d dolgain kiv\u00fcl Erd\u00e9ly \u00e9let\u00e9re n\u00e9zve is \u00e9rdekes adatokat tartalmaz, 1745-ben kezdte \u00edrni \u00e9s munk\u00e1ja elej\u00e9n k\u00f6z\u00f6lte az 1745 el\u0151tt t\u00f6rt\u00e9nteket is saj\u00e1t eml\u00e9kei \u00e9s m\u00e1s forr\u00e1sok alapj\u00e1n. A Kereszt\u00e9ny Magvet\u0151 \u00e9s a Haz\u00e1nk k\u00f6z\u00f6lte gr. L\u00e1z\u00e1r Mikl\u00f3s jegyzeteivel (1886, 1888). \u2013 <strong>F. m.:<\/strong> Ifj. P. H. B. napl\u00f3ja, 1725\u20131773. Kiad. gr. L\u00e1\u00adz\u00e1r Mikl\u00f3s (Haz\u00e1nk, 1888). <br \/><strong>Irod.:<\/strong> Bicsok-Orb\u00e1n; Boros Gy\u00f6rgy: B\u00e1r\u00f3 Petrichevich-Horv\u00e1th K\u00e1lm\u00e1n \u00e9s el\u0151dei (Cluj-Kv., 1929); Gudenus; Kempelen; K\u0151v\u00e1ry L\u00e1szl\u00f3: Erd\u00e9ly nevezetesebb csal\u00e1dai (Kv., 1854); K\u0151v\u00e1ry L\u00e1szl\u00f3 1899; MAM\u0170L; P\u00e1lmay; Sas P\u00e9ter: Kelemen Lajos kiadatlan \u00f6ssze\u00edr\u00e1saib\u00f3l (M\u0171vel\u0151d\u00e9s, 10. sz., 2011.); Szinnyei; \u00daM\u00c9L<\/br><\/p>\n","protected":false},"excerpt":{"rendered":"<p>Kv., 1714. j\u00fal. 4., \u2020 V\u00e1mosudvarhely, 1777. nov. 29; temett\u00e9k Sz\u00e9plakon 1778. jan. 15.: erd\u00e9lyi f\u0151\u00far, t\u00e1blab\u00edr\u00f3, napl\u00f3\u00edr\u00f3. \u2013 Boldizs\u00e1r (1680\u20131735) \u00e9s Suky Kl\u00e1ra fia. Feles\u00e9gei : 1. vargyasi D\u00e1niel Judit (1724. m\u00e1rc. 12\u20131764. jan. 20) Esk. Jobb\u00e1gyfalva, (1742. m\u00e1rc. 12), fia D\u00e1niel; 2. nagyenyedi Enyedi Anna (\u20131794. m\u00e1rc. 29). Esk. \u00c1kosfalva, (1766. j\u00fan. 5). [&hellip;]<\/p>\n","protected":false},"featured_media":0,"comment_status":"open","ping_status":"closed","template":"","meta":[],"product_brand":[],"product_cat":[137],"product_tag":[],"class_list":{"0":"post-18173","1":"product","2":"type-product","3":"status-publish","5":"product_cat-maros-megyei-eletrajzi-lexikon","7":"first","8":"instock","9":"shipping-taxable","10":"product-type-simple"},"_links":{"self":[{"href":"https:\/\/uj.adatbank.ro\/lexikon\/wp-json\/wp\/v2\/product\/18173","targetHints":{"allow":["GET"]}}],"collection":[{"href":"https:\/\/uj.adatbank.ro\/lexikon\/wp-json\/wp\/v2\/product"}],"about":[{"href":"https:\/\/uj.adatbank.ro\/lexikon\/wp-json\/wp\/v2\/types\/product"}],"replies":[{"embeddable":true,"href":"https:\/\/uj.adatbank.ro\/lexikon\/wp-json\/wp\/v2\/comments?post=18173"}],"wp:attachment":[{"href":"https:\/\/uj.adatbank.ro\/lexikon\/wp-json\/wp\/v2\/media?parent=18173"}],"wp:term":[{"taxonomy":"product_brand","embeddable":true,"href":"https:\/\/uj.adatbank.ro\/lexikon\/wp-json\/wp\/v2\/product_brand?post=18173"},{"taxonomy":"product_cat","embeddable":true,"href":"https:\/\/uj.adatbank.ro\/lexikon\/wp-json\/wp\/v2\/product_cat?post=18173"},{"taxonomy":"product_tag","embeddable":true,"href":"https:\/\/uj.adatbank.ro\/lexikon\/wp-json\/wp\/v2\/product_tag?post=18173"}],"curies":[{"name":"wp","href":"https:\/\/api.w.org\/{rel}","templated":true}]}}