{"id":18174,"date":"2025-07-16T10:42:06","date_gmt":"2025-07-16T08:42:06","guid":{"rendered":"https:\/\/uj.adatbank.ro\/lexikon\/termek\/petrichevich-horvath-daniel-szeplaki-nemes\/"},"modified":"2025-07-16T10:42:06","modified_gmt":"2025-07-16T08:42:06","slug":"petrichevich-horvath-daniel-szeplaki-nemes","status":"publish","type":"product","link":"https:\/\/uj.adatbank.ro\/lexikon\/termek\/petrichevich-horvath-daniel-szeplaki-nemes\/","title":{"rendered":"PETRICHEVICH-HORV\u00c1TH D\u00e1niel, sz\u00e9plaki nemes"},"content":{"rendered":"<p>1743. dec. 29, \u2020 1802: f\u00f6ldbirtokos, cs. k. lovass\u00e1gi \u0151rnagy, kir. biztos. \u2013 Boldizs\u00e1r (1714\u20131777) \u00e9s \u00e9s Daniel M\u00e1ria (1724\u20131764) fia. Feles\u00e9ge Tholdy M\u00e1ria (1750\u20131777). \u00c1tt\u00e9rt a r.k. vall\u00e1sra. Fiai a csal\u00e1d h\u00e1rom \u00e1gazat\u00e1nak a megalap\u00edt\u00f3i: Farkas (1767\u20131816), D\u00e1niel (1769\u20131842), Zsigmond.(1770\u2013).-<br \/><strong>Irod.:<\/strong> Gudenus<\/br><\/p>\n","protected":false},"excerpt":{"rendered":"<p>1743. dec. 29, \u2020 1802: f\u00f6ldbirtokos, cs. k. lovass\u00e1gi \u0151rnagy, kir. biztos. \u2013 Boldizs\u00e1r (1714\u20131777) \u00e9s \u00e9s Daniel M\u00e1ria (1724\u20131764) fia. Feles\u00e9ge Tholdy M\u00e1ria (1750\u20131777). \u00c1tt\u00e9rt a r.k. vall\u00e1sra. Fiai a csal\u00e1d h\u00e1rom \u00e1gazat\u00e1nak a megalap\u00edt\u00f3i: Farkas (1767\u20131816), D\u00e1niel (1769\u20131842), Zsigmond.(1770\u2013).-Irod.: Gudenus<\/p>\n","protected":false},"featured_media":0,"comment_status":"open","ping_status":"closed","template":"","meta":[],"product_brand":[],"product_cat":[137],"product_tag":[],"class_list":{"0":"post-18174","1":"product","2":"type-product","3":"status-publish","5":"product_cat-maros-megyei-eletrajzi-lexikon","7":"first","8":"instock","9":"shipping-taxable","10":"product-type-simple"},"_links":{"self":[{"href":"https:\/\/uj.adatbank.ro\/lexikon\/wp-json\/wp\/v2\/product\/18174","targetHints":{"allow":["GET"]}}],"collection":[{"href":"https:\/\/uj.adatbank.ro\/lexikon\/wp-json\/wp\/v2\/product"}],"about":[{"href":"https:\/\/uj.adatbank.ro\/lexikon\/wp-json\/wp\/v2\/types\/product"}],"replies":[{"embeddable":true,"href":"https:\/\/uj.adatbank.ro\/lexikon\/wp-json\/wp\/v2\/comments?post=18174"}],"wp:attachment":[{"href":"https:\/\/uj.adatbank.ro\/lexikon\/wp-json\/wp\/v2\/media?parent=18174"}],"wp:term":[{"taxonomy":"product_brand","embeddable":true,"href":"https:\/\/uj.adatbank.ro\/lexikon\/wp-json\/wp\/v2\/product_brand?post=18174"},{"taxonomy":"product_cat","embeddable":true,"href":"https:\/\/uj.adatbank.ro\/lexikon\/wp-json\/wp\/v2\/product_cat?post=18174"},{"taxonomy":"product_tag","embeddable":true,"href":"https:\/\/uj.adatbank.ro\/lexikon\/wp-json\/wp\/v2\/product_tag?post=18174"}],"curies":[{"name":"wp","href":"https:\/\/api.w.org\/{rel}","templated":true}]}}