{"id":1818,"date":"2025-06-28T11:54:13","date_gmt":"2025-06-28T09:54:13","guid":{"rendered":"https:\/\/uj.adatbank.ro\/lexikon\/termek\/bacon-josef-%c2%a7\/"},"modified":"2025-06-28T11:54:13","modified_gmt":"2025-06-28T09:54:13","slug":"bacon-josef-%c2%a7","status":"publish","type":"product","link":"https:\/\/uj.adatbank.ro\/lexikon\/termek\/bacon-josef-%c2%a7\/","title":{"rendered":"BACON Josef, \u00a7"},"content":{"rendered":"<p>Segesv\u00e1r, 1857. m\u00e1rc. 27., \u2020 Segesv\u00e1r, 1941. jan. 31.: orvos, term\u00e9szettud\u00f3s, helyt\u00f6rt\u00e9n\u00e9sz. \u2013 Apja ogy.-i k\u00e9pvisel\u0151 \u00e9s \u00fcgyv\u00e9d Bud\u00e1n. \u2013 Gimn.-i tanulm\u00e1nyait Segesv\u00e1ron az ev. gimn.-ban, orvosi tanulm\u00e1nyait B\u00e9csben az Egy. B\u00f6lcs\u00e9sz Kar\u00e1n (1874\u201375), a lipcsei Egy. Orvostud. Kar\u00e1n (1875. nov. 26. \u201376. aug. 19.), Kv.-on, Bp.-en, majd \u00fajra B\u00e9csben az Orvostud. Karon (1879\u201380) tanult, orvosi doktor\u00e1tust B\u00e9csben szerzett (1882), itt kapott seb\u00e9szeti kik\u00e9pz\u00e9st is. Tisztiorvos Gyergy\u00f3szentmikl\u00f3son (1882\u201383), Segesv\u00e1ron tiszti f\u0151orvos (1883\u20131923). Segesv\u00e1ron \u00e9p\u00fclt az \u201eA\u201d kateg\u00f3ri\u00e1ba tartoz\u00f3 k\u00e9t m\u0171eml\u00e9k h\u00e1za (\u015ecolii u. 2.; 17. \u2013 18. sz., 20. sz.; Cositorarilor u. 2.; 18. \u2013 19. sz.). Hozz\u00e1j\u00e1rult a v\u00e1ros csatorna \u00e9s v\u00edzvezet\u00e9k-h\u00e1ll\u00f3zat\u00e1nak ki\u00e9p\u00edt\u00e9s\u00e9hez, modern j\u00e1rv\u00e1nyk\u00f3rh\u00e1zat hozott l\u00e9tre (1896); az els\u0151 vh. el\u0151tt \u00e9lelmiszer-ellen\u0151rz\u0151 \u00e1llom\u00e1st, csel\u00e9d- betegbiztos\u00edt\u00f3t \u00e9s TBC j\u00e1r\u00f3beteg kezel\u0151t l\u00e9tes\u00edtett. A Hann Sebesty\u00e9n kult\u00far\u00e1lis egyes\u00fclet alap\u00edt\u00f3 tagja \u00e9s aleln\u00f6ke. Sok \u00e9ven \u00e1t az ev. egyh\u00e1zk\u00f6zs\u00e9g gondnoka. Helyismeret kutat\u00f3, a segesv\u00e1ri Alt Sch\u00e4ssburg M\u00fazeum (1899) l\u00e9trehoz\u00f3ja \u00e9s vezet\u0151je \u00e9lete v\u00e9g\u00e9ig. A Segesv\u00e1r-Szent\u00e1gota helyi\u00e9rdek\u0171 vas\u00fat fel\u00fcgyel\u0151 bizotts\u00e1g\u00e1nak tagja (1908). L\u00e9trehoz\u00f3ja a Sz\u00e1sz Gy\u00f3gyszer\u00e9szeti M\u00fazeumnak is (1912), valamint a Sz\u00e1sz Etnogr\u00e1fiai M\u00fazeumnak (1908) \u00e9s az Iskola M\u00fazeumnak (1932), amelyeket ma a Segesv\u00e1r V\u00e1ros T\u00f6rt\u00e9neti M\u00fazeuma gy\u0171jtem\u00e9ny\u00e9be illesztettek (1968). Cikkei \u00e9s tanulm\u00e1nyai a Grosskokler Bote, Medizinische Zeitschrift \u2013ben jelentek meg. <br \/><strong>Irod.:<\/strong> LSS; Megyei kis lexikon: Dr. J. B. (Rajz: Porzsolt Borb\u00e1la, Sz\u00f6veg: Izs\u00e1k Istv\u00e1n; V. Z., 1968. j\u00fan. 30.); MMA; Sz\u00e9pr\u00e9ti: R\u00e9gi \u00e9s \u00faj vil\u00e1g; Szab\u00f3\u2013Simon\u2013Sz\u00f6gi; Te\u015fcu\u0103, Nicolae: Muzeul de Istorie Sighi\u015foara la 110 ani (Vatra veche, nr. 8., 2009); Valori mure\u015fene de patrimoniu<\/br><\/p>\n","protected":false},"excerpt":{"rendered":"<p>Segesv\u00e1r, 1857. m\u00e1rc. 27., \u2020 Segesv\u00e1r, 1941. jan. 31.: orvos, term\u00e9szettud\u00f3s, helyt\u00f6rt\u00e9n\u00e9sz. \u2013 Apja ogy.-i k\u00e9pvisel\u0151 \u00e9s \u00fcgyv\u00e9d Bud\u00e1n. \u2013 Gimn.-i tanulm\u00e1nyait Segesv\u00e1ron az ev. gimn.-ban, orvosi tanulm\u00e1nyait B\u00e9csben az Egy. B\u00f6lcs\u00e9sz Kar\u00e1n (1874\u201375), a lipcsei Egy. Orvostud. Kar\u00e1n (1875. nov. 26. \u201376. aug. 19.), Kv.-on, Bp.-en, majd \u00fajra B\u00e9csben az Orvostud. Karon (1879\u201380) tanult, [&hellip;]<\/p>\n","protected":false},"featured_media":0,"comment_status":"open","ping_status":"closed","template":"","meta":[],"product_brand":[],"product_cat":[137],"product_tag":[],"class_list":{"0":"post-1818","1":"product","2":"type-product","3":"status-publish","5":"product_cat-maros-megyei-eletrajzi-lexikon","7":"first","8":"instock","9":"shipping-taxable","10":"product-type-simple"},"_links":{"self":[{"href":"https:\/\/uj.adatbank.ro\/lexikon\/wp-json\/wp\/v2\/product\/1818","targetHints":{"allow":["GET"]}}],"collection":[{"href":"https:\/\/uj.adatbank.ro\/lexikon\/wp-json\/wp\/v2\/product"}],"about":[{"href":"https:\/\/uj.adatbank.ro\/lexikon\/wp-json\/wp\/v2\/types\/product"}],"replies":[{"embeddable":true,"href":"https:\/\/uj.adatbank.ro\/lexikon\/wp-json\/wp\/v2\/comments?post=1818"}],"wp:attachment":[{"href":"https:\/\/uj.adatbank.ro\/lexikon\/wp-json\/wp\/v2\/media?parent=1818"}],"wp:term":[{"taxonomy":"product_brand","embeddable":true,"href":"https:\/\/uj.adatbank.ro\/lexikon\/wp-json\/wp\/v2\/product_brand?post=1818"},{"taxonomy":"product_cat","embeddable":true,"href":"https:\/\/uj.adatbank.ro\/lexikon\/wp-json\/wp\/v2\/product_cat?post=1818"},{"taxonomy":"product_tag","embeddable":true,"href":"https:\/\/uj.adatbank.ro\/lexikon\/wp-json\/wp\/v2\/product_tag?post=1818"}],"curies":[{"name":"wp","href":"https:\/\/api.w.org\/{rel}","templated":true}]}}