{"id":18186,"date":"2025-07-16T10:42:36","date_gmt":"2025-07-16T08:42:36","guid":{"rendered":"https:\/\/uj.adatbank.ro\/lexikon\/termek\/petrichevich-horvath-gyorgy-szeplaki\/"},"modified":"2025-07-16T10:42:36","modified_gmt":"2025-07-16T08:42:36","slug":"petrichevich-horvath-gyorgy-szeplaki","status":"publish","type":"product","link":"https:\/\/uj.adatbank.ro\/lexikon\/termek\/petrichevich-horvath-gyorgy-szeplaki\/","title":{"rendered":"PETRICHEVICH-HORV\u00c1TH Gy\u00f6rgy, sz\u00e9plaki"},"content":{"rendered":"<p>? \u2020\u00a01640. jan. 27: z\u00e1gori, sz\u00e9plaki birtokos. \u2013 Feles\u00e9ge bethleni Bethlen Krisztina v\u00e9grendelet\u00e9t Segesv\u00e1ron \u00edrta (1660 m\u00e1rc 16). Gyermekei: Zsigmond, Istv\u00e1n, Margit-Mikes Gy\u00f6rgyn\u00e9, Mikl\u00f3s, Kata. <br \/><strong>Irod.:<\/strong> Erd\u00e9lyi testamentumok; Lukinich<\/br><\/p>\n","protected":false},"excerpt":{"rendered":"<p>? \u2020\u00a01640. jan. 27: z\u00e1gori, sz\u00e9plaki birtokos. \u2013 Feles\u00e9ge bethleni Bethlen Krisztina v\u00e9grendelet\u00e9t Segesv\u00e1ron \u00edrta (1660 m\u00e1rc 16). Gyermekei: Zsigmond, Istv\u00e1n, Margit-Mikes Gy\u00f6rgyn\u00e9, Mikl\u00f3s, Kata. Irod.: Erd\u00e9lyi testamentumok; Lukinich<\/p>\n","protected":false},"featured_media":0,"comment_status":"open","ping_status":"closed","template":"","meta":[],"product_brand":[],"product_cat":[137],"product_tag":[],"class_list":{"0":"post-18186","1":"product","2":"type-product","3":"status-publish","5":"product_cat-maros-megyei-eletrajzi-lexikon","7":"first","8":"instock","9":"shipping-taxable","10":"product-type-simple"},"_links":{"self":[{"href":"https:\/\/uj.adatbank.ro\/lexikon\/wp-json\/wp\/v2\/product\/18186","targetHints":{"allow":["GET"]}}],"collection":[{"href":"https:\/\/uj.adatbank.ro\/lexikon\/wp-json\/wp\/v2\/product"}],"about":[{"href":"https:\/\/uj.adatbank.ro\/lexikon\/wp-json\/wp\/v2\/types\/product"}],"replies":[{"embeddable":true,"href":"https:\/\/uj.adatbank.ro\/lexikon\/wp-json\/wp\/v2\/comments?post=18186"}],"wp:attachment":[{"href":"https:\/\/uj.adatbank.ro\/lexikon\/wp-json\/wp\/v2\/media?parent=18186"}],"wp:term":[{"taxonomy":"product_brand","embeddable":true,"href":"https:\/\/uj.adatbank.ro\/lexikon\/wp-json\/wp\/v2\/product_brand?post=18186"},{"taxonomy":"product_cat","embeddable":true,"href":"https:\/\/uj.adatbank.ro\/lexikon\/wp-json\/wp\/v2\/product_cat?post=18186"},{"taxonomy":"product_tag","embeddable":true,"href":"https:\/\/uj.adatbank.ro\/lexikon\/wp-json\/wp\/v2\/product_tag?post=18186"}],"curies":[{"name":"wp","href":"https:\/\/api.w.org\/{rel}","templated":true}]}}