{"id":18189,"date":"2025-07-16T10:42:41","date_gmt":"2025-07-16T08:42:41","guid":{"rendered":"https:\/\/uj.adatbank.ro\/lexikon\/termek\/petrichevich-horvath-ida-bethlen-miklosne-izidora\/"},"modified":"2025-07-16T10:42:41","modified_gmt":"2025-07-16T08:42:41","slug":"petrichevich-horvath-ida-bethlen-miklosne-izidora","status":"publish","type":"product","link":"https:\/\/uj.adatbank.ro\/lexikon\/termek\/petrichevich-horvath-ida-bethlen-miklosne-izidora\/","title":{"rendered":"PETRICHEVICH-HORV\u00c1TH Ida; Bethlen Mikl\u00f3sn\u00e9; Izid\u00f3ra"},"content":{"rendered":"<p>K\u00fck\u00fcll\u0151sz\u00e9plak, 1836. \u00e1pr. 4., \u2020 B\u00e9cs, 1877. dec. 6.: k\u00f6lt\u0151n\u0151. \u2013 Ferenc (1807\u20131845), \u00e9s cegei Wass Ant\u00f3nia l\u00e1nya, Gr. Bethlen Mikl\u00f3s (1817\u20131900) m. k. honv\u00e9d-husz\u00e1r \u0151rnagy feles\u00e9ge (esk. Kv. 1854. szept. 14). \u2013 L\u00e1nya Sarolta (1855-Marosszrntgy\u00f6rgy, 1905). Az \u00f6tvenes \u00e9vekben t\u00f6bb k\u00f6ltem\u00e9nye jelent meg Izid\u00f3ra n\u00e9ven sz\u00e9pirodalmi lapokban. \u2013 <strong>F. m.:<\/strong> Izid\u00f3ra dalaib\u00f3l (Kv., 1864). <br \/><strong>Irod.:<\/strong> F\u00fcl\u00f6p\u2013Ferencz; Gudenus; H\u00f6lgyek lantja (Pest, 1873); Kempelen, K\u0151v\u00e1ry L\u00e1szl\u00f3 1899; Lukinich; Szinnyei<\/br><\/p>\n","protected":false},"excerpt":{"rendered":"<p>K\u00fck\u00fcll\u0151sz\u00e9plak, 1836. \u00e1pr. 4., \u2020 B\u00e9cs, 1877. dec. 6.: k\u00f6lt\u0151n\u0151. \u2013 Ferenc (1807\u20131845), \u00e9s cegei Wass Ant\u00f3nia l\u00e1nya, Gr. Bethlen Mikl\u00f3s (1817\u20131900) m. k. honv\u00e9d-husz\u00e1r \u0151rnagy feles\u00e9ge (esk. Kv. 1854. szept. 14). \u2013 L\u00e1nya Sarolta (1855-Marosszrntgy\u00f6rgy, 1905). Az \u00f6tvenes \u00e9vekben t\u00f6bb k\u00f6ltem\u00e9nye jelent meg Izid\u00f3ra n\u00e9ven sz\u00e9pirodalmi lapokban. \u2013 F. m.: Izid\u00f3ra dalaib\u00f3l (Kv., 1864). [&hellip;]<\/p>\n","protected":false},"featured_media":0,"comment_status":"open","ping_status":"closed","template":"","meta":[],"product_brand":[],"product_cat":[137],"product_tag":[],"class_list":{"0":"post-18189","1":"product","2":"type-product","3":"status-publish","5":"product_cat-maros-megyei-eletrajzi-lexikon","7":"first","8":"instock","9":"shipping-taxable","10":"product-type-simple"},"_links":{"self":[{"href":"https:\/\/uj.adatbank.ro\/lexikon\/wp-json\/wp\/v2\/product\/18189","targetHints":{"allow":["GET"]}}],"collection":[{"href":"https:\/\/uj.adatbank.ro\/lexikon\/wp-json\/wp\/v2\/product"}],"about":[{"href":"https:\/\/uj.adatbank.ro\/lexikon\/wp-json\/wp\/v2\/types\/product"}],"replies":[{"embeddable":true,"href":"https:\/\/uj.adatbank.ro\/lexikon\/wp-json\/wp\/v2\/comments?post=18189"}],"wp:attachment":[{"href":"https:\/\/uj.adatbank.ro\/lexikon\/wp-json\/wp\/v2\/media?parent=18189"}],"wp:term":[{"taxonomy":"product_brand","embeddable":true,"href":"https:\/\/uj.adatbank.ro\/lexikon\/wp-json\/wp\/v2\/product_brand?post=18189"},{"taxonomy":"product_cat","embeddable":true,"href":"https:\/\/uj.adatbank.ro\/lexikon\/wp-json\/wp\/v2\/product_cat?post=18189"},{"taxonomy":"product_tag","embeddable":true,"href":"https:\/\/uj.adatbank.ro\/lexikon\/wp-json\/wp\/v2\/product_tag?post=18189"}],"curies":[{"name":"wp","href":"https:\/\/api.w.org\/{rel}","templated":true}]}}