{"id":18192,"date":"2025-07-16T10:42:47","date_gmt":"2025-07-16T08:42:47","guid":{"rendered":"https:\/\/uj.adatbank.ro\/lexikon\/termek\/petrichevich-horvath-karoly-szeplaki\/"},"modified":"2025-07-16T10:42:47","modified_gmt":"2025-07-16T08:42:47","slug":"petrichevich-horvath-karoly-szeplaki","status":"publish","type":"product","link":"https:\/\/uj.adatbank.ro\/lexikon\/termek\/petrichevich-horvath-karoly-szeplaki\/","title":{"rendered":"PETRICHEVICH-HORV\u00c1TH K\u00e1roly, sz\u00e9plaki"},"content":{"rendered":"<p>1776. aug. 25., \u2020\u00a0Sz\u00e9plak, 1830. j\u00fan. 15.: als\u00f3ilosvai f\u00f6ldbirtokos, sz\u00ednm\u0171ford\u00edt\u00f3. \u2013P.-H. Ferenc (1732\u20131804) \u00e9s Suky Ter\u00e9zia(\u2020\u00a01779) fia. Feles\u00e9ge: nagybarcsai Barcsay R\u00f3z\u00e1lia (\u2020 1847) (esk\u00fcv\u0151 H\u00e9jjasfalva, 1803. \u00e1pr. 15.). Gyermekei: Ferenc (1807\u20131845), R\u00f3za Kendeffy K\u00e1rolyn\u00e9. Az unit\u00e1rius egyh\u00e1z f\u0151gondnoka volt (1815. j\u00fal. 3.\u201330. j\u00fal. 15.). Nagy mag\u00e1nk\u00f6nyvt\u00e1rt gy\u0171jt\u00f6tt \u00f6ssze melyhez hasonl\u00f3 csak a Teleki S\u00e1muel \u00e9s a Bruckenthal f\u00e9le k\u00f6nyvt\u00e1r volt Erd\u00e9lyben. Kv.-on mint tanul\u00f3 ford\u00edtott sz\u00ednh\u00e1zi darabokat n\u00e9metb\u0151l magyarra, amelyeket t\u00f6bbsz\u00f6r el\u0151adtak. L\u0151rincfalv\u00e1n \u00f6r\u00f6k\u00f6lt ing\u00f3 \u00e9s ingatlan javakat testv\u00e9r\u00e9vel Maurer S\u00e1ndorn\u00e9 Horv\u00e1th Zsuzs\u00e1nn\u00e1val, (Suky Ter\u00e9z juss\u00e1n). Az \u00f6r\u00f6ks\u00e9get k\u00e9pez\u0151 k\u00e9t kuri\u00e1lis helyhez hat \u00e9s f\u00e9l jobb\u00e1gytelek tartozott 12 jobb\u00e1ggyal \u2013 <strong>F. m.:<\/strong> Napl\u00f3ja 1776\u20131808 (Bp., 1941); <strong>ford.:<\/strong> Salisburi Adelaid, Hat\u00e1rzalan bossz\u00fa\u00e1ll\u00e1s, A megb\u00e1ntott j\u00f3 feles\u00e9g vagy J\u00falia \u00e9s Bil\u00e9man, Az aranycsin\u00e1l\u00f3k. <br \/><strong>Irod.:<\/strong> Benk\u0151 Samu; Bicsok-Orb\u00e1n; Boros Gy\u00f6rgy: B\u00e1r\u00f3 Petrichevich-Horv\u00e1th K\u00e1lm\u00e1n \u00e9s el\u0151dei (Cluj-Kv., 1929); Gudenus; Halotti besz\u00e9dek; Kelemen Lajos 2006; K\u0151v\u00e1ry L\u00e1szl\u00f3 1899; Molnos D\u00e1vid: Az igaz ember, \u00e9s annak dits\u0151s\u00e9ge, egy halottibesz\u00e9dben lerajzolva, mellyet sz\u00e9plaki n\u00e9hai m\u00e9lt\u00f3s\u00e1gos Petrity\u00e9vit H. K. Urnak az Erd\u00e9lyi Unit\u00e1ria Ekl\u00e9si\u00e1k` v\u00f3lt f\u0151 cur\u00e1tor\u00e1nak utols\u00f3 tisztess\u00e9gt\u00e9tel\u00e9re (1831); MSZL; Petrichevich Horv\u00e1th Emil: A Mongorovich nemzets\u00e9gbeli Petrichevich csal\u00e1d t\u00f6rt\u00e9nete \u00e9s oklev\u00e9lt\u00e1ra (Bp., 1934\u201341), Sas P\u00e9ter: Kelemen Lajos kiadatlan \u00f6ssze\u00edr\u00e1saib\u00f3l (M\u0171vel\u0151d\u00e9s, 10. sz., 2011.); P\u00e1lffy; Sch\u00f6pflin<\/br><\/p>\n","protected":false},"excerpt":{"rendered":"<p>1776. aug. 25., \u2020\u00a0Sz\u00e9plak, 1830. j\u00fan. 15.: als\u00f3ilosvai f\u00f6ldbirtokos, sz\u00ednm\u0171ford\u00edt\u00f3. \u2013P.-H. Ferenc (1732\u20131804) \u00e9s Suky Ter\u00e9zia(\u2020\u00a01779) fia. Feles\u00e9ge: nagybarcsai Barcsay R\u00f3z\u00e1lia (\u2020 1847) (esk\u00fcv\u0151 H\u00e9jjasfalva, 1803. \u00e1pr. 15.). Gyermekei: Ferenc (1807\u20131845), R\u00f3za Kendeffy K\u00e1rolyn\u00e9. Az unit\u00e1rius egyh\u00e1z f\u0151gondnoka volt (1815. j\u00fal. 3.\u201330. j\u00fal. 15.). Nagy mag\u00e1nk\u00f6nyvt\u00e1rt gy\u0171jt\u00f6tt \u00f6ssze melyhez hasonl\u00f3 csak a Teleki S\u00e1muel \u00e9s [&hellip;]<\/p>\n","protected":false},"featured_media":0,"comment_status":"open","ping_status":"closed","template":"","meta":[],"product_brand":[],"product_cat":[137],"product_tag":[],"class_list":{"0":"post-18192","1":"product","2":"type-product","3":"status-publish","5":"product_cat-maros-megyei-eletrajzi-lexikon","7":"first","8":"instock","9":"shipping-taxable","10":"product-type-simple"},"_links":{"self":[{"href":"https:\/\/uj.adatbank.ro\/lexikon\/wp-json\/wp\/v2\/product\/18192","targetHints":{"allow":["GET"]}}],"collection":[{"href":"https:\/\/uj.adatbank.ro\/lexikon\/wp-json\/wp\/v2\/product"}],"about":[{"href":"https:\/\/uj.adatbank.ro\/lexikon\/wp-json\/wp\/v2\/types\/product"}],"replies":[{"embeddable":true,"href":"https:\/\/uj.adatbank.ro\/lexikon\/wp-json\/wp\/v2\/comments?post=18192"}],"wp:attachment":[{"href":"https:\/\/uj.adatbank.ro\/lexikon\/wp-json\/wp\/v2\/media?parent=18192"}],"wp:term":[{"taxonomy":"product_brand","embeddable":true,"href":"https:\/\/uj.adatbank.ro\/lexikon\/wp-json\/wp\/v2\/product_brand?post=18192"},{"taxonomy":"product_cat","embeddable":true,"href":"https:\/\/uj.adatbank.ro\/lexikon\/wp-json\/wp\/v2\/product_cat?post=18192"},{"taxonomy":"product_tag","embeddable":true,"href":"https:\/\/uj.adatbank.ro\/lexikon\/wp-json\/wp\/v2\/product_tag?post=18192"}],"curies":[{"name":"wp","href":"https:\/\/api.w.org\/{rel}","templated":true}]}}