{"id":18198,"date":"2025-07-16T10:43:01","date_gmt":"2025-07-16T08:43:01","guid":{"rendered":"https:\/\/uj.adatbank.ro\/lexikon\/termek\/petrichevich-horvath-kozma-szeplaki-br\/"},"modified":"2025-07-16T10:43:01","modified_gmt":"2025-07-16T08:43:01","slug":"petrichevich-horvath-kozma-szeplaki-br","status":"publish","type":"product","link":"https:\/\/uj.adatbank.ro\/lexikon\/termek\/petrichevich-horvath-kozma-szeplaki-br\/","title":{"rendered":"PETRICHEVICH-HORV\u00c1TH Kozma, sz\u00e9plaki br."},"content":{"rendered":"<p>Sz\u00e9plak, 1735. \u2020 Nagyszeben 1794. febr. 18.: b\u00e1r\u00f3, ezredes, alt\u00e1bornagy.- Ferenc (1647\u20131699) \u00e9s Balogh Katalin unok\u00e1ja. A M\u00e1ria Ter\u00e9zia rend lovagja, alt\u00e1bornagy, dand\u00e1rparancsnok. A csal\u00e1db\u00f3l els\u0151k\u00e9nt kapott b\u00e1r\u00f3i rangot II. Lip\u00f3tt\u00f3l (1791. m\u00e1j. 16.). Az als\u00f3ilosvai kast\u00e9ly \u00e9p\u00edttet\u0151je a 18. sz. m\u00e1sodik fel\u00e9ben. <br \/><strong>Irod.:<\/strong> Bicsok-Orb\u00e1n; Kempelen; Ol\u00e1h-G\u00e1l Elvira<\/br><\/p>\n","protected":false},"excerpt":{"rendered":"<p>Sz\u00e9plak, 1735. \u2020 Nagyszeben 1794. febr. 18.: b\u00e1r\u00f3, ezredes, alt\u00e1bornagy.- Ferenc (1647\u20131699) \u00e9s Balogh Katalin unok\u00e1ja. A M\u00e1ria Ter\u00e9zia rend lovagja, alt\u00e1bornagy, dand\u00e1rparancsnok. A csal\u00e1db\u00f3l els\u0151k\u00e9nt kapott b\u00e1r\u00f3i rangot II. Lip\u00f3tt\u00f3l (1791. m\u00e1j. 16.). Az als\u00f3ilosvai kast\u00e9ly \u00e9p\u00edttet\u0151je a 18. sz. m\u00e1sodik fel\u00e9ben. Irod.: Bicsok-Orb\u00e1n; Kempelen; Ol\u00e1h-G\u00e1l Elvira<\/p>\n","protected":false},"featured_media":0,"comment_status":"open","ping_status":"closed","template":"","meta":[],"product_brand":[],"product_cat":[137],"product_tag":[],"class_list":{"0":"post-18198","1":"product","2":"type-product","3":"status-publish","5":"product_cat-maros-megyei-eletrajzi-lexikon","7":"first","8":"instock","9":"shipping-taxable","10":"product-type-simple"},"_links":{"self":[{"href":"https:\/\/uj.adatbank.ro\/lexikon\/wp-json\/wp\/v2\/product\/18198","targetHints":{"allow":["GET"]}}],"collection":[{"href":"https:\/\/uj.adatbank.ro\/lexikon\/wp-json\/wp\/v2\/product"}],"about":[{"href":"https:\/\/uj.adatbank.ro\/lexikon\/wp-json\/wp\/v2\/types\/product"}],"replies":[{"embeddable":true,"href":"https:\/\/uj.adatbank.ro\/lexikon\/wp-json\/wp\/v2\/comments?post=18198"}],"wp:attachment":[{"href":"https:\/\/uj.adatbank.ro\/lexikon\/wp-json\/wp\/v2\/media?parent=18198"}],"wp:term":[{"taxonomy":"product_brand","embeddable":true,"href":"https:\/\/uj.adatbank.ro\/lexikon\/wp-json\/wp\/v2\/product_brand?post=18198"},{"taxonomy":"product_cat","embeddable":true,"href":"https:\/\/uj.adatbank.ro\/lexikon\/wp-json\/wp\/v2\/product_cat?post=18198"},{"taxonomy":"product_tag","embeddable":true,"href":"https:\/\/uj.adatbank.ro\/lexikon\/wp-json\/wp\/v2\/product_tag?post=18198"}],"curies":[{"name":"wp","href":"https:\/\/api.w.org\/{rel}","templated":true}]}}