{"id":1820,"date":"2025-06-28T11:54:15","date_gmt":"2025-06-28T09:54:15","guid":{"rendered":"https:\/\/uj.adatbank.ro\/lexikon\/termek\/bacon-therese-%c2%a7\/"},"modified":"2025-06-28T11:54:15","modified_gmt":"2025-06-28T09:54:15","slug":"bacon-therese-%c2%a7","status":"publish","type":"product","link":"https:\/\/uj.adatbank.ro\/lexikon\/termek\/bacon-therese-%c2%a7\/","title":{"rendered":"BACON Therese, \u00a7"},"content":{"rendered":"<p>Segesv\u00e1r, 1824. j\u00fan. 27., \u2020 Segesv\u00e1r, 1911. febr. 3.: a Segesv\u00e1ri N\u0151k\u00e9pz\u0151 Egylet megalap\u00edt\u00f3ja. \u2013 Apja Segesv\u00e1r polg\u00e1rmestere volt. \u2013 Segesv\u00e1ron v\u00e9gzett n\u00e9gy elemi oszt\u00e1lyt, majd autodidakta m\u00f3don k\u00e9pezte mag\u00e1t. Kilenc gyermek anyja volt. K\u00fczd\u00f6tt a n\u0151k politikai \u00e9s t\u00e1rsadalmi egyenjogus\u00e1g\u00e1nak kiv\u00edv\u00e1s\u00e1\u00e9rt; Erfurtban n\u0151egyleti \u00f6sszej\u00f6vetelen vett r\u00e9szt (1890); ett\u0151l kezdve szonoklatokban, folyamodv\u00e1nyokban k\u00f6vetelte az oktat\u00e1si hat\u00f3s\u00e1gokt\u00f3l a n\u0151k megfelel\u0151 iskolai k\u00e9pz\u00e9s\u00e9t. Megalap\u00edtotta Segesv\u00e1ron a N\u0151k\u00e9pz\u00e9si Egyletet (1895), amelynek c\u00e9lja a l\u00e1nyok \u00e9s fi\u00fak oktat\u00e1sbeli egyenrang\u00fas\u00edt\u00e1sa volt. L\u00e9tes\u00edtett egy h\u00e1ztart\u00e1si iskol\u00e1t, intern\u00e1tussal. A Segesv\u00e1ron alap\u00edtott tan\u00edt\u00f3n\u0151k\u00e9pz\u0151 is az \u0151 nev\u00e9hez f\u0171z\u0151dik. <br \/><strong>Irod.:<\/strong> LSS<\/br><\/p>\n","protected":false},"excerpt":{"rendered":"<p>Segesv\u00e1r, 1824. j\u00fan. 27., \u2020 Segesv\u00e1r, 1911. febr. 3.: a Segesv\u00e1ri N\u0151k\u00e9pz\u0151 Egylet megalap\u00edt\u00f3ja. \u2013 Apja Segesv\u00e1r polg\u00e1rmestere volt. \u2013 Segesv\u00e1ron v\u00e9gzett n\u00e9gy elemi oszt\u00e1lyt, majd autodidakta m\u00f3don k\u00e9pezte mag\u00e1t. Kilenc gyermek anyja volt. K\u00fczd\u00f6tt a n\u0151k politikai \u00e9s t\u00e1rsadalmi egyenjogus\u00e1g\u00e1nak kiv\u00edv\u00e1s\u00e1\u00e9rt; Erfurtban n\u0151egyleti \u00f6sszej\u00f6vetelen vett r\u00e9szt (1890); ett\u0151l kezdve szonoklatokban, folyamodv\u00e1nyokban k\u00f6vetelte az oktat\u00e1si [&hellip;]<\/p>\n","protected":false},"featured_media":0,"comment_status":"open","ping_status":"closed","template":"","meta":[],"product_brand":[],"product_cat":[137],"product_tag":[],"class_list":{"0":"post-1820","1":"product","2":"type-product","3":"status-publish","5":"product_cat-maros-megyei-eletrajzi-lexikon","7":"first","8":"instock","9":"shipping-taxable","10":"product-type-simple"},"_links":{"self":[{"href":"https:\/\/uj.adatbank.ro\/lexikon\/wp-json\/wp\/v2\/product\/1820","targetHints":{"allow":["GET"]}}],"collection":[{"href":"https:\/\/uj.adatbank.ro\/lexikon\/wp-json\/wp\/v2\/product"}],"about":[{"href":"https:\/\/uj.adatbank.ro\/lexikon\/wp-json\/wp\/v2\/types\/product"}],"replies":[{"embeddable":true,"href":"https:\/\/uj.adatbank.ro\/lexikon\/wp-json\/wp\/v2\/comments?post=1820"}],"wp:attachment":[{"href":"https:\/\/uj.adatbank.ro\/lexikon\/wp-json\/wp\/v2\/media?parent=1820"}],"wp:term":[{"taxonomy":"product_brand","embeddable":true,"href":"https:\/\/uj.adatbank.ro\/lexikon\/wp-json\/wp\/v2\/product_brand?post=1820"},{"taxonomy":"product_cat","embeddable":true,"href":"https:\/\/uj.adatbank.ro\/lexikon\/wp-json\/wp\/v2\/product_cat?post=1820"},{"taxonomy":"product_tag","embeddable":true,"href":"https:\/\/uj.adatbank.ro\/lexikon\/wp-json\/wp\/v2\/product_tag?post=1820"}],"curies":[{"name":"wp","href":"https:\/\/api.w.org\/{rel}","templated":true}]}}

<p>Segesvár, 1824. jún. 27., † Segesvár, 1911. febr. 3.: a Segesvári Nőképző Egylet megalapítója. – Apja Segesvár polgármestere volt. – Segesváron végzett négy elemi osztályt, majd autodidakta módon képezte magát. Kilenc gyermek anyja volt. Küzdött a nők politikai és társadalmi egyenjoguságának kivívásáért; Erfurtban nőegyleti összejövetelen vett részt (1890); ettől kezdve szonoklatokban, folyamodványokban követelte az oktatási hatóságoktól a nők megfelelő iskolai képzését. Megalapította Segesváron a Nőképzési Egyletet (1895), amelynek célja a lányok és fiúk oktatásbeli egyenrangúsítása volt. Létesített egy háztartási iskolát, internátussal. A Segesváron alapított tanítónőképző is az ő nevéhez fűződik. <br /><strong>Irod.:</strong> LSS</br></p>

<p>Segesvár, 1824. jún. 27., † Segesvár, 1911. febr. 3.: a Segesvári Nőképző Egylet megalapítója. – Apja Segesvár polgármestere volt. – Segesváron végzett négy elemi osztályt, majd autodidakta módon képezte magát. Kilenc gyermek anyja volt. Küzdött a nők politikai és társadalmi egyenjoguságának kivívásáért; Erfurtban nőegyleti összejövetelen vett részt (1890); ettől kezdve szonoklatokban, folyamodványokban követelte az oktatási [&hellip;]</p>
