{"id":1821,"date":"2025-06-28T11:54:18","date_gmt":"2025-06-28T09:54:18","guid":{"rendered":"https:\/\/uj.adatbank.ro\/lexikon\/termek\/bacs-ferenc\/"},"modified":"2025-06-28T11:54:18","modified_gmt":"2025-06-28T09:54:18","slug":"bacs-ferenc","status":"publish","type":"product","link":"https:\/\/uj.adatbank.ro\/lexikon\/termek\/bacs-ferenc\/","title":{"rendered":"B\u00c1CS Ferenc"},"content":{"rendered":"<p>Nagyszeben, 1936. j\u00fan. 19. \u2020\u00a0Bp., 2019. \u00e1pr. 16.: sz\u00ednm\u0171v\u00e9sz. \u2013Egyetemi tanulm\u00e1nyait az orvosi karon Kv.-on kezdte (1957), de v\u00e9g\u00fcl Mv.-en a Szentgy\u00f6rgyi Istv\u00e1n Sz\u00ednm\u0171v\u00e9szeti Int\u00e9zetben fejezte be (1960). A SZISZ tan\u00e1ra (1960\u201375), a mv.-i Nemzeti Sz\u00ednh\u00e1z tagja (1960\u201377). Mo.-ra t\u00e1vozott, a miskolci Nemzeti Sz\u00ednh\u00e1z (1977\u201378), a gy\u0151ri Kisfaludy Sz\u00ednh\u00e1z (1978\u201379), a bp.-i V\u00edgsz\u00ednh\u00e1z (1979\u201387), a J\u00f3zsef Attila Sz\u00ednh\u00e1z a bp.-i V\u00edgsz\u00ednh\u00e1z (1979\u201387), a J\u00f3zsef Attila Sz\u00ednh\u00e1z (1987\u201392), a Nemzeti Sz\u00ednh\u00e1z tagja (1992\u2013). A J\u00e1szai Mari-d\u00edj kit\u00fcntetettje (\u00ed993). Sz\u00ednh\u00e1zi szerepei Mv.-en: Szatyin (Gorkij: \u00c9jjeli mened\u00e9khely); \u00c1d\u00e1m (Mad\u00e1ch: Az ember trag\u00e9di\u00e1ja); Csehov: Ivanov; G\u00f6rgey Arthur (Illy\u00e9s. F\u00e1klyal\u00e1ng); Viktor (Arbuzov: Irkutszki t\u00f6rt\u00e9net); 4. esk\u00fcdt (Rose. Tizenk\u00e9t d\u00fch\u00f6s ember); Newton (D\u00fcrrenmatt: Fizikusok); Macduff (Shakespeare: Macbeth); Benedetto (Shakespeare: Sok h\u0171h\u00f3 semmi\u00e9rt); K\u00e1d\u00e1r P\u00e9ter (M\u00e1rai: Kaland); Boss Finley (Williams. Az ifj\u00fas\u00e1g \u00e9des madara); Rongyszed\u0151 (Giraudoux: Chaillot: bolondja); Praed (Shaw: Warrenn\u00e9 mesters\u00e9ge); Henry Higgins (Lerner-Loewe: My Fair Lady). Film szerepei: M\u00e9nesgazda (1978); Vend\u00e9gek Vadnyugaton (1978, rom\u00e1n), A trombit\u00e1s (1978); Az er\u0151d (1978); Okt\u00f3beri vas\u00e1rnap (1979); Forr\u00f3 mez\u0151k (1979, tv); Vikendszerelem (1978); Egym\u00e1sra n\u00e9zve (1978); Hal\u00e1lt\u00e1nc (1981); D\u00f6gkesely\u0171 (1982); Hetedik \u00e9v (1982); Viaszfigur\u00e1k (1982, tv.); Faustus doktor boldogs\u00e1gos pokolj\u00e1r\u00e1sa (1982, tv.); Viadukt (1982, magyar-amerikai-NSZK); A v\u00f6r\u00f6s gr\u00f3fn\u0151 (1984); Molitor h\u00e1z (1985, tv.); Elysium (1986, magy., NSZK); A v\u00e9delem\u00e9 a sz\u00f3 (1987, tv.); K\u00fcldet\u00e9s Evianba (1988, magy., NSZK tv.); Szigor\u00fa id\u0151k (1988, tv.); Gaudiopolis (1988, tv.); A nemzet \u00f6zvegye (1989, tv.); Isten h\u00e1trafel\u00e9 megy (1990); K\u00e9z kezet mos (1990, tv.); A f\u0151\u00fcgy\u00e9sz feles\u00e9ge (1990, tv.); Szak\u00edts helyettem (1991, tv.); H\u00f6lgyek, urak (1992, tv.); A r\u00e1galom iskol\u00e1ja (1992, tv.); T\u00f6rv\u00e9nytelen (1994); A p\u00e1rduc \u00e9s a g\u00f6d\u00f6lye (1994, tv.); Moh\u00e1cs (1996, tv.); <br \/><strong>Irod.:<\/strong> EMKK 2000; EMKK 2010<\/br><\/p>\n","protected":false},"excerpt":{"rendered":"<p>Nagyszeben, 1936. j\u00fan. 19. \u2020\u00a0Bp., 2019. \u00e1pr. 16.: sz\u00ednm\u0171v\u00e9sz. \u2013Egyetemi tanulm\u00e1nyait az orvosi karon Kv.-on kezdte (1957), de v\u00e9g\u00fcl Mv.-en a Szentgy\u00f6rgyi Istv\u00e1n Sz\u00ednm\u0171v\u00e9szeti Int\u00e9zetben fejezte be (1960). A SZISZ tan\u00e1ra (1960\u201375), a mv.-i Nemzeti Sz\u00ednh\u00e1z tagja (1960\u201377). Mo.-ra t\u00e1vozott, a miskolci Nemzeti Sz\u00ednh\u00e1z (1977\u201378), a gy\u0151ri Kisfaludy Sz\u00ednh\u00e1z (1978\u201379), a bp.-i V\u00edgsz\u00ednh\u00e1z (1979\u201387), a [&hellip;]<\/p>\n","protected":false},"featured_media":0,"comment_status":"open","ping_status":"closed","template":"","meta":[],"product_brand":[],"product_cat":[137],"product_tag":[],"class_list":{"0":"post-1821","1":"product","2":"type-product","3":"status-publish","5":"product_cat-maros-megyei-eletrajzi-lexikon","7":"first","8":"instock","9":"shipping-taxable","10":"product-type-simple"},"_links":{"self":[{"href":"https:\/\/uj.adatbank.ro\/lexikon\/wp-json\/wp\/v2\/product\/1821","targetHints":{"allow":["GET"]}}],"collection":[{"href":"https:\/\/uj.adatbank.ro\/lexikon\/wp-json\/wp\/v2\/product"}],"about":[{"href":"https:\/\/uj.adatbank.ro\/lexikon\/wp-json\/wp\/v2\/types\/product"}],"replies":[{"embeddable":true,"href":"https:\/\/uj.adatbank.ro\/lexikon\/wp-json\/wp\/v2\/comments?post=1821"}],"wp:attachment":[{"href":"https:\/\/uj.adatbank.ro\/lexikon\/wp-json\/wp\/v2\/media?parent=1821"}],"wp:term":[{"taxonomy":"product_brand","embeddable":true,"href":"https:\/\/uj.adatbank.ro\/lexikon\/wp-json\/wp\/v2\/product_brand?post=1821"},{"taxonomy":"product_cat","embeddable":true,"href":"https:\/\/uj.adatbank.ro\/lexikon\/wp-json\/wp\/v2\/product_cat?post=1821"},{"taxonomy":"product_tag","embeddable":true,"href":"https:\/\/uj.adatbank.ro\/lexikon\/wp-json\/wp\/v2\/product_tag?post=1821"}],"curies":[{"name":"wp","href":"https:\/\/api.w.org\/{rel}","templated":true}]}}