{"id":18217,"date":"2025-07-16T10:43:45","date_gmt":"2025-07-16T08:43:45","guid":{"rendered":"https:\/\/uj.adatbank.ro\/lexikon\/termek\/petrichevich-horvath-zsuzsanna-szeplaki-bethlen-samuelne\/"},"modified":"2025-07-16T10:43:45","modified_gmt":"2025-07-16T08:43:45","slug":"petrichevich-horvath-zsuzsanna-szeplaki-bethlen-samuelne","status":"publish","type":"product","link":"https:\/\/uj.adatbank.ro\/lexikon\/termek\/petrichevich-horvath-zsuzsanna-szeplaki-bethlen-samuelne\/","title":{"rendered":"PETRICHEVICH-HORV\u00c1TH Zsuzsanna, sz\u00e9plaki; Bethlen S\u00e1mueln\u00e9"},"content":{"rendered":"<p>? \u2020 Sz\u00e9plak 1747. j\u00fan. 30.: birtokos. \u2013 F\u00e9rje bethleni gr\u00f3f Bethlen S\u00e1muel (esk. 1744. XI\/4.). L\u00e1nya Katalin.<br \/><strong>Irod.:<\/strong> Kempelen; Lukinich; P\u00e1lmay<\/br><\/p>\n","protected":false},"excerpt":{"rendered":"<p>? \u2020 Sz\u00e9plak 1747. j\u00fan. 30.: birtokos. \u2013 F\u00e9rje bethleni gr\u00f3f Bethlen S\u00e1muel (esk. 1744. XI\/4.). L\u00e1nya Katalin.Irod.: Kempelen; Lukinich; P\u00e1lmay<\/p>\n","protected":false},"featured_media":0,"comment_status":"open","ping_status":"closed","template":"","meta":[],"product_brand":[],"product_cat":[137],"product_tag":[],"class_list":{"0":"post-18217","1":"product","2":"type-product","3":"status-publish","5":"product_cat-maros-megyei-eletrajzi-lexikon","7":"first","8":"instock","9":"shipping-taxable","10":"product-type-simple"},"_links":{"self":[{"href":"https:\/\/uj.adatbank.ro\/lexikon\/wp-json\/wp\/v2\/product\/18217","targetHints":{"allow":["GET"]}}],"collection":[{"href":"https:\/\/uj.adatbank.ro\/lexikon\/wp-json\/wp\/v2\/product"}],"about":[{"href":"https:\/\/uj.adatbank.ro\/lexikon\/wp-json\/wp\/v2\/types\/product"}],"replies":[{"embeddable":true,"href":"https:\/\/uj.adatbank.ro\/lexikon\/wp-json\/wp\/v2\/comments?post=18217"}],"wp:attachment":[{"href":"https:\/\/uj.adatbank.ro\/lexikon\/wp-json\/wp\/v2\/media?parent=18217"}],"wp:term":[{"taxonomy":"product_brand","embeddable":true,"href":"https:\/\/uj.adatbank.ro\/lexikon\/wp-json\/wp\/v2\/product_brand?post=18217"},{"taxonomy":"product_cat","embeddable":true,"href":"https:\/\/uj.adatbank.ro\/lexikon\/wp-json\/wp\/v2\/product_cat?post=18217"},{"taxonomy":"product_tag","embeddable":true,"href":"https:\/\/uj.adatbank.ro\/lexikon\/wp-json\/wp\/v2\/product_tag?post=18217"}],"curies":[{"name":"wp","href":"https:\/\/api.w.org\/{rel}","templated":true}]}}