{"id":18222,"date":"2025-07-16T10:43:54","date_gmt":"2025-07-16T08:43:54","guid":{"rendered":"https:\/\/uj.adatbank.ro\/lexikon\/termek\/petroczy-kata-szidonia-%c2%a7-petroczi-gr-pekry-lorincne-br-petroczi-es-kaszavari\/"},"modified":"2025-07-16T10:43:54","modified_gmt":"2025-07-16T08:43:54","slug":"petroczy-kata-szidonia-%c2%a7-petroczi-gr-pekry-lorincne-br-petroczi-es-kaszavari","status":"publish","type":"product","link":"https:\/\/uj.adatbank.ro\/lexikon\/termek\/petroczy-kata-szidonia-%c2%a7-petroczi-gr-pekry-lorincne-br-petroczi-es-kaszavari\/","title":{"rendered":"PETR\u0150CZY Kata Szid\u00f3nia; \u00a7 Petr\u00f3czi; gr. Pekry L\u0151rincn\u00e9, br., petr\u00f3czi \u00e9s kaszav\u00e1ri"},"content":{"rendered":"<p>Kaszav\u00e1r, 1662. jan.\/febr., \u2020 Beregszentmikl\u00f3s, 1708. okt. 21.: k\u00f6lt\u0151, ford\u00edt\u00f3. \u2013 Br. P. Istv\u00e1n f\u0151\u00far (1865 ut\u00e1n) \u00e9s Th\u00f6k\u00f6ly Erzs\u00e9bet le\u00e1nya, P. Istv\u00e1n kuruc gener\u00e1lis testv\u00e9re, gr. Pekry L\u0151rinc feles\u00e9ge, Th\u00f6k\u00f6ly Imre fejedelem unokatestv\u00e9re. Egyik le\u00e1nyuk Pekry Erzs\u00e9bet. \u2013 Buzg\u00f3 prot. csal\u00e1db\u00f3l sz\u00e1rmazott. Anyja korai ha\u00adl\u00e1la ut\u00e1n Kaszav\u00e1rban mint f\u00e9l\u00e1rva nevelke\u00addett. Miut\u00e1n apja a Zr\u00ednyi-Frangep\u00e1n \u00f6sszeesk\u00fcv\u00e9sben val\u00f3 r\u00e9szv\u00e9tele miatt birtokait elveszette (1670), Erd\u00e9lybe, a Jakussith csa\u00adl\u00e1dhoz menek\u00fclt, a kis Kat\u00e1t Sztrecsenyben, Wessel\u00e9nyi L\u00e1szl\u00f3n\u00e9 v\u00e1r\u00e1ban hagyta, aki a l\u00e1nnyal egy\u00fctt Lengyelo.-ba Gedowba menek\u00fclt (1671). Itt ment f\u00e9rjhez Pekry L\u0151rinchez (1681 j\u00fal.-aug.). Az esk\u00fcv\u0151 ut\u00e1n Lengyelorsz\u00e1gb\u00f3l visszat\u00e9rtek Erd\u00e9lybe. H\u00e1zass\u00e1ga boldogtalan volt, 11 gyermeke k\u00f6z\u00fcl 6 meghalt. H\u00e1zass\u00e1guk els\u0151 \u00e9veiben az \u00f3zdi kast\u00e9lyban \u00e9s a fejedelmi udvarban \u00e9ltek. F\u00e9rj\u00e9t a Th\u00f6k\u00f6ly Imr\u00e9vel fenntartott titkos kapcsolatai miatt elfogt\u00e1k (1686) \u00e9s a nagysze\u00adbeni v\u00e1rb\u00f6rt\u00f6nbe z\u00e1rt\u00e1k, de feles\u00e9ge kieszk\u00f6\u00adz\u00f6lte Apafin\u00e1l, hogy kezess\u00e9g \u00e9s reverz\u00e1lis mellett bocs\u00e1ssa szabadon. Ezut\u00e1n B\u00e9csbe menek\u00fcltek, ahol Pekry \u00e1tt\u00e9rt a kat. hitre, s Lip\u00f3t cs\u00e1sz\u00e1rt\u00f3l el\u0151bb b\u00e1r\u00f3i (1890), majd (1692) gr\u00f3fi ran\u00adgot kapott. Visszat\u00e9rtek Erd\u00e9lybe, kutyafalvi birtokukra (1695\u2013). F\u00e9r\u00adje Feh\u00e9r vm. f\u0151isp\u00e1nja (kb. 1696\u2013), Udvarhelysz\u00e9k f\u0151kapit\u00e1nya volt (1698\u2013). Csatlakozott a R\u00e1k\u00f3czi -szabads\u00e1gharchoz (1703\u2013), ez\u00e9rt megtorl\u00e1sul Rabutin cs\u00e1sz\u00e1ri gene\u00adr\u00e1lis feles\u00e9g\u00e9t \u00e9s \u00f6t le\u00e1ny\u00e1t elfogatta \u00e9s Nagy\u00adszebenben 10 h\u00f3napig tartotta fogva, f\u00e9rje egy cs\u00e1sz\u00e1ri ezredes\u00e9rt cser\u00e9lte ki \u0151ket (1704. nov.\u2013); a fogs\u00e1gban kisebb agyv\u00e9rz\u00e9s is \u00e9rte. A cs\u00e1sz\u00e1ri csapatok el\u0151l Beszterc\u00e9re, majd Moldv\u00e1ba menek\u00fclt (1705\u2013), de ki\u0171z\u00e9\u00ads\u00fck ut\u00e1n visszat\u00e9rt erd\u00e9lyi birtok\u00e1ra, ahonnan az ism\u00e9t el\u0151renyomul\u00f3 cs\u00e1sz\u00e1ri csapatok el\u0151l Husztra menek\u00fclt (1707), ahonnan R\u00e1k\u00f3czi beregszentmikl\u00f3si kast\u00e9ly\u00e1ba k\u00f6lt\u00f6z\u00f6tt (1708 tavasz\u00e1n), s ott halt meg. Verseit kutyfalvi birtokukon \u00e9s az \u00f3zdi kast\u00e9lyban \u00edrta. V\u00e9grendelete (1700. j\u00fal. 20.) \u00e9s 45 verse az \u00f3zdi kast\u00e9lyban maradt fenn, nagyr\u00e9szt saj\u00e1t keze\u00edr\u00e1s\u00e1ban, B. Rad\u00e1k Istv\u00e1nn\u00e9 Rh\u00e9dey Kl\u00e1ra fedezte fel (1864), majd Thaly K\u00e1lm\u00e1n lem\u00e1solta, is\u00admertette s t\u00f6bbs\u00e9g\u00fcket k\u00f6z\u00f6lte \u00e9letrajz\u00e1val egy\u00fctt az Atheneumban (1874). K\u00f6lt\u00e9szet\u00e9nek jellemz\u0151i : k\u00f6lt\u0151i \u00f6ntudat, szem\u00e9lyes \u00e9rzelmek ny\u00edlt megvall\u00e1sa, a n\u00e9pszer\u0171 szerelmi l\u00edra \u00f6tv\u00f6z\u00e9se a barokk f\u0151\u00fari k\u00f6lt\u00e9szet \u00e9rt\u00e9keiivel, k\u00e9sei vall\u00e1sos verseiben a pietizmus k\u00f6z\u00f6ss\u00e9gtudat\u00e1nak megsz\u00f3lal\u00e1sai. Els\u0151 ford\u00edt\u00e1s\u00e1t val\u00f3sz\u00edn\u0171leg f\u00e9rj\u00e9nek katoliz\u00e1l\u00e1sa ihlette, a k\u00f6vetkez\u0151ket a pietizmussal val\u00f3 megismerked\u00e9se. El\u0151szavaikban \u00f6ntudatosan \u00edrt ford\u00edt\u00f3i munk\u00e1j\u00e1r\u00f3l. Petr\u00f4czy Kata Szid\u00f3nia K\u00f6zm\u0171vel\u00f4d\u00e9si Egyes\u00fcletet l\u00e9tes\u00fclt (2001. szept, 22) amelynek c\u00e9lja a helyi n\u00e9phagyom\u00e1nyok feleleven\u00edt\u00e9se. \u2013 <strong>F. m.:<\/strong> A P\u00e1pista Vall\u00e1sra Hajlott Luther\u00e1nusok Lel\u00adkek ismeretinek kinnya (H. n., 1690; J. Arndt: A kereszt neh\u00e9z terhe alatt elb\u00e1gyatt sziveket \u00e9leszt\u0151 j\u00f3 illat\u00fa XII. Liliom. (Kolozsv\u00e1r, 1705; 2. kiad. 1764); J. Arndt: J\u00f3 illattal f\u00fcst\u00f6l\u00adg\u0151 Igaz Sz\u00edv. (L\u0151cse, 1708); <strong>antol\u00f3g.:<\/strong> Thaly K\u00e1lm\u00e1n : Irodalmi \u00e9s m\u0171vel\u0151d\u00e9st\u00f6rt\u00e9neti tanulm\u00e1nyok a R\u00e1k\u00f3czi korb\u00f3l (P. K. Sz. \u00e9lete \u00e9s versei, Bp., 1885); A magyar k\u00f6lt\u00e9szet kincsesh\u00e1za (Bp., 1895); Kuruc k\u00f6lt\u00e9szet (Bp., 1903), A r\u00e9gi magyar k\u00f6lt\u00e9szet remekei (Bp., 1903); A magyar n\u0151 k\u00f6nyve (Bp., 1926); Magyar k\u00f6lt\u0151k (Bp., 1928); Kiad.: P. K. Sz. tulajdon kez\u00e9vel \u00edrt \u00e9nekei. Kiad. Hars\u00e1nyi Istv\u00e1n, Guly\u00e1s J\u00f3zsef: P. K. Sz. ver\u00adsei (Irod.t\u00f6rt. K\u00f6zlm. 1915; M. k\u00f6lt\u0151k, XVII.sz. Bp., 1956); Rozsnyai D\u00e1vid, Koh\u00e1ry Ist\u00adv\u00e1n, P. K. Sz. \u00e9s K\u0151szeghy P\u00e1l versei (R\u00e9gi M. K\u00f6lt\u0151k T\u00e1ra, XVII. sz., 16.). Kiad. Komlovszki Tibor, S. S\u00e1rdi Margit (Bp., 2000); P. K. Sz. k\u00e9z\u00edr\u00e1sos versesk\u00f6nyve. Szerk. Ben\u00e9zik Vil\u00admos (Bp., 2001); <strong>ford.:<\/strong> Katolikus v\u00e1lasz&#8230;, Baltazar Meisner nyom\u00e1n (h.n., 1690); A P\u00e1pista Vall\u00e1sra Hajlott Luther\u00e1nusok Lel\u00adkek ismeretinek kinnya (Johann Friedrich Mayer m\u0171v\u00e9nek ford\u00edt\u00e1sa) (H. n., 1690); J. Arndt: A kereszt neh\u00e9z terhe alatt elb\u00e1gyatt sziveket \u00e9leszt\u0151 j\u00f3 illat\u00fa XII. Liliom. (Kv., 1705; 2. kiad. 1764); J. Arndt: J\u00f3 illattal f\u00fcst\u00f6l\u00adg\u0151 Igaz Sz\u00edv. (L\u0151cse, 1708). <br \/><strong>Irod.:<\/strong> Antalffy Endre: P. K. Sz. \u00e9lete \u00e9s munk\u00e1i (Bp., 1903); Castellum \u00c9rtes\u00edt\u0151 (2000, 3.sz.); Erd\u00e9lyi panteon; Farkas Em\u0151d : Magyaro. nagyasszonyai (Bp., 1911; Ferenczy-Danielik; Gergely R\u00f3za: A h\u0171s\u00e1g k\u00f6lt\u0151asszonya (V. Z., 1983. okt. 22.); Hor\u00e1nyi; Keresztes Gyula: \u00d6r\u00f6ks\u00e9g\u00fcnk 43.: A magyar\u00f3zdi kast\u00e9ly (N\u00fa., 1993. szept. 10.); Kornis Gyula: A magyar m\u0171vel\u0151d\u00e9s eszm\u00e9nyei (Bp., 1927); Kulini Nagy Ben\u0151 : Magyar h\u00f6lgyek \u00e9letrajza (Debrecen, 1861); Lamp\u00e9rth G\u00e9za : Elm\u00falt id\u0151kb\u0151l (Bp., s.a.); Die Litteraturen des Ostens (Paris-Leipzig, 1906); A magyar irodalmom t\u00f6rt\u00e9nete (Bp., 1906\u20131907); Magyaro k\u00f6zgazdas\u00e1gi \u00e9s k\u00f6zm\u0171vel\u0151d\u00e9si \u00e1llapota ezer\u00e9ves fenn\u00e1ll\u00e1sakor&#8230;(Bp., 1897\u201398); MAM\u0170L; Mezey Sarolta: Ki\u00e1ll\u00edt\u00e1s Petr\u0151czy Kata Szid\u00f3nia eml\u00e9k\u00e9re (N\u00fa., 2021. szept. 22.); MIL; Pint\u00e9r; Rimeg \u00d6d\u00f6n: Gr\u00f3f Pekry L\u0151rincn\u00e9, b\u00e1r\u00f3 P. K. Sz. \u00e9le\u00adte \u00e9s k\u00f6lt\u00e9szete (Mv., 1905); RMK; R\u00f3th: Sz\u00fcletett nyelv\u00fcnk\u00f6n; S\u00e1rdi Margit S.: P.K.Sz. k\u00f6lt\u00e9szete (Bp., 1976); Sok sz\u00e9p asszonyi \u00e9let (Bp., 1937); Szaniszl\u00f3; Sz\u00e9pr\u00e9ti: R\u00e9gi \u00e9s \u00faj vil\u00e1g; Szinnyei; Szinnyei J.; Szutorisz Frigyes: A n\u00f6v\u00e9nyvil\u00e1g \u00e9s az ember (Bp., 1905); Testamentum; Thaly K\u00e1lm\u00e1n: Irodalmi \u00e9s m\u0171vel\u0151d\u00e9st\u00f6rt\u00e9neti tanulm\u00e1nyok a R\u00e1k\u00f3czi korb\u00f3l (P. K. Sz. \u00e9lete \u00e9s versei, Bp., 1885); Toldy; \u00daM\u00c9L<\/br><\/p>\n","protected":false},"excerpt":{"rendered":"<p>Kaszav\u00e1r, 1662. jan.\/febr., \u2020 Beregszentmikl\u00f3s, 1708. okt. 21.: k\u00f6lt\u0151, ford\u00edt\u00f3. \u2013 Br. P. Istv\u00e1n f\u0151\u00far (1865 ut\u00e1n) \u00e9s Th\u00f6k\u00f6ly Erzs\u00e9bet le\u00e1nya, P. Istv\u00e1n kuruc gener\u00e1lis testv\u00e9re, gr. Pekry L\u0151rinc feles\u00e9ge, Th\u00f6k\u00f6ly Imre fejedelem unokatestv\u00e9re. Egyik le\u00e1nyuk Pekry Erzs\u00e9bet. \u2013 Buzg\u00f3 prot. csal\u00e1db\u00f3l sz\u00e1rmazott. Anyja korai ha\u00adl\u00e1la ut\u00e1n Kaszav\u00e1rban mint f\u00e9l\u00e1rva nevelke\u00addett. Miut\u00e1n apja a Zr\u00ednyi-Frangep\u00e1n [&hellip;]<\/p>\n","protected":false},"featured_media":0,"comment_status":"open","ping_status":"closed","template":"","meta":[],"product_brand":[],"product_cat":[137],"product_tag":[],"class_list":{"0":"post-18222","1":"product","2":"type-product","3":"status-publish","5":"product_cat-maros-megyei-eletrajzi-lexikon","7":"first","8":"instock","9":"shipping-taxable","10":"product-type-simple"},"_links":{"self":[{"href":"https:\/\/uj.adatbank.ro\/lexikon\/wp-json\/wp\/v2\/product\/18222","targetHints":{"allow":["GET"]}}],"collection":[{"href":"https:\/\/uj.adatbank.ro\/lexikon\/wp-json\/wp\/v2\/product"}],"about":[{"href":"https:\/\/uj.adatbank.ro\/lexikon\/wp-json\/wp\/v2\/types\/product"}],"replies":[{"embeddable":true,"href":"https:\/\/uj.adatbank.ro\/lexikon\/wp-json\/wp\/v2\/comments?post=18222"}],"wp:attachment":[{"href":"https:\/\/uj.adatbank.ro\/lexikon\/wp-json\/wp\/v2\/media?parent=18222"}],"wp:term":[{"taxonomy":"product_brand","embeddable":true,"href":"https:\/\/uj.adatbank.ro\/lexikon\/wp-json\/wp\/v2\/product_brand?post=18222"},{"taxonomy":"product_cat","embeddable":true,"href":"https:\/\/uj.adatbank.ro\/lexikon\/wp-json\/wp\/v2\/product_cat?post=18222"},{"taxonomy":"product_tag","embeddable":true,"href":"https:\/\/uj.adatbank.ro\/lexikon\/wp-json\/wp\/v2\/product_tag?post=18222"}],"curies":[{"name":"wp","href":"https:\/\/api.w.org\/{rel}","templated":true}]}}