{"id":1823,"date":"2025-06-28T11:54:22","date_gmt":"2025-06-28T09:54:22","guid":{"rendered":"https:\/\/uj.adatbank.ro\/lexikon\/termek\/bacsy-tibor\/"},"modified":"2025-06-28T11:54:22","modified_gmt":"2025-06-28T09:54:22","slug":"bacsy-tibor","status":"publish","type":"product","link":"https:\/\/uj.adatbank.ro\/lexikon\/termek\/bacsy-tibor\/","title":{"rendered":"B\u00c1CSY Tibor"},"content":{"rendered":"<p>Mv., 1898. nov. 10., \u2020 Kib\u00e9d, 1984.: tan\u00edt\u00f3-fest\u0151, n\u00e9pm\u0171vel\u0151, tank\u00f6nyv\u00edr\u00f3. \u2013 Zilahon szerzett tan\u00edt\u00f3i okl.-t (1918). R\u00e9szt vett az els\u0151 vh.-ban az orosz fronton harcolt, megsebes\u00fclt. Kit\u00fcntet\u00e9ssel, mint z\u00e1szl\u00f3s szerelt le. Kib\u00e9den tan\u00edtott (1920\u201383), hat \u00e9vig az \u00e1ltal\u00e1nos iskola igazgat\u00f3ja. Vezet\u00e9s\u00e9vel \u00e9s a nyugd\u00edjas \u00e1llami tan\u00edt\u00f3, Imreh Zsigmonddal k\u00f6z\u00f6sen m\u0171k\u00f6d\u00f6tt a kib\u00e9di Gazdak\u00f6r (1930-as \u00e9vekben), termesztettek facsemet\u00e9ket, volt m\u00e9h\u00e9szet\u00fck, voltak ingyen haszn\u00e1lhat\u00f3 gazdas\u00e1gi g\u00e9peik \u00e9s olvas\u00f3k\u00f6r\u00fck, k\u00f6nyvt\u00e1ruk is. A Benedek Elek Cimbora c. lapj\u00e1nak illusztr\u00e1tora, a mv.-i Ellen\u0151r munkat\u00e1rsa volt. Mes\u00e9i jelentek meg a Brass\u00f3i Lapokban \u00e9s a Cimbor\u00e1ban, elbesz\u00e9l\u00e9seit az Erd\u00e9lyi Bar\u00e1zda, humoros egyfelvon\u00e1sosait \u00e9s illusztr\u00e1ci\u00f3it a Sz\u00f6vetkez\u00e9s k\u00f6z\u00f6lte. N\u00e9psz\u00ednm\u0171ve (1931) Az elveszett ember falusi sz\u00ednj\u00e1tsz\u00f3k m\u0171sor\u00e1n szerepelt. \u00cdrt gyermekverseket, mes\u00e9ket, tank\u00f6nyveket \u00e9s Barab\u00e1s Pirosk\u00e1val h\u00e1ztart\u00e1si k\u00f6nyvet. Amat\u0151r fest\u0151, Bern\u00e1gy Gy. Szov\u00e1tai vill\u00e1j\u00e1nak kapuj\u00e1t is lefestette. Csak a fest\u00e9szetnek \u00e9lt (1945\u2013). \u2013 <strong>F. m.:<\/strong> G\u00f6r\u00f6ngy\u00f6k: versek (Dics\u0151szentm\u00e1rton, 1924). <br \/><strong>Irod.:<\/strong> Bereczki K\u00e1roly: Bern\u00e1dy Gy\u00f6rgy csillag\u00e1nak ragyog\u00e1sa: Volt egyszer egy Mv. (Polg\u00e1ri \u00c9let, 2009. jan. 16.); Erd\u00e9lyi ezredek; M\u00fazsa (71. sz., 1992. szept. 4); Bonyha \u00e9s egyh\u00e1za; Kib\u00e9d \u00e9s egyh\u00e1za; R\u00e1duly J\u00e1nos: Sorok a kib\u00e9di Hangya-\u00e9p\u00fcletr\u0151l (N\u00fa., Sz\u00ednes Vil\u00e1g, 2015. febr. 13.); RMIL; Wikipedia<\/br><\/p>\n","protected":false},"excerpt":{"rendered":"<p>Mv., 1898. nov. 10., \u2020 Kib\u00e9d, 1984.: tan\u00edt\u00f3-fest\u0151, n\u00e9pm\u0171vel\u0151, tank\u00f6nyv\u00edr\u00f3. \u2013 Zilahon szerzett tan\u00edt\u00f3i okl.-t (1918). R\u00e9szt vett az els\u0151 vh.-ban az orosz fronton harcolt, megsebes\u00fclt. Kit\u00fcntet\u00e9ssel, mint z\u00e1szl\u00f3s szerelt le. Kib\u00e9den tan\u00edtott (1920\u201383), hat \u00e9vig az \u00e1ltal\u00e1nos iskola igazgat\u00f3ja. Vezet\u00e9s\u00e9vel \u00e9s a nyugd\u00edjas \u00e1llami tan\u00edt\u00f3, Imreh Zsigmonddal k\u00f6z\u00f6sen m\u0171k\u00f6d\u00f6tt a kib\u00e9di Gazdak\u00f6r (1930-as \u00e9vekben), [&hellip;]<\/p>\n","protected":false},"featured_media":0,"comment_status":"open","ping_status":"closed","template":"","meta":[],"product_brand":[],"product_cat":[137],"product_tag":[],"class_list":{"0":"post-1823","1":"product","2":"type-product","3":"status-publish","5":"product_cat-maros-megyei-eletrajzi-lexikon","7":"first","8":"instock","9":"shipping-taxable","10":"product-type-simple"},"_links":{"self":[{"href":"https:\/\/uj.adatbank.ro\/lexikon\/wp-json\/wp\/v2\/product\/1823","targetHints":{"allow":["GET"]}}],"collection":[{"href":"https:\/\/uj.adatbank.ro\/lexikon\/wp-json\/wp\/v2\/product"}],"about":[{"href":"https:\/\/uj.adatbank.ro\/lexikon\/wp-json\/wp\/v2\/types\/product"}],"replies":[{"embeddable":true,"href":"https:\/\/uj.adatbank.ro\/lexikon\/wp-json\/wp\/v2\/comments?post=1823"}],"wp:attachment":[{"href":"https:\/\/uj.adatbank.ro\/lexikon\/wp-json\/wp\/v2\/media?parent=1823"}],"wp:term":[{"taxonomy":"product_brand","embeddable":true,"href":"https:\/\/uj.adatbank.ro\/lexikon\/wp-json\/wp\/v2\/product_brand?post=1823"},{"taxonomy":"product_cat","embeddable":true,"href":"https:\/\/uj.adatbank.ro\/lexikon\/wp-json\/wp\/v2\/product_cat?post=1823"},{"taxonomy":"product_tag","embeddable":true,"href":"https:\/\/uj.adatbank.ro\/lexikon\/wp-json\/wp\/v2\/product_tag?post=1823"}],"curies":[{"name":"wp","href":"https:\/\/api.w.org\/{rel}","templated":true}]}}