{"id":18230,"date":"2025-07-16T10:44:16","date_gmt":"2025-07-16T08:44:16","guid":{"rendered":"https:\/\/uj.adatbank.ro\/lexikon\/termek\/petru-nicolae\/"},"modified":"2025-07-16T10:44:16","modified_gmt":"2025-07-16T08:44:16","slug":"petru-nicolae","status":"publish","type":"product","link":"https:\/\/uj.adatbank.ro\/lexikon\/termek\/petru-nicolae\/","title":{"rendered":"PETRU Nicolae"},"content":{"rendered":"<p>G\u00f6rg\u00e9nyszentimre, 1843. febr. 8., \u2020 G\u00f6rg\u00e9nyszentimre, 1919. febr. 14.: g.kat pap. \u2013 Kv.-on v\u00e9gezte a gimn.-ot \u00e9s \u00e9retts\u00e9gizett (1865). Bal\u00e1zsfalv\u00e1n a teol\u00f3giai szemin\u00e1riumot befejezte (1870). Megn\u0151s\u00fclt. Papp\u00e1 szentelt\u00e9k (1871), Szentmih\u00e1lyon lett gondnok \u00e9s G\u00f6rg\u00e9nyszentimr\u00e9n volt pap (1872. szept. 2.\u20131919). Szolg\u00e1lata idej\u00e9ben \u00e9p\u00fclt a ma is haszn\u00e1latos paroki\u00e1lis h\u00e1z \u00e9s egy oszt. terem a felekezeti iskola r\u00e9sz\u00e9re. <br \/><strong>Irod.:<\/strong> Dobozi; Reghin, Protopopiat; \u0218ematism<\/br><\/p>\n","protected":false},"excerpt":{"rendered":"<p>G\u00f6rg\u00e9nyszentimre, 1843. febr. 8., \u2020 G\u00f6rg\u00e9nyszentimre, 1919. febr. 14.: g.kat pap. \u2013 Kv.-on v\u00e9gezte a gimn.-ot \u00e9s \u00e9retts\u00e9gizett (1865). Bal\u00e1zsfalv\u00e1n a teol\u00f3giai szemin\u00e1riumot befejezte (1870). Megn\u0151s\u00fclt. Papp\u00e1 szentelt\u00e9k (1871), Szentmih\u00e1lyon lett gondnok \u00e9s G\u00f6rg\u00e9nyszentimr\u00e9n volt pap (1872. szept. 2.\u20131919). Szolg\u00e1lata idej\u00e9ben \u00e9p\u00fclt a ma is haszn\u00e1latos paroki\u00e1lis h\u00e1z \u00e9s egy oszt. terem a felekezeti iskola [&hellip;]<\/p>\n","protected":false},"featured_media":0,"comment_status":"open","ping_status":"closed","template":"","meta":[],"product_brand":[],"product_cat":[137],"product_tag":[],"class_list":{"0":"post-18230","1":"product","2":"type-product","3":"status-publish","5":"product_cat-maros-megyei-eletrajzi-lexikon","7":"first","8":"instock","9":"shipping-taxable","10":"product-type-simple"},"_links":{"self":[{"href":"https:\/\/uj.adatbank.ro\/lexikon\/wp-json\/wp\/v2\/product\/18230","targetHints":{"allow":["GET"]}}],"collection":[{"href":"https:\/\/uj.adatbank.ro\/lexikon\/wp-json\/wp\/v2\/product"}],"about":[{"href":"https:\/\/uj.adatbank.ro\/lexikon\/wp-json\/wp\/v2\/types\/product"}],"replies":[{"embeddable":true,"href":"https:\/\/uj.adatbank.ro\/lexikon\/wp-json\/wp\/v2\/comments?post=18230"}],"wp:attachment":[{"href":"https:\/\/uj.adatbank.ro\/lexikon\/wp-json\/wp\/v2\/media?parent=18230"}],"wp:term":[{"taxonomy":"product_brand","embeddable":true,"href":"https:\/\/uj.adatbank.ro\/lexikon\/wp-json\/wp\/v2\/product_brand?post=18230"},{"taxonomy":"product_cat","embeddable":true,"href":"https:\/\/uj.adatbank.ro\/lexikon\/wp-json\/wp\/v2\/product_cat?post=18230"},{"taxonomy":"product_tag","embeddable":true,"href":"https:\/\/uj.adatbank.ro\/lexikon\/wp-json\/wp\/v2\/product_tag?post=18230"}],"curies":[{"name":"wp","href":"https:\/\/api.w.org\/{rel}","templated":true}]}}