{"id":18247,"date":"2025-07-16T10:44:51","date_gmt":"2025-07-16T08:44:51","guid":{"rendered":"https:\/\/uj.adatbank.ro\/lexikon\/termek\/petry-andras\/"},"modified":"2025-07-16T10:44:51","modified_gmt":"2025-07-16T08:44:51","slug":"petry-andras","status":"publish","type":"product","link":"https:\/\/uj.adatbank.ro\/lexikon\/termek\/petry-andras\/","title":{"rendered":"PETRY Andr\u00e1s"},"content":{"rendered":"<p>Mv., ? \u2020\u00a0?: hentes. \u2013 Fiai: Zal\u00e1n Endre \u00e9s P\u00e9ter-P\u00e1l. A h\u00e1bor\u00fa v\u00e9ge Ausztri\u00e1ban tal\u00e1lta, de nem maradt ott, hazaj\u00f6tt sz\u00fcl\u0151v\u00e1ros\u00e1ba mesters\u00e9g\u00e9t folytatni. El\u0151sz\u00f6r fuvarosk\u00e9nt volt k\u00e9nytelen megkeresni kenyer\u00e9t, majd felvett\u00e9k szakm\u00e1j\u00e1ban (1957) a Gostatba, az \u00c1llami Gazdas\u00e1gok boltj\u00e1ba, ahol nyugd\u00edjaz\u00e1s\u00e1ig dolgozott. K\u00e9t fi\u00e1val megalap\u00edtott\u00e1k a Prima Com Kft (1990) kijav\u00edtottak egy r\u00e9gi h\u00e1zat \u00e9s hentes\u00fczemet l\u00e9tes\u00edtettek a cikorgy\u00e1r melletti Maros-h\u00edd k\u00f6zel\u00e9ben. Megnyitott\u00e1k els\u0151 \u00fczlet\u00fcket (1991) a Szentgy\u00f6rgy utc\u00e1ban a R\u00e1k\u00f3czi l\u00e9pcs\u0151n\u00e9l. A Megyei Kereskedelmi Kamara els\u0151 d\u00edjjal t\u00fcntette ki a c\u00e9get ipari tev\u00e9kenys\u00e9g\u00fck\u00e9rt. <br \/><strong>Irod.:<\/strong> Elekes Ferenc: Az \u00e9l\u0151ket f\u00f6ljelentik, ugye? (Erd\u00e9lyi Figyel\u0151, 19\u201320. sz., 1990); Sipos<\/br><\/p>\n","protected":false},"excerpt":{"rendered":"<p>Mv., ? \u2020\u00a0?: hentes. \u2013 Fiai: Zal\u00e1n Endre \u00e9s P\u00e9ter-P\u00e1l. A h\u00e1bor\u00fa v\u00e9ge Ausztri\u00e1ban tal\u00e1lta, de nem maradt ott, hazaj\u00f6tt sz\u00fcl\u0151v\u00e1ros\u00e1ba mesters\u00e9g\u00e9t folytatni. El\u0151sz\u00f6r fuvarosk\u00e9nt volt k\u00e9nytelen megkeresni kenyer\u00e9t, majd felvett\u00e9k szakm\u00e1j\u00e1ban (1957) a Gostatba, az \u00c1llami Gazdas\u00e1gok boltj\u00e1ba, ahol nyugd\u00edjaz\u00e1s\u00e1ig dolgozott. K\u00e9t fi\u00e1val megalap\u00edtott\u00e1k a Prima Com Kft (1990) kijav\u00edtottak egy r\u00e9gi h\u00e1zat \u00e9s [&hellip;]<\/p>\n","protected":false},"featured_media":0,"comment_status":"open","ping_status":"closed","template":"","meta":[],"product_brand":[],"product_cat":[137],"product_tag":[],"class_list":{"0":"post-18247","1":"product","2":"type-product","3":"status-publish","5":"product_cat-maros-megyei-eletrajzi-lexikon","7":"first","8":"instock","9":"shipping-taxable","10":"product-type-simple"},"_links":{"self":[{"href":"https:\/\/uj.adatbank.ro\/lexikon\/wp-json\/wp\/v2\/product\/18247","targetHints":{"allow":["GET"]}}],"collection":[{"href":"https:\/\/uj.adatbank.ro\/lexikon\/wp-json\/wp\/v2\/product"}],"about":[{"href":"https:\/\/uj.adatbank.ro\/lexikon\/wp-json\/wp\/v2\/types\/product"}],"replies":[{"embeddable":true,"href":"https:\/\/uj.adatbank.ro\/lexikon\/wp-json\/wp\/v2\/comments?post=18247"}],"wp:attachment":[{"href":"https:\/\/uj.adatbank.ro\/lexikon\/wp-json\/wp\/v2\/media?parent=18247"}],"wp:term":[{"taxonomy":"product_brand","embeddable":true,"href":"https:\/\/uj.adatbank.ro\/lexikon\/wp-json\/wp\/v2\/product_brand?post=18247"},{"taxonomy":"product_cat","embeddable":true,"href":"https:\/\/uj.adatbank.ro\/lexikon\/wp-json\/wp\/v2\/product_cat?post=18247"},{"taxonomy":"product_tag","embeddable":true,"href":"https:\/\/uj.adatbank.ro\/lexikon\/wp-json\/wp\/v2\/product_tag?post=18247"}],"curies":[{"name":"wp","href":"https:\/\/api.w.org\/{rel}","templated":true}]}}