{"id":18253,"date":"2025-07-16T10:45:03","date_gmt":"2025-07-16T08:45:03","guid":{"rendered":"https:\/\/uj.adatbank.ro\/lexikon\/termek\/petry-zsigmond-%c2%a7\/"},"modified":"2025-07-16T10:45:03","modified_gmt":"2025-07-16T08:45:03","slug":"petry-zsigmond-%c2%a7","status":"publish","type":"product","link":"https:\/\/uj.adatbank.ro\/lexikon\/termek\/petry-zsigmond-%c2%a7\/","title":{"rendered":"PETRY Zsigmond, \u00a7"},"content":{"rendered":"<p>1853., \u2020\u00a0Mv., 1932. j\u00fan. 8.: m\u00e9sz\u00e1ros, v\u00e1llalkoz\u00f3, v\u00e1rosi politikus, birtokos. \u2013 Testv\u00e9re: P. Katalin, id. Enyedi S\u00e1mueln\u00e9. Feles\u00e9ge: Dab\u00f3czy R\u00f3za (186.? \u2013 Mv., 1941. jan. 3.). Gyermekeik: P. Zsigmond (1883\u20131922), feles\u00e9ge P\u00e1ll Erzs\u00e9bet; P. Zal\u00e1n, feles\u00e9ge Gus\u00e1th Erzs\u00e9bet; Zolt\u00e1n (1885\u20131952). P. R\u00f3zsika Schaller \/ Szacsvai Ferencn\u00e9; P. Samu, feles\u00e9ge Szil\u00e1gyi Margit; P. Juci \/ Juliska Frnda K\u00e1rolyn\u00e9. \u2013 Nem volt iskol\u00e1zott ember. Az orsz\u00e1gosan j\u00f3h\u00edr\u0171 Petry f\u00e9le szal\u00e1mi \u00e9s hentes\u00e1r\u00fagy\u00e1rnak alap\u00edt\u00f3ja (1879). N\u00e9pszer\u0171v\u00e9 tette a Ferenc-rendiek temploma melleti hentes\u00fczlet\u00e9t. \u00c1ldozatk\u00e9szs\u00e9ge, k\u00f6z\u00fcgyekben val\u00f3 r\u00e9szv\u00e9tele, a v\u00e1ros vezet\u0151 polg\u00e1rai k\u00f6z\u00e9 emelte. A h\u00e1romtag\u00fa k\u00fcld\u00f6tts\u00e9g egyike, aki a mv.-i t\u00f6rv\u00e9nyhat\u00f3s\u00e1gi jog\u00fa v\u00e1rost Bern\u00e1dy Gy\u00f6rgy, Ger\u00e9b B\u00e9la k\u00e9pvisel\u0151 mellett, k\u00e9pviselte a bp.-i v\u00e9rmez\u0151i \u00fcnneps\u00e9gen az \u00e1llamalap\u00edt\u00e1s 1000. \u00e9vfordul\u00f3j\u00e1n (1896). Az akkori K\u00e9pes \u00dajs\u00e1g \u00edrt r\u00f3luk \u00e9s k\u00f6z\u00f6lte k\u00e9p\u00fcket. A M\u00e9sz\u00e1ros Egyes\u00fcletet alap\u00edt\u00f3ja. A Mo.-i Munk\u00e1sok Rokkant Nyugd\u00edjegylete mv.-i fi\u00f3kp\u00e9nzt\u00e1r\u00e1nak alap\u00edt\u00f3 tagja, eln\u00f6ke (1893). A f\u00fcggetlens\u00e9gi \u00e9s 48- as p\u00e1rt helyi eln\u00f6ke (1908\u201310, 1913). A mv.-i II. v\u00e1laszt\u00f3ker\u00fclet k\u00e9pvisel\u0151 jel\u00f6ltje (1910). A Kereskedelmi \u00e9s Iparkamara aleln\u00f6ke (\u20131910). V\u00e1llalat\u00e1t fiai tov\u00e1bb fejlesztett\u00e9k. Lemondott minden tiszts\u00e9g\u00e9r\u0151l, elk\u00f6lt\u00f6z\u00f6tt Mv.-r\u0151l \u00e9s a kolozsborsai b\u00e9relt birtok\u00e1n sz\u00e1nd\u00e9kozott gazd\u00e1lkodni (1913). Az imp\u00e9rium v\u00e1ltoz\u00e1s ut\u00e1n (1919) \u00fajb\u00f3l Mv.-en politiz\u00e1lt. Bern\u00e1dy ellenfele volt, csak az 1926-os kamp\u00e1ny idej\u00e9n b\u00e9k\u00fclt ki nyilv\u00e1nosan a k\u00e9t politikus \u00e9s r\u00e9szt vett az OMP \u00e9s a Liber\u00e1lis P\u00e1rt k\u00f6z\u00f6s jel\u0151lt list\u00e1j\u00e1n. A v\u00e1rosi tan\u00e1cs koreln\u00f6ke, felsz\u00f3l\u00edtotta Dandeat hogy adja \u00e1t a v\u00e1ros vezet\u00e9s\u00e9t (1926). Az OMP helyi tagozata int\u00e9z\u0151 bizotts\u00e1g\u00e1nak tagja (1927), szerepel a M. Polg\u00e1ri Demokrata Blokk jel\u0151ltjeinek list\u00e1j\u00e1n, eln\u00f6ke a Blokknak \u00e9s Kassai Imre a f\u0151titk\u00e1r (1930. m\u00e1rc.). Megmaradt d\u00edszes l\u00f3szersz\u00e1mait, unok\u00e1ja Andr\u00e1s \u0151rzi Mv.-en. <br \/><strong>Irod.:<\/strong> Bern\u00e1dy; Gy\u00e1szjelent\u0151; Hipper S\u00e1ndor: A Mo.-i Munk\u00e1sok Rokkant \u00e9s Nyugd\u00edjegylet\u00e9nek huszon\u00f6t\u00e9ves t\u00f6rt\u00e9nete (Bp., 1918); Id\u0151t\u00e1r 2; Id\u0151t\u00e1r 3; K\u00e1d\u00e1r Lajos: Ki volt Petry Zsigmond? (N\u00fa., Sz\u00ednes Vil\u00e1g, 2008. \u00e1pr. 26.); Mv.-i ref. temet\u0151; \u00d6kr\u00f6s; Sipos<\/br><\/p>\n","protected":false},"excerpt":{"rendered":"<p>1853., \u2020\u00a0Mv., 1932. j\u00fan. 8.: m\u00e9sz\u00e1ros, v\u00e1llalkoz\u00f3, v\u00e1rosi politikus, birtokos. \u2013 Testv\u00e9re: P. Katalin, id. Enyedi S\u00e1mueln\u00e9. Feles\u00e9ge: Dab\u00f3czy R\u00f3za (186.? \u2013 Mv., 1941. jan. 3.). Gyermekeik: P. Zsigmond (1883\u20131922), feles\u00e9ge P\u00e1ll Erzs\u00e9bet; P. Zal\u00e1n, feles\u00e9ge Gus\u00e1th Erzs\u00e9bet; Zolt\u00e1n (1885\u20131952). P. R\u00f3zsika Schaller \/ Szacsvai Ferencn\u00e9; P. Samu, feles\u00e9ge Szil\u00e1gyi Margit; P. Juci \/ Juliska [&hellip;]<\/p>\n","protected":false},"featured_media":0,"comment_status":"open","ping_status":"closed","template":"","meta":[],"product_brand":[],"product_cat":[137],"product_tag":[],"class_list":{"0":"post-18253","1":"product","2":"type-product","3":"status-publish","5":"product_cat-maros-megyei-eletrajzi-lexikon","7":"first","8":"instock","9":"shipping-taxable","10":"product-type-simple"},"_links":{"self":[{"href":"https:\/\/uj.adatbank.ro\/lexikon\/wp-json\/wp\/v2\/product\/18253","targetHints":{"allow":["GET"]}}],"collection":[{"href":"https:\/\/uj.adatbank.ro\/lexikon\/wp-json\/wp\/v2\/product"}],"about":[{"href":"https:\/\/uj.adatbank.ro\/lexikon\/wp-json\/wp\/v2\/types\/product"}],"replies":[{"embeddable":true,"href":"https:\/\/uj.adatbank.ro\/lexikon\/wp-json\/wp\/v2\/comments?post=18253"}],"wp:attachment":[{"href":"https:\/\/uj.adatbank.ro\/lexikon\/wp-json\/wp\/v2\/media?parent=18253"}],"wp:term":[{"taxonomy":"product_brand","embeddable":true,"href":"https:\/\/uj.adatbank.ro\/lexikon\/wp-json\/wp\/v2\/product_brand?post=18253"},{"taxonomy":"product_cat","embeddable":true,"href":"https:\/\/uj.adatbank.ro\/lexikon\/wp-json\/wp\/v2\/product_cat?post=18253"},{"taxonomy":"product_tag","embeddable":true,"href":"https:\/\/uj.adatbank.ro\/lexikon\/wp-json\/wp\/v2\/product_tag?post=18253"}],"curies":[{"name":"wp","href":"https:\/\/api.w.org\/{rel}","templated":true}]}}