{"id":18263,"date":"2025-07-16T10:45:27","date_gmt":"2025-07-16T08:45:27","guid":{"rendered":"https:\/\/uj.adatbank.ro\/lexikon\/termek\/petz-jozsef-%c2%a7\/"},"modified":"2025-07-16T10:45:27","modified_gmt":"2025-07-16T08:45:27","slug":"petz-jozsef-%c2%a7","status":"publish","type":"product","link":"https:\/\/uj.adatbank.ro\/lexikon\/termek\/petz-jozsef-%c2%a7\/","title":{"rendered":"PETZ J\u00f3zsef, \u00a7"},"content":{"rendered":"<p>Brass\u00f3, 1931. dec. 6., \u2020 Mv., 1999. dec. 7.: m\u00e9rn\u00f6k, amat\u0151r k\u00e9pz\u0151m\u0171v\u00e9sz. \u2013 Csal\u00e1dja sv\u00e1b sz\u00e1rmaz\u00e1s\u00fa. Zilahon v\u00e9gezte az elemi iskol\u00e1t \u00e9s a kat. fi\u00fa gimn.-ot. Egy \u00e9vet v\u00e9gzett a mat.-fizika szakon a kv.-i Bolyai TE-men (1952), majd a temesv\u00e1ri \u00e9pit\u00e9szm\u00e9rn\u00f6ki politehnika hidrotehnika szak\u00e1n szerezett diplom\u00e1t (1953\u201358). Munkahelyei: a segesv\u00e1ri \u00e9p\u00edt\u00e9szeti tr\u00f6szt (1958\u201359), a mez\u0151gazdas\u00e1gi bank (1959), t\u00f6bb tervez\u0151 \u00e9s kivitelez\u0151 int\u00e9zet (1959\u201379), az IPJ (1979\u201390), az AZOMURE\u015e tervez\u0151 irod\u00e1ja (1993\u201395), a mag\u00e1nszektor. T\u00f6bb \u00faj\u00edt\u00e1sa volt az \u00e9p\u00edt\u0151iparban. Tervezett mikro v\u00edzier\u00f6m\u0171vet, foglalkoztatta a megj\u00fal\u00f3, nem konvencion\u00e1lis energia forr\u00e1sok kiakn\u00e1z\u00e1sa, a biog\u00e1z, napenergia. Tan\u00edtott az \u00e9p\u00edt\u00e9szeti technikumban. Amat\u0151r k\u00e9pz\u0151m\u0171v\u00e9szk\u00e9nt kaligr\u00e1fia- \u00e9s grafika volt a kedvenc alkot\u00f3 ter\u00fclete. <br \/><strong>Irod.:<\/strong> csal\u00e1di inf.; Nekrol\u00f3g (N\u00fa., 1999. dec. 9.)<\/br><\/p>\n","protected":false},"excerpt":{"rendered":"<p>Brass\u00f3, 1931. dec. 6., \u2020 Mv., 1999. dec. 7.: m\u00e9rn\u00f6k, amat\u0151r k\u00e9pz\u0151m\u0171v\u00e9sz. \u2013 Csal\u00e1dja sv\u00e1b sz\u00e1rmaz\u00e1s\u00fa. Zilahon v\u00e9gezte az elemi iskol\u00e1t \u00e9s a kat. fi\u00fa gimn.-ot. Egy \u00e9vet v\u00e9gzett a mat.-fizika szakon a kv.-i Bolyai TE-men (1952), majd a temesv\u00e1ri \u00e9pit\u00e9szm\u00e9rn\u00f6ki politehnika hidrotehnika szak\u00e1n szerezett diplom\u00e1t (1953\u201358). Munkahelyei: a segesv\u00e1ri \u00e9p\u00edt\u00e9szeti tr\u00f6szt (1958\u201359), a mez\u0151gazdas\u00e1gi [&hellip;]<\/p>\n","protected":false},"featured_media":0,"comment_status":"open","ping_status":"closed","template":"","meta":[],"product_brand":[],"product_cat":[137],"product_tag":[],"class_list":{"0":"post-18263","1":"product","2":"type-product","3":"status-publish","5":"product_cat-maros-megyei-eletrajzi-lexikon","7":"first","8":"instock","9":"shipping-taxable","10":"product-type-simple"},"_links":{"self":[{"href":"https:\/\/uj.adatbank.ro\/lexikon\/wp-json\/wp\/v2\/product\/18263","targetHints":{"allow":["GET"]}}],"collection":[{"href":"https:\/\/uj.adatbank.ro\/lexikon\/wp-json\/wp\/v2\/product"}],"about":[{"href":"https:\/\/uj.adatbank.ro\/lexikon\/wp-json\/wp\/v2\/types\/product"}],"replies":[{"embeddable":true,"href":"https:\/\/uj.adatbank.ro\/lexikon\/wp-json\/wp\/v2\/comments?post=18263"}],"wp:attachment":[{"href":"https:\/\/uj.adatbank.ro\/lexikon\/wp-json\/wp\/v2\/media?parent=18263"}],"wp:term":[{"taxonomy":"product_brand","embeddable":true,"href":"https:\/\/uj.adatbank.ro\/lexikon\/wp-json\/wp\/v2\/product_brand?post=18263"},{"taxonomy":"product_cat","embeddable":true,"href":"https:\/\/uj.adatbank.ro\/lexikon\/wp-json\/wp\/v2\/product_cat?post=18263"},{"taxonomy":"product_tag","embeddable":true,"href":"https:\/\/uj.adatbank.ro\/lexikon\/wp-json\/wp\/v2\/product_tag?post=18263"}],"curies":[{"name":"wp","href":"https:\/\/api.w.org\/{rel}","templated":true}]}}