{"id":1829,"date":"2025-06-28T11:54:34","date_gmt":"2025-06-28T09:54:34","guid":{"rendered":"https:\/\/uj.adatbank.ro\/lexikon\/termek\/badea-anton-%c2%a7\/"},"modified":"2025-06-28T11:54:34","modified_gmt":"2025-06-28T09:54:34","slug":"badea-anton-%c2%a7","status":"publish","type":"product","link":"https:\/\/uj.adatbank.ro\/lexikon\/termek\/badea-anton-%c2%a7\/","title":{"rendered":"BADEA Anton, \u00a7"},"content":{"rendered":"<p>Buk., 1931. j\u00fan. 23., \u2020 Sz\u00e1szr\u00e9gen, 1993.: etnogr\u00e1fus, muzeol\u00f3gus. \u2013 A sz\u00e1szr\u00e9geni Etnogr\u00e1fiai M\u00fazeum megalap\u00edt\u00f3ja (1960. jan. 1. \u2013) \u00e9s m\u00fazeol\u00f3gusa (1960. jan. \u201368. jan.; 1974. j\u00fan. \u201379. szept., 1987. szept. \u201389. \u00e1pr.), igazgat\u00f3ja (1968. febr. \u201374. m\u00e1j.; 1979. okt. \u201387. aug.). \u2013 A sz\u00e1szr\u00e9geni Etnogr\u00e1fiai M\u00fazeum megyei sz\u00edntre emelkedett (1970. m\u00e1rc. 16. \u2013). Gy\u0171jt\u0151 utakat tett a Maros- G\u00f6rg\u00e9ny- Lucspatak v\u00f6lgy\u00e9ben, a Kelemen Havasokban \u00e9s a Mez\u0151s\u00e9gen, \u00f6sszegy\u0171jtve a n\u00e9pi mesters\u00e9gek t\u00e1rgyi bizonyit\u00e9kait, n\u00e9pviseletet, sz\u0151tteseket, szok\u00e1sokat, ikonokat. Igy 4300 drb.-b\u00f3l \u00e1ll\u00f3 gy\u0171jtem\u00e9nyt hozott l\u00e9tre, amelyb\u0151l \u00e1lland\u00f3 \u00e9s id\u0151szaki ki\u00e1ll\u00edt\u00e1sokat rendezett: G\u00f6rg\u00e9nyv\u00f6lgyi n\u00e9pm\u0171v\u00e9szet (1966); N\u00e9pi szersz\u00e1mok \u00e9s technik\u00e1k a Maros v\u00f6lgy\u00e9ben \u00e9s az Erd\u00e9lyi Mez\u0151s\u00e9gen (1972); A fa m\u0171v\u00e9szete (1975); Hagyom\u00e1nyos szok\u00e1sok a Maros ment\u00e9n \u00e9s a Mez\u0151s\u00e9gen (1977); N\u00e9pi \u00e9p\u00edt\u00e9szet a Fels\u0151-Maros \u00e9s Mez\u0151s\u00e9g vid\u00e9k\u00e9n (1980); A sz\u0171csm\u0171v\u00e9szet (1981); K\u00e9pek a p\u00e1sztorkod\u00e1s \u00e9s a m\u00e9h\u00e9szet k\u00f6r\u00e9b\u0151l (1984); A n\u00e9pi disz\u00edt\u0151m\u0171v\u00e9szet (1989). Gazdag etnogr\u00e1fiai feljegyz\u00e9seket, f\u00e9nyk\u00e9peket \u00e9s rajzokat hagyott h\u00e1tra. Tudom\u00e1nyos munk\u00e1i jelentek meg a Terra nostra, Cibinium, Marisia c. etnogr\u00e1fiai foly\u00f3iratokban. Jelent\u0151s volt az etnogr\u00e1fiai filmez\u00e9s ter\u00fclet\u00e9n v\u00e9gzett munk\u00e1ja 66 filme maradt melyek 23 t\u00e9m\u00e1t \u00f6leltek fel. \u00c9rdemei elismer\u00e9sek\u00e9nt post mortem R\u00e9gen V\u00e1ros D\u00edszpolg\u00e1ra c.-mel t\u00fcntett\u00e9k ki (1998). A sz\u00e1szr\u00e9geni Anton Badea N\u00e9prajzi M\u00fazeum viseli a nev\u00e9t (2010. okt. \u2013). <br \/><strong>Irod.:<\/strong> F\u00e1bi\u00e1n Andr\u00e1s: Elnevezt\u00e9k az 50 \u00e9ves sz\u00e1szr\u00e9geni n\u00e9prajzi m\u00fazeumot (V\u00e1s\u00e1rhelyi Ha\u00edrlap, 2010. okt. 13.); Gazeta Reghinului (nr. 10, 1998); Husar; Muzeul etnografic Reghin, 1960\u20132010 (Maria Borzan coord.; Tg. M., 2010.); Profiluri reghinene; Regh. Cult. 4.; Todea 2013<\/br><\/p>\n","protected":false},"excerpt":{"rendered":"<p>Buk., 1931. j\u00fan. 23., \u2020 Sz\u00e1szr\u00e9gen, 1993.: etnogr\u00e1fus, muzeol\u00f3gus. \u2013 A sz\u00e1szr\u00e9geni Etnogr\u00e1fiai M\u00fazeum megalap\u00edt\u00f3ja (1960. jan. 1. \u2013) \u00e9s m\u00fazeol\u00f3gusa (1960. jan. \u201368. jan.; 1974. j\u00fan. \u201379. szept., 1987. szept. \u201389. \u00e1pr.), igazgat\u00f3ja (1968. febr. \u201374. m\u00e1j.; 1979. okt. \u201387. aug.). \u2013 A sz\u00e1szr\u00e9geni Etnogr\u00e1fiai M\u00fazeum megyei sz\u00edntre emelkedett (1970. m\u00e1rc. 16. \u2013). Gy\u0171jt\u0151 [&hellip;]<\/p>\n","protected":false},"featured_media":0,"comment_status":"open","ping_status":"closed","template":"","meta":[],"product_brand":[],"product_cat":[137],"product_tag":[],"class_list":{"0":"post-1829","1":"product","2":"type-product","3":"status-publish","5":"product_cat-maros-megyei-eletrajzi-lexikon","7":"first","8":"instock","9":"shipping-taxable","10":"product-type-simple"},"_links":{"self":[{"href":"https:\/\/uj.adatbank.ro\/lexikon\/wp-json\/wp\/v2\/product\/1829","targetHints":{"allow":["GET"]}}],"collection":[{"href":"https:\/\/uj.adatbank.ro\/lexikon\/wp-json\/wp\/v2\/product"}],"about":[{"href":"https:\/\/uj.adatbank.ro\/lexikon\/wp-json\/wp\/v2\/types\/product"}],"replies":[{"embeddable":true,"href":"https:\/\/uj.adatbank.ro\/lexikon\/wp-json\/wp\/v2\/comments?post=1829"}],"wp:attachment":[{"href":"https:\/\/uj.adatbank.ro\/lexikon\/wp-json\/wp\/v2\/media?parent=1829"}],"wp:term":[{"taxonomy":"product_brand","embeddable":true,"href":"https:\/\/uj.adatbank.ro\/lexikon\/wp-json\/wp\/v2\/product_brand?post=1829"},{"taxonomy":"product_cat","embeddable":true,"href":"https:\/\/uj.adatbank.ro\/lexikon\/wp-json\/wp\/v2\/product_cat?post=1829"},{"taxonomy":"product_tag","embeddable":true,"href":"https:\/\/uj.adatbank.ro\/lexikon\/wp-json\/wp\/v2\/product_tag?post=1829"}],"curies":[{"name":"wp","href":"https:\/\/api.w.org\/{rel}","templated":true}]}}

<p>Buk., 1931. jún. 23., † Szászrégen, 1993.: etnográfus, muzeológus. – A szászrégeni Etnográfiai Múzeum megalapítója (1960. jan. 1. –) és múzeológusa (1960. jan. –68. jan.; 1974. jún. –79. szept., 1987. szept. –89. ápr.), igazgatója (1968. febr. –74. máj.; 1979. okt. –87. aug.). – A szászrégeni Etnográfiai Múzeum megyei színtre emelkedett (1970. márc. 16. –). Gyűjtő utakat tett a Maros- Görgény- Lucspatak völgyében, a Kelemen Havasokban és a Mezőségen, összegyűjtve a népi mesterségek tárgyi bizonyitékait, népviseletet, szőtteseket, szokásokat, ikonokat. Igy 4300 drb.-ból álló gyűjteményt hozott létre, amelyből állandó és időszaki kiállításokat rendezett: Görgényvölgyi népművészet (1966); Népi szerszámok és technikák a Maros völgyében és az Erdélyi Mezőségen (1972); A fa művészete (1975); Hagyományos szokások a Maros mentén és a Mezőségen (1977); Népi építészet a Felső-Maros és Mezőség vidékén (1980); A szűcsművészet (1981); Képek a pásztorkodás és a méhészet köréből (1984); A népi diszítőművészet (1989). Gazdag etnográfiai feljegyzéseket, fényképeket és rajzokat hagyott hátra. Tudományos munkái jelentek meg a Terra nostra, Cibinium, Marisia c. etnográfiai folyóiratokban. Jelentős volt az etnográfiai filmezés területén végzett munkája 66 filme maradt melyek 23 témát öleltek fel. Érdemei elismeréseként post mortem Régen Város Díszpolgára c.-mel tüntették ki (1998). A szászrégeni Anton Badea Néprajzi Múzeum viseli a nevét (2010. okt. –). <br /><strong>Irod.:</strong> Fábián András: Elnevezték az 50 éves szászrégeni néprajzi múzeumot (Vásárhelyi Haírlap, 2010. okt. 13.); Gazeta Reghinului (nr. 10, 1998); Husar; Muzeul etnografic Reghin, 1960–2010 (Maria Borzan coord.; Tg. M., 2010.); Profiluri reghinene; Regh. Cult. 4.; Todea 2013</br></p>

<p>Buk., 1931. jún. 23., † Szászrégen, 1993.: etnográfus, muzeológus. – A szászrégeni Etnográfiai Múzeum megalapítója (1960. jan. 1. –) és múzeológusa (1960. jan. –68. jan.; 1974. jún. –79. szept., 1987. szept. –89. ápr.), igazgatója (1968. febr. –74. máj.; 1979. okt. –87. aug.). – A szászrégeni Etnográfiai Múzeum megyei színtre emelkedett (1970. márc. 16. –). Gyűjtő [&hellip;]</p>
