{"id":18312,"date":"2025-07-16T10:47:10","date_gmt":"2025-07-16T08:47:10","guid":{"rendered":"https:\/\/uj.adatbank.ro\/lexikon\/termek\/plajer-peter\/"},"modified":"2025-07-16T10:47:10","modified_gmt":"2025-07-16T08:47:10","slug":"plajer-peter","status":"publish","type":"product","link":"https:\/\/uj.adatbank.ro\/lexikon\/termek\/plajer-peter\/","title":{"rendered":"PL\u00c1JER P\u00e9ter"},"content":{"rendered":"<p>Pr\u00e1sm\u00e1r, 1883., \u2020\u00a0? : keresked\u0151, kantinos. \u2013 Sz\u00e1sz csal\u00e1db\u00f3l sz\u00e1rmazott, iskol\u00e1i elv\u00e9gz\u00e9se ut\u00e1n a vend\u00e9gl\u0151sipart tanulta \u00e9s Ny\u00edregyh\u00e1z\u00e1n, Esz\u00e9ken, Brass\u00f3ban \u00e9s Zilahon, Meggyesen, Erzs\u00e9betv\u00e1rosban dolgozott mint \u00f6n\u00e1ll\u00f3, majd Meggyesfalv\u00e1ra ker\u00fclt (1914-(, ahol keresked\u0151 volt \u00e9s a t\u00e9glagy\u00e1ri kantin b\u00e9rl\u0151je is. Az els\u0151 vh.-ban a 2. gy. e. ben az orosz fronton k\u00e9tszer is megsebes\u00fclt.. <br \/><strong>Irod.:<\/strong> Sz\u00e9kelyf\u00f6ld \u00ed.k.<\/br><\/p>\n","protected":false},"excerpt":{"rendered":"<p>Pr\u00e1sm\u00e1r, 1883., \u2020\u00a0? : keresked\u0151, kantinos. \u2013 Sz\u00e1sz csal\u00e1db\u00f3l sz\u00e1rmazott, iskol\u00e1i elv\u00e9gz\u00e9se ut\u00e1n a vend\u00e9gl\u0151sipart tanulta \u00e9s Ny\u00edregyh\u00e1z\u00e1n, Esz\u00e9ken, Brass\u00f3ban \u00e9s Zilahon, Meggyesen, Erzs\u00e9betv\u00e1rosban dolgozott mint \u00f6n\u00e1ll\u00f3, majd Meggyesfalv\u00e1ra ker\u00fclt (1914-(, ahol keresked\u0151 volt \u00e9s a t\u00e9glagy\u00e1ri kantin b\u00e9rl\u0151je is. Az els\u0151 vh.-ban a 2. gy. e. ben az orosz fronton k\u00e9tszer is megsebes\u00fclt.. Irod.: [&hellip;]<\/p>\n","protected":false},"featured_media":0,"comment_status":"open","ping_status":"closed","template":"","meta":[],"product_brand":[],"product_cat":[137],"product_tag":[],"class_list":{"0":"post-18312","1":"product","2":"type-product","3":"status-publish","5":"product_cat-maros-megyei-eletrajzi-lexikon","7":"first","8":"instock","9":"shipping-taxable","10":"product-type-simple"},"_links":{"self":[{"href":"https:\/\/uj.adatbank.ro\/lexikon\/wp-json\/wp\/v2\/product\/18312","targetHints":{"allow":["GET"]}}],"collection":[{"href":"https:\/\/uj.adatbank.ro\/lexikon\/wp-json\/wp\/v2\/product"}],"about":[{"href":"https:\/\/uj.adatbank.ro\/lexikon\/wp-json\/wp\/v2\/types\/product"}],"replies":[{"embeddable":true,"href":"https:\/\/uj.adatbank.ro\/lexikon\/wp-json\/wp\/v2\/comments?post=18312"}],"wp:attachment":[{"href":"https:\/\/uj.adatbank.ro\/lexikon\/wp-json\/wp\/v2\/media?parent=18312"}],"wp:term":[{"taxonomy":"product_brand","embeddable":true,"href":"https:\/\/uj.adatbank.ro\/lexikon\/wp-json\/wp\/v2\/product_brand?post=18312"},{"taxonomy":"product_cat","embeddable":true,"href":"https:\/\/uj.adatbank.ro\/lexikon\/wp-json\/wp\/v2\/product_cat?post=18312"},{"taxonomy":"product_tag","embeddable":true,"href":"https:\/\/uj.adatbank.ro\/lexikon\/wp-json\/wp\/v2\/product_tag?post=18312"}],"curies":[{"name":"wp","href":"https:\/\/api.w.org\/{rel}","templated":true}]}}