{"id":18315,"date":"2025-07-16T10:47:16","date_gmt":"2025-07-16T08:47:16","guid":{"rendered":"https:\/\/uj.adatbank.ro\/lexikon\/termek\/plattner-hermann\/"},"modified":"2025-07-16T10:47:16","modified_gmt":"2025-07-16T08:47:16","slug":"plattner-hermann","status":"publish","type":"product","link":"https:\/\/uj.adatbank.ro\/lexikon\/termek\/plattner-hermann\/","title":{"rendered":"PLATTNER Hermann"},"content":{"rendered":"<p>Sz\u00e1szr\u00e9gen 1885 m\u00e1rc. 11.., \u2020\u00a0Nagyszeben, 1965. jan.: h\u00edrlap\u00edr\u00f3. \u2013 Apja ev. lelk\u00e9sz volt Szelindeken. Nagyszebenben az ev. gimn.-ban \u00e9retts\u00e9gizett, egyetemi tanulm\u00e1nyait J\u00e9n\u00e1ban a Hittud. Egyetem B\u00f6lcs\u00e9sz Kar\u00e1n (1903), Giessenben a Hittud. \u00e9s B\u00f6lcs\u00e9sz Karon (1904\u201305), Berlinben a Hittud. Karon (1907\u20131909) \u00e9s Kv.-on folytatta. A Siebenb\u00fcrgische Deutsches Tageblatt munkat\u00e1rsa (1908\u2013), f\u0151szerkeszt\u0151je (1919\u201339). Lapja az erd\u00e9lyi sz\u00e1szok b\u00e1tor \u00e9s \u0151szinte sz\u00f3sz\u00f3l\u00f3ja volt. Ogy.-i k\u00e9pvisel\u0151 (1930\u201337).A sz\u00e1sz mozgalmakban vezet\u0151 szerepet j\u00e1tszott, a n\u00e9met-sz\u00e1sz n\u00e9pk\u00f6z\u00f6ss\u00e9g nagyszebeni tagozat\u00e1nak aleln\u00f6ke volt. A z Eur\u00f3pai Kissebbs\u00e9gi Liga tagja, tev\u00e9kenys\u00e9get fejtett ki a Dalegylet, a Slarafia, a sz\u00ednh\u00e1zi egyes\u00fclet \u00e9s a vad\u00e1szt\u00e1rsas\u00e1g m\u0171k\u00f6d\u00e9s\u00e9ben. Az els\u0151 vh.-ban t\u00f6bbsz\u00f6r kit\u00fcntett\u00e9k. Berlinben \u00e9lt (1940\u2013), a Rom\u00e1nia \u00fajs\u00e1g tud\u00f3s\u00edt\u00f3ja, majd m\u00e1s \u00fajs\u00e1goknak dolgozott. A Sz\u00e1sz Antifasiszta N\u00e9psz\u00f6vets\u00e9g titk\u00e1ra (1945\u2013), A hazat\u00e9r\u0151kr\u0151l val\u00f3 gondoskod\u00e1s \u00fcgyeit vezette (1946\u201349). A szebeni ev. egyh\u00e1zker\u00fclet \u00fcgyv\u00e9dje (1950\u2013). <br \/><strong>Irod.:<\/strong> Ki kicsoda\u00a0? , Politics and political parties in roumania (London, 1936), Szab\u00f3\u2013Simon\u2013Sz\u00f6gi<\/br><\/p>\n","protected":false},"excerpt":{"rendered":"<p>Sz\u00e1szr\u00e9gen 1885 m\u00e1rc. 11.., \u2020\u00a0Nagyszeben, 1965. jan.: h\u00edrlap\u00edr\u00f3. \u2013 Apja ev. lelk\u00e9sz volt Szelindeken. Nagyszebenben az ev. gimn.-ban \u00e9retts\u00e9gizett, egyetemi tanulm\u00e1nyait J\u00e9n\u00e1ban a Hittud. Egyetem B\u00f6lcs\u00e9sz Kar\u00e1n (1903), Giessenben a Hittud. \u00e9s B\u00f6lcs\u00e9sz Karon (1904\u201305), Berlinben a Hittud. Karon (1907\u20131909) \u00e9s Kv.-on folytatta. A Siebenb\u00fcrgische Deutsches Tageblatt munkat\u00e1rsa (1908\u2013), f\u0151szerkeszt\u0151je (1919\u201339). Lapja az erd\u00e9lyi sz\u00e1szok [&hellip;]<\/p>\n","protected":false},"featured_media":0,"comment_status":"open","ping_status":"closed","template":"","meta":[],"product_brand":[],"product_cat":[137],"product_tag":[],"class_list":{"0":"post-18315","1":"product","2":"type-product","3":"status-publish","5":"product_cat-maros-megyei-eletrajzi-lexikon","7":"first","8":"instock","9":"shipping-taxable","10":"product-type-simple"},"_links":{"self":[{"href":"https:\/\/uj.adatbank.ro\/lexikon\/wp-json\/wp\/v2\/product\/18315","targetHints":{"allow":["GET"]}}],"collection":[{"href":"https:\/\/uj.adatbank.ro\/lexikon\/wp-json\/wp\/v2\/product"}],"about":[{"href":"https:\/\/uj.adatbank.ro\/lexikon\/wp-json\/wp\/v2\/types\/product"}],"replies":[{"embeddable":true,"href":"https:\/\/uj.adatbank.ro\/lexikon\/wp-json\/wp\/v2\/comments?post=18315"}],"wp:attachment":[{"href":"https:\/\/uj.adatbank.ro\/lexikon\/wp-json\/wp\/v2\/media?parent=18315"}],"wp:term":[{"taxonomy":"product_brand","embeddable":true,"href":"https:\/\/uj.adatbank.ro\/lexikon\/wp-json\/wp\/v2\/product_brand?post=18315"},{"taxonomy":"product_cat","embeddable":true,"href":"https:\/\/uj.adatbank.ro\/lexikon\/wp-json\/wp\/v2\/product_cat?post=18315"},{"taxonomy":"product_tag","embeddable":true,"href":"https:\/\/uj.adatbank.ro\/lexikon\/wp-json\/wp\/v2\/product_tag?post=18315"}],"curies":[{"name":"wp","href":"https:\/\/api.w.org\/{rel}","templated":true}]}}