{"id":18326,"date":"2025-07-16T10:47:42","date_gmt":"2025-07-16T08:47:42","guid":{"rendered":"https:\/\/uj.adatbank.ro\/lexikon\/termek\/pluhar-gabor-alneve-gabor-ba\/"},"modified":"2025-07-16T10:47:42","modified_gmt":"2025-07-16T08:47:42","slug":"pluhar-gabor-alneve-gabor-ba","status":"publish","type":"product","link":"https:\/\/uj.adatbank.ro\/lexikon\/termek\/pluhar-gabor-alneve-gabor-ba\/","title":{"rendered":"PLUH\u00c1R G\u00e1bor, \u00e1lneve: G\u00e1bor b\u00e1&#8217;"},"content":{"rendered":"<p>Sz\u00e9kelyudvarhely, 1877. j\u00fan. 11., \u2020 Sz\u00e9kelyudvarhely., 1947. dec. 30.): elbesz\u00e9l\u0151, publicista.- K\u00f6z\u00e9piskol\u00e1it a sz\u00e9kelyudvarhelyi R\u00f3m. Kat. F\u0151gimn\u00e1ziumban v\u00e9gezte (1887\u201396), ut\u00e1na M\u00c1V-tisztvisel\u0151 volt: 1906\u201319 k\u00f6z\u00f6tt Szov\u00e1taf\u00fcrd\u0151 \u00e1llom\u00e1sf\u0151n\u00f6ke (1906\u201319), mint esk\u00fct nem tett \u00e1llami tisztvisel\u0151t, nyugd\u00edjazt\u00e1k. Nyugd\u00edjask\u00e9nt Homor\u00f3df\u00fcrd\u0151 f\u00fcrd\u0151igazgat\u00f3ja; a sz\u00e9kelyudvarhelyi Ipartest\u00fclet titk\u00e1ra (1929\u2013), a Sz\u00e9kely Dalegylet titk\u00e1ra, majd aleln\u00f6ke, az OMP udvarhelyi tagozat\u00e1nak jegyz\u0151je. Elbesz\u00e9l\u00e9sei, publicisztikai \u00edr\u00e1sai, \u201eg\u00f3b\u00e9s\u00e1gai\u201d 1922-t\u0151l jelentek meg a Sz\u00e9kely K\u00f6z\u00e9letben, a kolozsv\u00e1ri Ellenz\u00e9kben. A vak katona c. melodr\u00e1m\u00e1j\u00e1t (1930) udvarhelyi m\u0171kedvel\u0151k t\u00f6bb el\u0151ad\u00e1sban is nagy sikerrel mutatt\u00e1k be. A Sz\u00e9kely Dalegylet vid\u00e9ken c. \u00edr\u00e1sa a Sz\u00e9kelyudvarhelyi Sz\u00e9kely Dalegylet eml\u00e9kk\u00f6nyvecsk\u00e9je (1868\u20131938) c., L\u00e9vai Lajos szerkesztette k\u00f6tetben (Sz\u00e9kelyudvarhely 1939) jelent meg. Lev\u00e9l j\u00f6tt az \u00e9desany\u00e1nak c. verse egyleveles nyomtatv\u00e1nyk\u00e9nt 1940. febru\u00e1r 10-i keltez\u00e9ssel l\u00e1tott napvil\u00e1got. Hagyat\u00e9k\u00e1ban fennmaradt egy Zsuzsi hoppon marad c. \u00edr\u00e1s kefelevonata \u00e9s levelez\u00e9se K\u00f3kai Lajos pesti kiad\u00f3val; a k\u00f6nyv megjelen\u00e9s\u00e9r\u0151l azonban nincs adatunk.A k\u00e9t h\u00e1bor\u00fa k\u00f6z\u00f6tt udvarhelyi m\u0171soros esteken sz\u00edvesen \u00e9s sikerrel konfer\u00e1lt; n\u00e9piesked\u0151 \u00edr\u00e1sait G\u00e1bor b\u00e1&#8217; \u00e1ln\u00e9ven k\u00f6z\u00f6lte. <br \/><strong>Irod.:<\/strong> RMIL<\/br><\/p>\n","protected":false},"excerpt":{"rendered":"<p>Sz\u00e9kelyudvarhely, 1877. j\u00fan. 11., \u2020 Sz\u00e9kelyudvarhely., 1947. dec. 30.): elbesz\u00e9l\u0151, publicista.- K\u00f6z\u00e9piskol\u00e1it a sz\u00e9kelyudvarhelyi R\u00f3m. Kat. F\u0151gimn\u00e1ziumban v\u00e9gezte (1887\u201396), ut\u00e1na M\u00c1V-tisztvisel\u0151 volt: 1906\u201319 k\u00f6z\u00f6tt Szov\u00e1taf\u00fcrd\u0151 \u00e1llom\u00e1sf\u0151n\u00f6ke (1906\u201319), mint esk\u00fct nem tett \u00e1llami tisztvisel\u0151t, nyugd\u00edjazt\u00e1k. Nyugd\u00edjask\u00e9nt Homor\u00f3df\u00fcrd\u0151 f\u00fcrd\u0151igazgat\u00f3ja; a sz\u00e9kelyudvarhelyi Ipartest\u00fclet titk\u00e1ra (1929\u2013), a Sz\u00e9kely Dalegylet titk\u00e1ra, majd aleln\u00f6ke, az OMP udvarhelyi tagozat\u00e1nak jegyz\u0151je. Elbesz\u00e9l\u00e9sei, publicisztikai [&hellip;]<\/p>\n","protected":false},"featured_media":0,"comment_status":"open","ping_status":"closed","template":"","meta":[],"product_brand":[],"product_cat":[137],"product_tag":[],"class_list":{"0":"post-18326","1":"product","2":"type-product","3":"status-publish","5":"product_cat-maros-megyei-eletrajzi-lexikon","7":"first","8":"instock","9":"shipping-taxable","10":"product-type-simple"},"_links":{"self":[{"href":"https:\/\/uj.adatbank.ro\/lexikon\/wp-json\/wp\/v2\/product\/18326","targetHints":{"allow":["GET"]}}],"collection":[{"href":"https:\/\/uj.adatbank.ro\/lexikon\/wp-json\/wp\/v2\/product"}],"about":[{"href":"https:\/\/uj.adatbank.ro\/lexikon\/wp-json\/wp\/v2\/types\/product"}],"replies":[{"embeddable":true,"href":"https:\/\/uj.adatbank.ro\/lexikon\/wp-json\/wp\/v2\/comments?post=18326"}],"wp:attachment":[{"href":"https:\/\/uj.adatbank.ro\/lexikon\/wp-json\/wp\/v2\/media?parent=18326"}],"wp:term":[{"taxonomy":"product_brand","embeddable":true,"href":"https:\/\/uj.adatbank.ro\/lexikon\/wp-json\/wp\/v2\/product_brand?post=18326"},{"taxonomy":"product_cat","embeddable":true,"href":"https:\/\/uj.adatbank.ro\/lexikon\/wp-json\/wp\/v2\/product_cat?post=18326"},{"taxonomy":"product_tag","embeddable":true,"href":"https:\/\/uj.adatbank.ro\/lexikon\/wp-json\/wp\/v2\/product_tag?post=18326"}],"curies":[{"name":"wp","href":"https:\/\/api.w.org\/{rel}","templated":true}]}}